{"id":1204,"date":"2022-08-04T15:17:48","date_gmt":"2022-08-04T19:17:48","guid":{"rendered":"https:\/\/www.upla.cl\/selloeditorial\/?page_id=1204"},"modified":"2025-12-10T12:32:03","modified_gmt":"2025-12-10T15:32:03","slug":"correo","status":"publish","type":"page","link":"https:\/\/www.upla.cl\/selloeditorial\/correo\/","title":{"rendered":"Sello"},"content":{"rendered":"<p>[et_pb_section fb_built=\u00bb1&#8243; _builder_version=\u00bb4.27.5&#8243; _module_preset=\u00bbdefault\u00bb global_colors_info=\u00bb{}\u00bb][et_pb_row _builder_version=\u00bb4.17.6&#8243; _module_preset=\u00bbdefault\u00bb width=\u00bb70%\u00bb custom_padding=\u00bb35px|||||\u00bb global_colors_info=\u00bb{}\u00bb][et_pb_column type=\u00bb4_4&#8243; _builder_version=\u00bb4.17.6&#8243; _module_preset=\u00bbdefault\u00bb global_colors_info=\u00bb{}\u00bb][et_pb_text _builder_version=\u00bb4.17.6&#8243; _module_preset=\u00bbdefault\u00bb global_colors_info=\u00bb{}\u00bb]<\/p>\n<h1>Editorial<\/h1>\n<p>[\/et_pb_text][\/et_pb_column][\/et_pb_row][et_pb_row column_structure=\u00bb1_2,1_2&#8243; _builder_version=\u00bb4.17.6&#8243; _module_preset=\u00bbdefault\u00bb width=\u00bb70%\u00bb global_colors_info=\u00bb{}\u00bb][et_pb_column type=\u00bb1_2&#8243; _builder_version=\u00bb4.17.6&#8243; _module_preset=\u00bbdefault\u00bb global_colors_info=\u00bb{}\u00bb][et_pb_text _builder_version=\u00bb4.22.2&#8243; _module_preset=\u00bbdefault\u00bb global_colors_info=\u00bb{}\u00bb]<\/p>\n<p>En 1995 se funda el sello <strong>Editorial Punt\u00e1ngeles <\/strong>de la Universidad de Playa Ancha, vista la necesidad de estimular la investigaci\u00f3n y difusi\u00f3n en los distintos \u00e1mbitos del saber que se cultivan y ense\u00f1an en la Universidad, la conveniencia de facilitar la difusi\u00f3n de diversas obras relevantes en el campo de la cultura y la necesidad de reforzar la presencia institucional de la Universidad en todo el quehacer cultural, ya sea en el \u00e1mbito cient\u00edfico, art\u00edstico o de cualquier otra \u00edndole, tanto a nivel nacional como internacional. Desde esa fecha ha desarrollado una importante labor de edici\u00f3n que re\u00fane a destacados acad\u00e9micos de la universidad y autores externos.<\/p>\n<p>Desde 2022, la Editorial depende de la <strong>Direcci\u00f3n General de Vinculaci\u00f3n con el Medio<\/strong>, unidad encargada de generar las condiciones para el desarrollo de las m\u00faltiples expresiones de esta funci\u00f3n universitaria. <strong>Los \u00e1mbitos de acci\u00f3n<\/strong> reconocidos por la Universidad junto con los actores territoriales relevantes, est\u00e1n orientados a establecer estrategias institucionales para fortalecerlos, con el fin de contribuir a la calidad de vida y bienestar de las comunidades y sus territorios. Estos \u00e1mbitos abarcan las siguientes \u00e1reas prioritarias, vinculadas estrechamente con el marco de referencia e identitario institucional, la pol\u00edtica p\u00fablica, los ODS de acuerdo con la Agenda de Chile 2030 y la EDR de Valpara\u00edso; no obstante, est\u00e1n en constante revisi\u00f3n y actualizaci\u00f3n: 1. Educaci\u00f3n,<br \/>2. Salud y Bienestar Social, 3. Medio Ambiente, 4. Arte, Cultura y Patrimonio, 5. Emprendimiento y<br \/>6. Liderazgo comunitario y Desarrollo Local (<a href=\"https:\/\/upla.cl\/vinculacion\/politica-vcm\/\" target=\"_blank\" rel=\"noopener\">ver documento Pol\u00edtica Institucional VCM<\/a>).<br \/><b><br \/><\/b><\/p>\n<p><strong>REGLAMENTO DE EDITORIAL PUNT\u00c1NGELES<\/strong><\/p>\n<p>En el a\u00f1o 2023,\u00a0 vista la necesidad de actualizar el funcionamiento de la Editorial se formula un nuevo Reglamento que, en lo principal, establece Comit\u00e9s Editoriales descentralizados, que se generan en las distintas Facultades y\/o Departamentos Disciplinarios, integrados por acad\u00e9micos\/as de las dos m\u00e1s altas jerarqu\u00edas, elegidos por los Consejos de Facultad o en los Consejos de Departamento y nombrados por el Decano\/a mediante resoluci\u00f3n de Facultad.\u00a0<\/p>\n<p><a title=\"Reglamento Editorial Puntangeles\" href=\"https:\/\/drive.google.com\/file\/d\/1ffBtpQ3gYyjPeGymR2BMf92tuI5p_y-0\/view?usp=drive_link\" target=\"_blank\" rel=\"noopener\"><strong>Descargar PDF<\/strong><\/a><\/p>\n<p><strong style=\"font-size: 14px;\">CONTACTO y VENTAS<\/strong><b><\/b><\/p>\n<p>Para consultas y adquisici\u00f3n de libros, escr\u00edbanos en el formulario <br \/>que dejamos a su disposici\u00f3n o bien a <strong><a href=\"mailto:contacto.editorial@upla.cl\">contacto.editorial@upla.cl<\/a><\/strong><\/p>\n<p>Tambi\u00e9n puede seguirnos en<br \/><strong>Instagram:\u00a0 @editorialpuntangeles<\/strong><\/p>\n<p><strong> <\/strong><\/p>\n<p><strong><\/strong><\/p>\n<p>&nbsp;<\/p>\n<p>[\/et_pb_text][\/et_pb_column][et_pb_column type=\u00bb1_2&#8243; _builder_version=\u00bb4.17.6&#8243; _module_preset=\u00bbdefault\u00bb global_colors_info=\u00bb{}\u00bb][et_pb_contact_form email=\u00bbcontacto.editorial@upla.cl\u00bb _builder_version=\u00bb4.17.6&#8243; _module_preset=\u00bbdefault\u00bb _unique_id=\u00bbdf0ca15a-5f4b-4dd4-b23d-3004f792ed57&#8243; custom_margin=\u00bb15px||40px||false|false\u00bb global_colors_info=\u00bb{}\u00bb][et_pb_contact_field field_id=\u00bbNombre\u00bb field_title=\u00bbNombre\u00bb _builder_version=\u00bb4.17.6&#8243; global_colors_info=\u00bb{}\u00bb button_text_size__hover_enabled=\u00bboff\u00bb button_one_text_size__hover_enabled=\u00bboff\u00bb button_two_text_size__hover_enabled=\u00bboff\u00bb button_text_color__hover_enabled=\u00bboff\u00bb button_one_text_color__hover_enabled=\u00bboff\u00bb button_two_text_color__hover_enabled=\u00bboff\u00bb button_border_width__hover_enabled=\u00bboff\u00bb button_one_border_width__hover_enabled=\u00bboff\u00bb button_two_border_width__hover_enabled=\u00bboff\u00bb button_border_color__hover_enabled=\u00bboff\u00bb button_one_border_color__hover_enabled=\u00bboff\u00bb button_two_border_color__hover_enabled=\u00bboff\u00bb button_border_radius__hover_enabled=\u00bboff\u00bb button_one_border_radius__hover_enabled=\u00bboff\u00bb button_two_border_radius__hover_enabled=\u00bboff\u00bb button_letter_spacing__hover_enabled=\u00bboff\u00bb button_one_letter_spacing__hover_enabled=\u00bboff\u00bb button_two_letter_spacing__hover_enabled=\u00bboff\u00bb button_bg_color__hover_enabled=\u00bboff\u00bb button_one_bg_color__hover_enabled=\u00bboff\u00bb button_two_bg_color__hover_enabled=\u00bboff\u00bb][\/et_pb_contact_field][et_pb_contact_field field_id=\u00bbEmail\u00bb field_title=\u00bbDirecci\u00f3n de correo electr\u00f3nico\u00bb field_type=\u00bbemail\u00bb _builder_version=\u00bb4.17.6&#8243; global_colors_info=\u00bb{}\u00bb button_text_size__hover_enabled=\u00bboff\u00bb button_one_text_size__hover_enabled=\u00bboff\u00bb button_two_text_size__hover_enabled=\u00bboff\u00bb button_text_color__hover_enabled=\u00bboff\u00bb button_one_text_color__hover_enabled=\u00bboff\u00bb button_two_text_color__hover_enabled=\u00bboff\u00bb button_border_width__hover_enabled=\u00bboff\u00bb button_one_border_width__hover_enabled=\u00bboff\u00bb button_two_border_width__hover_enabled=\u00bboff\u00bb button_border_color__hover_enabled=\u00bboff\u00bb button_one_border_color__hover_enabled=\u00bboff\u00bb button_two_border_color__hover_enabled=\u00bboff\u00bb button_border_radius__hover_enabled=\u00bboff\u00bb button_one_border_radius__hover_enabled=\u00bboff\u00bb button_two_border_radius__hover_enabled=\u00bboff\u00bb button_letter_spacing__hover_enabled=\u00bboff\u00bb button_one_letter_spacing__hover_enabled=\u00bboff\u00bb button_two_letter_spacing__hover_enabled=\u00bboff\u00bb button_bg_color__hover_enabled=\u00bboff\u00bb button_one_bg_color__hover_enabled=\u00bboff\u00bb button_two_bg_color__hover_enabled=\u00bboff\u00bb][\/et_pb_contact_field][et_pb_contact_field field_id=\u00bbMessage\u00bb field_title=\u00bbMensaje\u00bb field_type=\u00bbtext\u00bb fullwidth_field=\u00bbon\u00bb _builder_version=\u00bb4.16&#8243; global_colors_info=\u00bb{}\u00bb button_text_size__hover_enabled=\u00bboff\u00bb button_one_text_size__hover_enabled=\u00bboff\u00bb button_two_text_size__hover_enabled=\u00bboff\u00bb button_text_color__hover_enabled=\u00bboff\u00bb button_one_text_color__hover_enabled=\u00bboff\u00bb button_two_text_color__hover_enabled=\u00bboff\u00bb button_border_width__hover_enabled=\u00bboff\u00bb button_one_border_width__hover_enabled=\u00bboff\u00bb button_two_border_width__hover_enabled=\u00bboff\u00bb button_border_color__hover_enabled=\u00bboff\u00bb button_one_border_color__hover_enabled=\u00bboff\u00bb button_two_border_color__hover_enabled=\u00bboff\u00bb button_border_radius__hover_enabled=\u00bboff\u00bb button_one_border_radius__hover_enabled=\u00bboff\u00bb button_two_border_radius__hover_enabled=\u00bboff\u00bb button_letter_spacing__hover_enabled=\u00bboff\u00bb button_one_letter_spacing__hover_enabled=\u00bboff\u00bb button_two_letter_spacing__hover_enabled=\u00bboff\u00bb button_bg_color__hover_enabled=\u00bboff\u00bb button_one_bg_color__hover_enabled=\u00bboff\u00bb button_two_bg_color__hover_enabled=\u00bboff\u00bb][\/et_pb_contact_field][\/et_pb_contact_form][et_pb_text _builder_version=\u00bb4.17.6&#8243; _module_preset=\u00bbdefault\u00bb global_colors_info=\u00bb{}\u00bb]<\/p>\n<h3>Seguir en redes sociales:<\/h3>\n<p>[\/et_pb_text][et_pb_social_media_follow _builder_version=\u00bb4.17.6&#8243; _module_preset=\u00bbdefault\u00bb custom_margin=\u00bb||17px||false|false\u00bb global_colors_info=\u00bb{}\u00bb][et_pb_social_media_follow_network social_network=\u00bbinstagram\u00bb url=\u00bbhttps:\/\/www.instagram.com\/editorialpuntangeles\/\u00bb _builder_version=\u00bb4.17.6&#8243; _module_preset=\u00bbdefault\u00bb background_color=\u00bb#ea2c59&#8243; global_colors_info=\u00bb{}\u00bb follow_button=\u00bboff\u00bb url_new_window=\u00bbon\u00bb]instagram[\/et_pb_social_media_follow_network][\/et_pb_social_media_follow][\/et_pb_column][\/et_pb_row][\/et_pb_section]<\/p>\n","protected":false},"excerpt":{"rendered":"<p>EditorialEn 1995 se funda el sello Editorial Punt\u00e1ngeles de la Universidad de Playa Ancha, vista la necesidad de estimular la investigaci\u00f3n y difusi\u00f3n en los distintos \u00e1mbitos del saber que se cultivan y ense\u00f1an en la Universidad, la conveniencia de facilitar la difusi\u00f3n de diversas obras relevantes en el campo de la cultura y la [&hellip;]<\/p>\n","protected":false},"author":2,"featured_media":0,"parent":0,"menu_order":0,"comment_status":"closed","ping_status":"closed","template":"","meta":{"_et_pb_use_builder":"on","_et_pb_old_content":"","_et_gb_content_width":"","footnotes":""},"class_list":["post-1204","page","type-page","status-publish","hentry"],"_links":{"self":[{"href":"https:\/\/www.upla.cl\/selloeditorial\/wp-json\/wp\/v2\/pages\/1204","targetHints":{"allow":["GET"]}}],"collection":[{"href":"https:\/\/www.upla.cl\/selloeditorial\/wp-json\/wp\/v2\/pages"}],"about":[{"href":"https:\/\/www.upla.cl\/selloeditorial\/wp-json\/wp\/v2\/types\/page"}],"author":[{"embeddable":true,"href":"https:\/\/www.upla.cl\/selloeditorial\/wp-json\/wp\/v2\/users\/2"}],"replies":[{"embeddable":true,"href":"https:\/\/www.upla.cl\/selloeditorial\/wp-json\/wp\/v2\/comments?post=1204"}],"version-history":[{"count":17,"href":"https:\/\/www.upla.cl\/selloeditorial\/wp-json\/wp\/v2\/pages\/1204\/revisions"}],"predecessor-version":[{"id":1902,"href":"https:\/\/www.upla.cl\/selloeditorial\/wp-json\/wp\/v2\/pages\/1204\/revisions\/1902"}],"wp:attachment":[{"href":"https:\/\/www.upla.cl\/selloeditorial\/wp-json\/wp\/v2\/media?parent=1204"}],"curies":[{"name":"wp","href":"https:\/\/api.w.org\/{rel}","templated":true}]}}