{"id":815,"date":"2014-10-27T13:21:09","date_gmt":"2014-10-27T16:21:09","guid":{"rendered":"http:\/\/www.upla.cl\/postgrado\/?page_id=815"},"modified":"2016-04-26T16:03:49","modified_gmt":"2016-04-26T20:03:49","slug":"analisis-del-discurso","status":"publish","type":"page","link":"https:\/\/www.upla.cl\/postgrado\/cursos\/analisis-del-discurso\/","title":{"rendered":"An\u00e1lisis del discurso"},"content":{"rendered":"<p>&nbsp;<\/p>\n<p><img loading=\"lazy\" decoding=\"async\" class=\"alignleft size-full wp-image-1427\" src=\"https:\/\/www.upla.cl\/postgrado\/wp-content\/uploads\/2014\/10\/2016_0426_postgrado_curso_lexico.jpg\" alt=\"2016_0426_postgrado_curso_lexico\" width=\"640\" height=\"320\" srcset=\"https:\/\/www.upla.cl\/postgrado\/wp-content\/uploads\/2014\/10\/2016_0426_postgrado_curso_lexico.jpg 640w, https:\/\/www.upla.cl\/postgrado\/wp-content\/uploads\/2014\/10\/2016_0426_postgrado_curso_lexico-300x150.jpg 300w\" sizes=\"(max-width: 640px) 100vw, 640px\" \/><\/p>\n<h3>Curso de postgrado: An\u00e1lisis del discurso<\/h3>\n<h4>Presentaci\u00f3n<\/h4>\n<p>El An\u00e1lisis del Discurso (AD), en tanto su componente pragm\u00e1tico- comunicativo se transforma en un aporte significativo a los estudios en el \u00e1rea de las ciencias sociales y de las humanidades en general. Su campo de acci\u00f3n es amplio y pone en juego el conocimiento de las distintas variantes ling\u00fc\u00edsticas para la comprensi\u00f3n de fen\u00f3menos de interacci\u00f3n social de acuerdo a los prop\u00f3sitos y los roles de los participantes.<\/p>\n<p>En este curso repasaremos su genealog\u00eda, su desarrollo, tal y como se ha constituido en una disciplina que fluct\u00faa entre la psicolog\u00eda social y la ling\u00fc\u00edstica pragm\u00e1tica, con el fin de contribuir al docente y al investigador con las herramientas necesarias para su desarrollo profesional y acad\u00e9mico en este \u00e1mbito. Adem\u00e1s de aportar con una revisi\u00f3n que permita reconocer las diferencias entre AD y An\u00e1lisis Cr\u00edtico del Discurso (ACD) y sus posibilidades en el plano de la investigaci\u00f3n.<\/p>\n<h4>Objetivo<\/h4>\n<p>Analizar\u00a0 las principales herramientas que proporciona el An\u00e1lisis del Discurso a la labor docente e investigativa.<\/p>\n<h4>Plan de Estudios<\/h4>\n\n<table id=\"tablepress-37\" class=\"tablepress tablepress-id-37\">\n<thead>\n<tr class=\"row-1\">\n\t<th class=\"column-1\">Contenidos<\/th>\n<\/tr>\n<\/thead>\n<tbody class=\"row-striping row-hover\">\n<tr class=\"row-2\">\n\t<td class=\"column-1\">- Teor\u00eda de los actos de habla y sem\u00e1ntica.<br \/>\n- La Pragm\u00e1tica y el an\u00e1lisis conversacional.<br \/>\n- Teor\u00eda de la enunciaci\u00f3n y ling\u00fc\u00edstica textual.<br \/>\n- Modelos de producci\u00f3n e interpretaci\u00f3n textual.<br \/>\n- Inferencias e implicaturas en el discurso.<br \/>\n- An\u00e1lisis cr\u00edtico del discurso.<\/td>\n<\/tr>\n<\/tbody>\n<\/table>\n<!-- #tablepress-37 from cache -->\n<h4>Modalidad<\/h4>\n<p>Presencial.<\/p>\n<h4>Requisitos<\/h4>\n<ul>\n<li>Certificado de Licenciatura y\/o T\u00edtulo Profesional.<\/li>\n<li>Curr\u00edculum vitae.<\/li>\n<li>Dos fotos tama\u00f1o carnet, a color, con nombre y RUT.<\/li>\n<li>Fotocopia c\u00e9dula de identidad por ambos lados.<\/li>\n<li>Formulario de Postulaci\u00f3n.<\/li>\n<\/ul>\n<h4>Inicio<\/h4>\n<p>S\u00e1bado 23 de mayo.<\/p>\n<h4>Clases<\/h4>\n<p>S\u00e1bados 23 y 30 de mayo; 6, 13 y 20 de junio 2015 de 09:00 a 18:00 horas en la Casa Central de la Universidad de Playa Ancha.<\/p>\n<h4>Acad\u00e9mico(a)<\/h4>\n<p>Doctora Ivonne Fuentes Rom\u00e1n<br \/>\nDoctora en Ling\u00fc\u00edstica.<\/p>\n<h4>Valor<\/h4>\n<p>Inscripci\u00f3n: $ 20.000.-<br \/>\nArancel: $ 250.000.-<\/p>\n<h4>Inscripciones<\/h4>\n<p>Escuela de Postgrado<br \/>\nCorreo electr\u00f3nico: <a href=\"mailto:escueladepostgrado@upla.cl\">escueladepostgrado@upla.cl<\/a><br \/>\nTel\u00e9fonos: +56 32 2500197 &#8211; +56 32 2624710.<\/p>\n<h4>Notas<\/h4>\n<p>La aprobaci\u00f3n del curso cuenta con certificaci\u00f3n y puede ser convalidado en el Programa de Mag\u00edster en Ling\u00fc\u00edstica de la Universidad de Playa Ancha.<\/p>\n<p>Inicio sujeto a completar cupo m\u00ednimo.<\/p>\n<p><a href=\"https:\/\/www.upla.cl\/postgrado\/wp-content\/uploads\/2014\/10\/2015_0326_postgrado_curso_analisisdiscurso.pdf\" target=\"_blank\">Descarga aqu\u00ed la ficha en formato pdf<\/a><\/p>\n","protected":false},"excerpt":{"rendered":"<p>&nbsp; Curso de postgrado: An\u00e1lisis del discurso Presentaci\u00f3n El An\u00e1lisis del Discurso (AD), en tanto su componente pragm\u00e1tico- comunicativo se transforma en un aporte significativo a los estudios en el \u00e1rea de las ciencias sociales y de las humanidades en general. Su campo de acci\u00f3n es amplio y pone en juego el conocimiento de las [&hellip;]<\/p>\n","protected":false},"author":2,"featured_media":1427,"parent":813,"menu_order":1,"comment_status":"closed","ping_status":"closed","template":"","meta":{"_et_pb_use_builder":"","_et_pb_old_content":"","_et_gb_content_width":"","footnotes":""},"class_list":["post-815","page","type-page","status-publish","has-post-thumbnail","hentry"],"_links":{"self":[{"href":"https:\/\/www.upla.cl\/postgrado\/wp-json\/wp\/v2\/pages\/815","targetHints":{"allow":["GET"]}}],"collection":[{"href":"https:\/\/www.upla.cl\/postgrado\/wp-json\/wp\/v2\/pages"}],"about":[{"href":"https:\/\/www.upla.cl\/postgrado\/wp-json\/wp\/v2\/types\/page"}],"author":[{"embeddable":true,"href":"https:\/\/www.upla.cl\/postgrado\/wp-json\/wp\/v2\/users\/2"}],"replies":[{"embeddable":true,"href":"https:\/\/www.upla.cl\/postgrado\/wp-json\/wp\/v2\/comments?post=815"}],"version-history":[{"count":13,"href":"https:\/\/www.upla.cl\/postgrado\/wp-json\/wp\/v2\/pages\/815\/revisions"}],"predecessor-version":[{"id":1430,"href":"https:\/\/www.upla.cl\/postgrado\/wp-json\/wp\/v2\/pages\/815\/revisions\/1430"}],"up":[{"embeddable":true,"href":"https:\/\/www.upla.cl\/postgrado\/wp-json\/wp\/v2\/pages\/813"}],"wp:featuredmedia":[{"embeddable":true,"href":"https:\/\/www.upla.cl\/postgrado\/wp-json\/wp\/v2\/media\/1427"}],"wp:attachment":[{"href":"https:\/\/www.upla.cl\/postgrado\/wp-json\/wp\/v2\/media?parent=815"}],"curies":[{"name":"wp","href":"https:\/\/api.w.org\/{rel}","templated":true}]}}

Análisis del discurso

<p>&nbsp;</p>
<p><img loading="lazy" decoding="async" class="alignleft size-full wp-image-1427" src="https://www.upla.cl/postgrado/wp-content/uploads/2014/10/2016_0426_postgrado_curso_lexico.jpg" alt="2016_0426_postgrado_curso_lexico" width="640" height="320" srcset="https://www.upla.cl/postgrado/wp-content/uploads/2014/10/2016_0426_postgrado_curso_lexico.jpg 640w, https://www.upla.cl/postgrado/wp-content/uploads/2014/10/2016_0426_postgrado_curso_lexico-300x150.jpg 300w" sizes="(max-width: 640px) 100vw, 640px" /></p>
<h3>Curso de postgrado: Análisis del discurso</h3>
<h4>Presentación</h4>
<p>El Análisis del Discurso (AD), en tanto su componente pragmático- comunicativo se transforma en un aporte significativo a los estudios en el área de las ciencias sociales y de las humanidades en general. Su campo de acción es amplio y pone en juego el conocimiento de las distintas variantes lingüísticas para la comprensión de fenómenos de interacción social de acuerdo a los propósitos y los roles de los participantes.</p>
<p>En este curso repasaremos su genealogía, su desarrollo, tal y como se ha constituido en una disciplina que fluctúa entre la psicología social y la lingüística pragmática, con el fin de contribuir al docente y al investigador con las herramientas necesarias para su desarrollo profesional y académico en este ámbito. Además de aportar con una revisión que permita reconocer las diferencias entre AD y Análisis Crítico del Discurso (ACD) y sus posibilidades en el plano de la investigación.</p>
<h4>Objetivo</h4>
<p>Analizar  las principales herramientas que proporciona el Análisis del Discurso a la labor docente e investigativa.</p>
<h4>Plan de Estudios</h4>

<table id="tablepress-37" class="tablepress tablepress-id-37">
<thead>
<tr class="row-1">
	<th class="column-1">Contenidos</th>
</tr>
</thead>
<tbody class="row-striping row-hover">
<tr class="row-2">
	<td class="column-1">- Teoría de los actos de habla y semántica.<br />
- La Pragmática y el análisis conversacional.<br />
- Teoría de la enunciación y lingüística textual.<br />
- Modelos de producción e interpretación textual.<br />
- Inferencias e implicaturas en el discurso.<br />
- Análisis crítico del discurso.</td>
</tr>
</tbody>
</table>
<!-- #tablepress-37 from cache -->
<h4>Modalidad</h4>
<p>Presencial.</p>
<h4>Requisitos</h4>
<ul>
<li>Certificado de Licenciatura y/o Título Profesional.</li>
<li>Currículum vitae.</li>
<li>Dos fotos tamaño carnet, a color, con nombre y RUT.</li>
<li>Fotocopia cédula de identidad por ambos lados.</li>
<li>Formulario de Postulación.</li>
</ul>
<h4>Inicio</h4>
<p>Sábado 23 de mayo.</p>
<h4>Clases</h4>
<p>Sábados 23 y 30 de mayo; 6, 13 y 20 de junio 2015 de 09:00 a 18:00 horas en la Casa Central de la Universidad de Playa Ancha.</p>
<h4>Académico(a)</h4>
<p>Doctora Ivonne Fuentes Román<br />
Doctora en Lingüística.</p>
<h4>Valor</h4>
<p>Inscripción: $ 20.000.-<br />
Arancel: $ 250.000.-</p>
<h4>Inscripciones</h4>
<p>Escuela de Postgrado<br />
Correo electrónico: <a href="mailto:escueladepostgrado@upla.cl">escueladepostgrado@upla.cl</a><br />
Teléfonos: +56 32 2500197 &#8211; +56 32 2624710.</p>
<h4>Notas</h4>
<p>La aprobación del curso cuenta con certificación y puede ser convalidado en el Programa de Magíster en Lingüística de la Universidad de Playa Ancha.</p>
<p>Inicio sujeto a completar cupo mínimo.</p>
<p><a href="https://www.upla.cl/postgrado/wp-content/uploads/2014/10/2015_0326_postgrado_curso_analisisdiscurso.pdf" target="_blank">Descarga aquí la ficha en formato pdf</a></p>

<p>&nbsp; Curso de postgrado: Análisis del discurso Presentación El Análisis del Discurso (AD), en tanto su componente pragmático- comunicativo se transforma en un aporte significativo a los estudios en el área de las ciencias sociales y de las humanidades en general. Su campo de acción es amplio y pone en juego el conocimiento de las [&hellip;]</p>
