{"id":25,"date":"2013-11-21T12:03:42","date_gmt":"2013-11-21T15:03:42","guid":{"rendered":"http:\/\/www.upla.cl\/postgrado\/?page_id=25"},"modified":"2023-06-05T16:44:11","modified_gmt":"2023-06-05T20:44:11","slug":"acreditacion","status":"publish","type":"page","link":"https:\/\/www.upla.cl\/postgrado\/direccion-general-de-postgrado\/acreditacion\/","title":{"rendered":"Acreditaci\u00f3n"},"content":{"rendered":"<p>[et_pb_section fb_built=\u00bb1&#8243; admin_label=\u00bbUPLA &#8211; Postgrado\u00bb module_id=\u00bbinicio\u00bb _builder_version=\u00bb3.0.89&#8243; custom_padding=\u00bb0px|0px|0|0px\u00bb global_module=\u00bb2025&#8243; global_colors_info=\u00bb{}\u00bb][et_pb_row column_structure=\u00bb3_4,1_4&#8243; make_equal=\u00bbon\u00bb admin_label=\u00bbrow\u00bb module_class=\u00bb et_pb_row_fullwidth\u00bb _builder_version=\u00bb4.16&#8243; background_size=\u00bbinitial\u00bb background_position=\u00bbtop_left\u00bb background_repeat=\u00bbrepeat\u00bb background_video_width=\u00bb1920&#8243; background_video_height=\u00bb1080&#8243; width=\u00bb100%\u00bb width_tablet=\u00bb100%\u00bb width_phone=\u00bb\u00bb width_last_edited=\u00bbon|desktop\u00bb max_width=\u00bb100%\u00bb max_width_tablet=\u00bb100%\u00bb max_width_phone=\u00bb\u00bb max_width_last_edited=\u00bbon|desktop\u00bb custom_padding=\u00bb22px||245px|\u00bb make_fullwidth=\u00bbon\u00bb global_colors_info=\u00bb{}\u00bb][et_pb_column type=\u00bb3_4&#8243; _builder_version=\u00bb4.16&#8243; background_position=\u00bbtop_left\u00bb custom_padding=\u00bb|||\u00bb global_colors_info=\u00bb{}\u00bb custom_padding__hover=\u00bb|||\u00bb][et_pb_image src=\u00bbhttps:\/\/www.upla.cl\/postgrado\/wp-content\/uploads\/2017\/11\/2017_1117_postgrado_header.png\u00bb url=\u00bbhttps:\/\/www.upla.cl\/postgrado\u00bb align_tablet=\u00bbcenter\u00bb align_phone=\u00bb\u00bb align_last_edited=\u00bbon|desktop\u00bb admin_label=\u00bbLogo de Postgrado\u00bb _builder_version=\u00bb4.16&#8243; global_colors_info=\u00bb{}\u00bb][\/et_pb_image][\/et_pb_column][et_pb_column type=\u00bb1_4&#8243; _builder_version=\u00bb4.16&#8243; background_position=\u00bbtop_left\u00bb custom_padding=\u00bb|||\u00bb global_colors_info=\u00bb{}\u00bb custom_padding__hover=\u00bb|||\u00bb][et_pb_image src=\u00bbhttps:\/\/www.upla.cl\/portada\/wp-content\/uploads\/2022\/05\/UPLA_acreditada_2022-2027.png\u00bb alt=\u00bbUniversidad de Playa Ancha &#8211; Acreditaci\u00f3n prorrogada\u00bb title_text=\u00bbUniversidad de Playa Ancha &#8211; Acreditaci\u00f3n prorrogada\u00bb show_bottom_space=\u00bboff\u00bb align=\u00bbright\u00bb align_tablet=\u00bbcenter\u00bb align_phone=\u00bb\u00bb align_last_edited=\u00bbon|desktop\u00bb admin_label=\u00bbAcreditaci\u00f3n Institucional\u00bb _builder_version=\u00bb4.17.4&#8243; max_width=\u00bb100%\u00bb module_alignment=\u00bbright\u00bb custom_padding=\u00bb|20px|10px|\u00bb global_colors_info=\u00bb{}\u00bb][\/et_pb_image][\/et_pb_column][\/et_pb_row][\/et_pb_section][et_pb_section fb_built=\u00bb1&#8243; fullwidth=\u00bbon\u00bb _builder_version=\u00bb4.16&#8243; background_color=\u00bb#004562&#8243; custom_padding=\u00bb0px|0px|0px|0px\u00bb global_colors_info=\u00bb{}\u00bb][et_pb_fullwidth_post_title meta=\u00bboff\u00bb text_color=\u00bblight\u00bb _builder_version=\u00bb4.16&#8243; global_colors_info=\u00bb{}\u00bb][\/et_pb_fullwidth_post_title][\/et_pb_section][et_pb_section fb_built=\u00bb1&#8243; _builder_version=\u00bb4.16&#8243; global_colors_info=\u00bb{}\u00bb][et_pb_row use_custom_gutter=\u00bbon\u00bb gutter_width=\u00bb2&#8243; _builder_version=\u00bb4.16&#8243; global_colors_info=\u00bb{}\u00bb column_structure=\u00bb3_4,1_4&#8243;][et_pb_column type=\u00bb3_4&#8243; _builder_version=\u00bb4.16&#8243; custom_padding=\u00bb|||\u00bb global_colors_info=\u00bb{}\u00bb custom_padding__hover=\u00bb|||\u00bb][et_pb_text admin_label=\u00bbAcreditaci\u00f3n\u00bb _builder_version=\u00bb4.21.0&#8243; hover_enabled=\u00bb0&#8243; global_colors_info=\u00bb{}\u00bb sticky_enabled=\u00bb0&#8243;]<\/p>\n<p>Forma parte de las pol\u00edticas de desarrollo del postgrado de nuestra universidad la acreditaci\u00f3n de todos los programas ante la Comisi\u00f3n Nacional de Acreditaci\u00f3n. Este proceso es dirigido por la Direcci\u00f3n General de Postgrado en conjunto con la Direcci\u00f3n General de Gesti\u00f3n de la Calidad (Dirgecal).<\/p>\n<p>[\/et_pb_text][\/et_pb_column][et_pb_column type=\u00bb1_4&#8243; _builder_version=\u00bb4.16&#8243; custom_padding=\u00bb|||\u00bb global_colors_info=\u00bb{}\u00bb custom_padding__hover=\u00bb|||\u00bb][et_pb_button button_url=\u00bbhttps:\/\/www.upla.cl\/calidad\/acreditacion\/programas-postgrado-acreditados-2\/\u00bb button_text=\u00bbEstado de Acreditaci\u00f3n de Postgrado\u00bb admin_label=\u00bbEstado de acreditaci\u00f3n de Postgrado\u00bb _builder_version=\u00bb4.21.0&#8243; hover_enabled=\u00bb0&#8243; global_colors_info=\u00bb{}\u00bb button_text_size__hover_enabled=\u00bboff\u00bb button_one_text_size__hover_enabled=\u00bboff\u00bb button_two_text_size__hover_enabled=\u00bboff\u00bb button_text_color__hover_enabled=\u00bboff\u00bb button_one_text_color__hover_enabled=\u00bboff\u00bb button_two_text_color__hover_enabled=\u00bboff\u00bb button_border_width__hover_enabled=\u00bboff\u00bb button_one_border_width__hover_enabled=\u00bboff\u00bb button_two_border_width__hover_enabled=\u00bboff\u00bb button_border_color__hover_enabled=\u00bboff\u00bb button_one_border_color__hover_enabled=\u00bboff\u00bb button_two_border_color__hover_enabled=\u00bboff\u00bb button_border_radius__hover_enabled=\u00bboff\u00bb button_one_border_radius__hover_enabled=\u00bboff\u00bb button_two_border_radius__hover_enabled=\u00bboff\u00bb button_letter_spacing__hover_enabled=\u00bboff\u00bb button_one_letter_spacing__hover_enabled=\u00bboff\u00bb button_two_letter_spacing__hover_enabled=\u00bboff\u00bb button_bg_color__hover_enabled=\u00bboff\u00bb button_one_bg_color__hover_enabled=\u00bboff\u00bb button_two_bg_color__hover_enabled=\u00bboff\u00bb url_new_window=\u00bbon\u00bb sticky_enabled=\u00bb0&#8243;][\/et_pb_button][\/et_pb_column][\/et_pb_row][\/et_pb_section][et_pb_section fb_built=\u00bb1&#8243; module_id=\u00bbaccesos\u00bb _builder_version=\u00bb3.0.89&#8243; custom_padding=\u00bb0px|0px|0px|0px\u00bb global_module=\u00bb2034&#8243; global_colors_info=\u00bb{}\u00bb][et_pb_row admin_label=\u00bbrow\u00bb module_class=\u00bb et_pb_row_fullwidth\u00bb _builder_version=\u00bb4.16&#8243; width=\u00bb100%\u00bb width_tablet=\u00bb100%\u00bb width_phone=\u00bb\u00bb width_last_edited=\u00bbon|desktop\u00bb max_width=\u00bb100%\u00bb max_width_tablet=\u00bb100%\u00bb max_width_phone=\u00bb\u00bb max_width_last_edited=\u00bbon|desktop\u00bb custom_padding=\u00bb0px|0px|24.2667px|0px\u00bb make_fullwidth=\u00bbon\u00bb global_colors_info=\u00bb{}\u00bb][et_pb_column type=\u00bb4_4&#8243; _builder_version=\u00bb4.16&#8243; background_color=\u00bb#009bdb\u00bb custom_padding=\u00bb|||\u00bb global_colors_info=\u00bb{}\u00bb custom_padding__hover=\u00bb|||\u00bb][et_pb_cta title=\u00bbACCESOS\u00bb admin_label=\u00bbACCESOS\u00bb _builder_version=\u00bb4.16&#8243; header_font_size=\u00bb20&#8243; use_background_color=\u00bboff\u00bb background_size=\u00bbinitial\u00bb background_position=\u00bbtop_left\u00bb background_repeat=\u00bbrepeat\u00bb text_orientation=\u00bbleft\u00bb custom_margin=\u00bb|||50px\u00bb custom_padding=\u00bb15px||0px|\u00bb saved_tabs=\u00bball\u00bb global_colors_info=\u00bb{}\u00bb button_text_size__hover_enabled=\u00bboff\u00bb button_one_text_size__hover_enabled=\u00bboff\u00bb button_two_text_size__hover_enabled=\u00bboff\u00bb button_text_color__hover_enabled=\u00bboff\u00bb button_one_text_color__hover_enabled=\u00bboff\u00bb button_two_text_color__hover_enabled=\u00bboff\u00bb button_border_width__hover_enabled=\u00bboff\u00bb button_one_border_width__hover_enabled=\u00bboff\u00bb button_two_border_width__hover_enabled=\u00bboff\u00bb button_border_color__hover_enabled=\u00bboff\u00bb button_one_border_color__hover_enabled=\u00bboff\u00bb button_two_border_color__hover_enabled=\u00bboff\u00bb button_border_radius__hover_enabled=\u00bboff\u00bb button_one_border_radius__hover_enabled=\u00bboff\u00bb button_two_border_radius__hover_enabled=\u00bboff\u00bb button_letter_spacing__hover_enabled=\u00bboff\u00bb button_one_letter_spacing__hover_enabled=\u00bboff\u00bb button_two_letter_spacing__hover_enabled=\u00bboff\u00bb button_bg_color__hover_enabled=\u00bboff\u00bb button_one_bg_color__hover_enabled=\u00bboff\u00bb button_two_bg_color__hover_enabled=\u00bboff\u00bb][\/et_pb_cta][\/et_pb_column][\/et_pb_row][et_pb_row column_structure=\u00bb1_3,1_3,1_3&#8243; _builder_version=\u00bb4.16&#8243; background_size=\u00bbinitial\u00bb background_position=\u00bbtop_left\u00bb background_repeat=\u00bbrepeat\u00bb custom_padding=\u00bb0px|0px|0px|0px\u00bb global_colors_info=\u00bb{}\u00bb][et_pb_column type=\u00bb1_3&#8243; _builder_version=\u00bb4.16&#8243; custom_padding=\u00bb|||\u00bb global_colors_info=\u00bb{}\u00bb custom_padding__hover=\u00bb|||\u00bb][et_pb_text admin_label=\u00bbAccesos 1&#8243; _builder_version=\u00bb4.16&#8243; text_font=\u00bbLato||||\u00bb text_text_color=\u00bb#000000&#8243; global_colors_info=\u00bb{}\u00bb]<\/p>\n<ul style=\"list-style-type: disc;\">\n<li><span style=\"color: #000000;\"><a style=\"color: #000000;\" href=\"https:\/\/acceso.upla.cl\/sinte\/Login.aspx?ReturnUrl=%2fsinte%2f\" target=\"_blank\" rel=\"noopener noreferrer\">Sistema Integrado Institucional<\/a><\/span><\/li>\n<li><span style=\"color: #000000;\"><a style=\"color: #000000;\" href=\"https:\/\/accounts.google.com\/signin\/v2\/identifier?continue=https%3A%2F%2Fmail.google.com%2Fmail%2F&amp;service=mail&amp;hd=alumnos.upla.cl&amp;sacu=1&amp;flowName=GlifWebSignIn&amp;flowEntry=AddSession\" target=\"_blank\" rel=\"noopener noreferrer\">Correo del estudiante<\/a><\/span><\/li>\n<li><span style=\"color: #000000;\"><a style=\"color: #000000;\" href=\"https:\/\/accounts.google.com\/signin\/v2\/identifier?continue=https%3A%2F%2Fmail.google.com%2Fmail%2F&amp;service=mail&amp;hd=upla.cl&amp;sacu=1&amp;flowName=GlifWebSignIn&amp;flowEntry=AddSession\" target=\"_blank\" rel=\"noopener noreferrer\">Correo institucional<\/a><\/span><\/li>\n<li><span style=\"color: #000000;\"><a href=\"https:\/\/acceso.upla.cl\/Contacto_Institucional\/\" target=\"_blank\" rel=\"noopener noreferrer\"><span style=\"color: #000000;\">Sistema de Contacto Institucional<\/span><\/a><\/span><\/li>\n<\/ul>\n<p>[\/et_pb_text][\/et_pb_column][et_pb_column type=\u00bb1_3&#8243; _builder_version=\u00bb4.16&#8243; custom_padding=\u00bb|||\u00bb global_colors_info=\u00bb{}\u00bb custom_padding__hover=\u00bb|||\u00bb][et_pb_text admin_label=\u00bbAccesos 2&#8243; _builder_version=\u00bb4.16&#8243; global_colors_info=\u00bb{}\u00bb]<\/p>\n<ul style=\"list-style-type: disc;\">\n<li><a title=\"Becas de Postgrado\" href=\"https:\/\/www.upla.cl\/postgrado\/escuela-de-postgrado\/becas-de-postgrado\/\"><span style=\"color: #000000;\">Becas de Postgrado<\/span><\/a><\/li>\n<li><a title=\"Calendario Acad\u00e9mico\" href=\"https:\/\/www.upla.cl\/calendarioacademico\" target=\"_blank\" rel=\"noopener noreferrer\"><span style=\"color: #000000;\">Calendario Acad\u00e9mico<\/span><\/a><\/li>\n<li><a title=\"Secretar\u00eda de Estudios\" href=\"https:\/\/www.upla.cl\/gestioninstitucional\" target=\"_blank\" rel=\"noopener noreferrer\"><span style=\"color: #000000;\">Secretar\u00eda de Estudios<\/span><\/a><\/li>\n<\/ul>\n<p>[\/et_pb_text][\/et_pb_column][et_pb_column type=\u00bb1_3&#8243; _builder_version=\u00bb4.16&#8243; custom_padding=\u00bb|||\u00bb global_colors_info=\u00bb{}\u00bb custom_padding__hover=\u00bb|||\u00bb][et_pb_text admin_label=\u00bbAccesos 3&#8243; _builder_version=\u00bb4.16&#8243; global_colors_info=\u00bb{}\u00bb]<\/p>\n<ul style=\"list-style-type: disc;\">\n<li><span style=\"color: #000000;\"><a style=\"color: #000000;\" href=\"https:\/\/www.upla.cl\/titulosygrados\/\" target=\"_blank\" rel=\"noopener noreferrer\">T\u00edtulos y grados<\/a><\/span><\/li>\n<li><span style=\"color: #000000;\"><a style=\"color: #000000;\" href=\"https:\/\/www.upla.cl\/postgrado\/escuela-de-postgrado\/aranceles\/\" target=\"_blank\" rel=\"noopener noreferrer\">Aranceles<\/a><\/span><\/li>\n<li><span style=\"color: #000000;\"><a style=\"color: #000000;\" href=\"https:\/\/www.upla.cl\/bibliotecas\" target=\"_blank\" rel=\"noopener noreferrer\">Bibliotecas UPLA<\/a><\/span><\/li>\n<li><span style=\"color: #000000;\"><a style=\"color: #000000;\" href=\"https:\/\/www.upla.cl\/postgrado\/wp-content\/uploads\/2013\/11\/2014_1007_postgrado_colecciones_biblioteca.pdf\" target=\"_blank\" rel=\"noopener noreferrer\">Cat\u00e1logo de colecciones electr\u00f3nicas disponibles (formato pdf)<\/a><\/span><\/li>\n<\/ul>\n<p>[\/et_pb_text][\/et_pb_column][\/et_pb_row][\/et_pb_section]<\/p>\n","protected":false},"excerpt":{"rendered":"<p>Forma parte de las pol\u00edticas de desarrollo del postgrado de nuestra universidad la acreditaci\u00f3n de todos los programas ante la Comisi\u00f3n Nacional de Acreditaci\u00f3n. Este proceso es dirigido por la Direcci\u00f3n General de Postgrado en conjunto con la Direcci\u00f3n General de Gesti\u00f3n de la Calidad (Dirgecal). Sistema Integrado Institucional Correo del estudiante Correo institucional Sistema [&hellip;]<\/p>\n","protected":false},"author":2,"featured_media":2082,"parent":17,"menu_order":1,"comment_status":"closed","ping_status":"closed","template":"","meta":{"_et_pb_use_builder":"on","_et_pb_old_content":"<p>Forma parte de las pol\u00edticas de desarrollo del postgrado de nuestra universidad la acreditaci\u00f3n de todos los programas ante la Comisi\u00f3n Nacional de Acreditaci\u00f3n. Este proceso es dirigido por la Direcci\u00f3n General de Postgrado, a cargo de la Dra. Marcela Lara Catal\u00e1n. Actualmente todos se encuentran en proceso de autoevaluaci\u00f3n, condici\u00f3n previa para someterse a acreditaci\u00f3n, pero tambi\u00e9n como una acci\u00f3n necesaria de mejoramiento continuo.<\/p><p>En 2013 tres programas fueron acreditados:<\/p><ul><li><a title=\"Mag\u00edster en Arte menci\u00f3n Patrimonio\" href=\"https:\/\/www.upla.cl\/postgrado\/magisteres\/magister-en-arte-mencion-patrimonio\/\">Mag\u00edster en Arte y Patrimonio de la Facultad de Arte<\/a>, por 5 a\u00f1os, cuya coordinadora es la Doctora\u00a0\u00a9 Teresa Devia Lubet;<\/li><li><a title=\"Mag\u00edster en Ciencias de la Actividad F\u00edsica y del Deporte\" href=\"https:\/\/www.upla.cl\/postgrado\/magisteres\/magister-en-ciencias-de-la-actividad-fisica-y-del-deporte\/\">Mag\u00edster en Ciencias de la Actividad F\u00edsica<\/a>, de la Facultad de Ciencias de la Actividad F\u00edsica y del deporte por 6 a\u00f1os, coordinado por el Doctor Cesar Oliva;<\/li><li><a title=\"Literatura\" href=\"https:\/\/www.upla.cl\/postgrado\/magisteres\/literatura\/\">Mag\u00edster en Literatura<\/a> de la Facultad de Humanidades por 7 a\u00f1os, dirigido por el Doctor Andr\u00e9s C\u00e1ceres Milnes.<\/li><\/ul><p>En tanto, en 2014 fueron acreditados:<\/p><ul><li><a href=\"https:\/\/www.upla.cl\/postgrado\/magisteres\/magister-en-ensenanza-de-las-ciencias\/\">Mag\u00edster en Ense\u00f1anza de las Ciencias<\/a>, de la Facultad de Ciencias Naturales y Exactas, por 7 a\u00f1os, coordinado por la doctora Ester L\u00f3pez Donoso;<\/li><li><a href=\"https:\/\/www.upla.cl\/postgrado\/magisteres\/evaluacion-educacional\/\">Mag\u00edster en Evaluaci\u00f3n Educacional<\/a>, dependiente de la Facultad de Ciencias de la Educaci\u00f3n, por 7 a\u00f1os, coordinado por la doctora Marcela Lara Catal\u00e1n.<\/li><\/ul><h3>M\u00e1s informaci\u00f3n<\/h3><h4>Documentos t\u00e9cnicos<\/h4><ul><li><a href=\"https:\/\/www.upla.cl\/postgrado\/wp-content\/uploads\/2013\/11\/2013_1126_postgrado_dctos_tecnicos_cna_circular_016.pdf\">Cirular N\u00ba 16 de la Comisi\u00f3n Nacional de Acreditaci\u00f3n (CNA)<\/a>, del 23 de abril de 2012, sobre presentaci\u00f3n al proceso de acreditaci\u00f3n de postgrado y de especialidades del \u00e1rea de salud durante 2012.<\/li><li><a href=\"https:\/\/www.upla.cl\/postgrado\/wp-content\/uploads\/2013\/11\/2013_1126_postgrado_dctos_tecnicos_cna_form_acreditacion.pdf\">CNA: Formulario de solicitud de acreditaci\u00f3n de programas de postgrado<\/a>.<\/li><li><a href=\"https:\/\/www.upla.cl\/postgrado\/wp-content\/uploads\/2013\/11\/2013_1126_postgrado_dctos_tecnicos_cna_form_antec_postgrado.doc\">CNA: Formulario de antecedentes de programas de postgrado.<\/a><\/li><li><a href=\"https:\/\/www.upla.cl\/postgrado\/wp-content\/uploads\/2013\/11\/2013_1126_postgrado_dctos_tecnicos_cna_guia_inf_autoev_postgrado.pdf\">CNA: Gu\u00eda para el informe de autoevaluaci\u00f3n de programas de postgrado.<\/a><\/li><\/ul><h4>Documentos institucionales<\/h4><ul><li><a href=\"https:\/\/www.upla.cl\/postgrado\/wp-content\/uploads\/2013\/11\/2013_1126_postgrado_doctos_institucionales_etapas_activs_proces_autoev_progrs_postgrado.pdf\">Etapas y actividades del proceso de autoevaluaci\u00f3n de los programas de postgrado.<\/a><\/li><li><a href=\"https:\/\/www.upla.cl\/postgrado\/wp-content\/uploads\/2013\/11\/2013_1126_postgrado_doctos_institucionales_guia_proces_autoev_y_acred_progs_postgrado.pdf\">Gu\u00eda para el proceso de autoevaluaci\u00f3n y acreditaci\u00f3n de programas de postgrado.<\/a><\/li><li><a href=\"https:\/\/www.upla.cl\/postgrado\/wp-content\/uploads\/2013\/11\/2013_1126_postgrado_doctos_institucionales_proces_autoev_postgrado_tbruna.pdf\">Proceso de autoevaluaci\u00f3n de postgrado: informe de la Directora General de Gesti\u00f3n de la Calidad de la Universidad de Playa Ancha, Dra. Teresa Bruna Valiente.<\/a><\/li><\/ul><h4>Instrumentos del proceso de acreditaci\u00f3n<\/h4><ul><li><a href=\"https:\/\/www.upla.cl\/postgrado\/wp-content\/uploads\/2013\/11\/2013_1126_postgrado_instrumentos_docente.doc\">Acad\u00e9micos<\/a><\/li><li><a href=\"https:\/\/www.upla.cl\/postgrado\/wp-content\/uploads\/2013\/11\/2013_1126_postgrado_instrumentos_estudiante.doc\">Estudiantes<\/a><\/li><li><a href=\"https:\/\/www.upla.cl\/postgrado\/wp-content\/uploads\/2013\/11\/2013_1126_postgrado_instrumentos_graduados.doc\">Graduados<\/a><\/li><\/ul><h4>Documentos referentes institucionales<\/h4><ul><li><a href=\"https:\/\/www.upla.cl\/postgrado\/wp-content\/uploads\/2013\/11\/2012_0327_plan_de_desarrollo_estrategico.pdf\">Plan de Desarrollo Estrat\u00e9gico Institucional 2011-2015<\/a><\/li><li><a href=\"https:\/\/www.upla.cl\/postgrado\/wp-content\/uploads\/2013\/11\/2012_0418_pol_inst.pdf\">Pol\u00edticas Institucionales<\/a><\/li><li><a href=\"https:\/\/www.upla.cl\/postgrado\/wp-content\/uploads\/2013\/11\/2012_0327_proyecto_educativo.pdf\">Proyecto Educativo<\/a><\/li><li><a href=\"https:\/\/www.upla.cl\/postgrado\/wp-content\/uploads\/2013\/11\/2012_0327_modelo_educativo.pdf\">Modelo Educativo<\/a><\/li><\/ul><p>\u00a0<\/p>","_et_gb_content_width":"","footnotes":""},"class_list":["post-25","page","type-page","status-publish","has-post-thumbnail","hentry"],"_links":{"self":[{"href":"https:\/\/www.upla.cl\/postgrado\/wp-json\/wp\/v2\/pages\/25","targetHints":{"allow":["GET"]}}],"collection":[{"href":"https:\/\/www.upla.cl\/postgrado\/wp-json\/wp\/v2\/pages"}],"about":[{"href":"https:\/\/www.upla.cl\/postgrado\/wp-json\/wp\/v2\/types\/page"}],"author":[{"embeddable":true,"href":"https:\/\/www.upla.cl\/postgrado\/wp-json\/wp\/v2\/users\/2"}],"replies":[{"embeddable":true,"href":"https:\/\/www.upla.cl\/postgrado\/wp-json\/wp\/v2\/comments?post=25"}],"version-history":[{"count":10,"href":"https:\/\/www.upla.cl\/postgrado\/wp-json\/wp\/v2\/pages\/25\/revisions"}],"predecessor-version":[{"id":99770,"href":"https:\/\/www.upla.cl\/postgrado\/wp-json\/wp\/v2\/pages\/25\/revisions\/99770"}],"up":[{"embeddable":true,"href":"https:\/\/www.upla.cl\/postgrado\/wp-json\/wp\/v2\/pages\/17"}],"wp:featuredmedia":[{"embeddable":true,"href":"https:\/\/www.upla.cl\/postgrado\/wp-json\/wp\/v2\/media\/2082"}],"wp:attachment":[{"href":"https:\/\/www.upla.cl\/postgrado\/wp-json\/wp\/v2\/media?parent=25"}],"curies":[{"name":"wp","href":"https:\/\/api.w.org\/{rel}","templated":true}]}}