{"id":173,"date":"2013-11-25T18:34:41","date_gmt":"2013-11-25T21:34:41","guid":{"rendered":"http:\/\/www.upla.cl\/postgrado\/?page_id=173"},"modified":"2025-10-20T16:53:56","modified_gmt":"2025-10-20T19:53:56","slug":"magister-en-ensenanza-de-las-ciencias","status":"publish","type":"page","link":"https:\/\/www.upla.cl\/postgrado\/magisteres\/magister-en-ensenanza-de-las-ciencias\/","title":{"rendered":"Mag\u00edster en Ense\u00f1anza de las Ciencias"},"content":{"rendered":"<p>[et_pb_section fb_built=\u00bb1&#8243; admin_label=\u00bbUPLA &#8211; Postgrado\u00bb module_id=\u00bbinicio\u00bb _builder_version=\u00bb3.0.89&#8243; custom_padding=\u00bb0px|0px|0|0px\u00bb global_module=\u00bb2025&#8243; global_colors_info=\u00bb{}\u00bb][\/et_pb_section][et_pb_section fb_built=\u00bb1&#8243; fullwidth=\u00bbon\u00bb _builder_version=\u00bb4.16&#8243; _module_preset=\u00bbdefault\u00bb global_colors_info=\u00bb{}\u00bb][et_pb_fullwidth_post_title meta=\u00bboff\u00bb featured_placement=\u00bbbackground\u00bb _builder_version=\u00bb4.16&#8243; _module_preset=\u00bbdefault\u00bb title_font=\u00bb|700||on|||||\u00bb title_text_color=\u00bb#FFFFFF\u00bb title_font_size=\u00bb35px\u00bb background_color=\u00bb#b33f34&#8243; background_blend=\u00bboverlay\u00bb custom_padding=\u00bb250px||250px||true|false\u00bb global_colors_info=\u00bb{}\u00bb][\/et_pb_fullwidth_post_title][\/et_pb_section][et_pb_section fb_built=\u00bb1&#8243; _builder_version=\u00bb4.16&#8243; global_colors_info=\u00bb{}\u00bb][et_pb_row column_structure=\u00bb3_4,1_4&#8243; use_custom_gutter=\u00bbon\u00bb gutter_width=\u00bb2&#8243; _builder_version=\u00bb4.16&#8243; global_colors_info=\u00bb{}\u00bb][et_pb_column type=\u00bb3_4&#8243; _builder_version=\u00bb4.16&#8243; custom_padding=\u00bb|||\u00bb global_colors_info=\u00bb{}\u00bb custom_padding__hover=\u00bb|||\u00bb][et_pb_accordion admin_label=\u00bbAcorde\u00f3n: ficha programa\u00bb _builder_version=\u00bb4.27.4&#8243; hover_enabled=\u00bb0&#8243; global_colors_info=\u00bb{}\u00bb sticky_enabled=\u00bb0&#8243;][et_pb_accordion_item title=\u00bbPresentaci\u00f3n\u00bb open=\u00bbon\u00bb _builder_version=\u00bb4.16&#8243; global_colors_info=\u00bb{}\u00bb]Programa de car\u00e1cter profesional, cuyo objetivo central es estudiar, conocer, investigar y aplicar un cuerpo te\u00f3rico fundamentado en la psicolog\u00eda cognitiva y la epistemolog\u00eda, que permita al educador construir aprendizajes significativos en sus estudiantes en el \u00e1rea de las ciencias naturales y exactas. Es de car\u00e1cter profesional dado que toda investigaci\u00f3n o estudio realizado apunta a mejorar los procesos de ense\u00f1anza en la sala de clases para mejorar los aprendizajes de los estudiantes.[\/et_pb_accordion_item][et_pb_accordion_item title=\u00bbPlan de estudios\u00bb _builder_version=\u00bb4.16&#8243; global_colors_info=\u00bb{}\u00bb open=\u00bboff\u00bb]<\/p>\n<table border=\"1\" width=\"100%\" cellpadding=\"1\">\n<tbody>\n<tr>\n<td><strong>Primer semestre<\/strong><\/td>\n<td><strong>Tercer semestre<\/strong><\/td>\n<\/tr>\n<tr>\n<td>\n<ul>\n<li>Fundamentos Psicol\u00f3gicos del Aprendizaje de las Ciencias.<\/li>\n<li>Epistemolog\u00eda de la Ense\u00f1anza de las Ciencias.<\/li>\n<li>Metodolog\u00eda Cuantitativa y Cualitativa.<\/li>\n<li>Seminario: Perspectivas Socioculturales en la Ense\u00f1anza de las Ciencias.<\/li>\n<\/ul>\n<\/td>\n<td>\n<ul>\n<li>Evaluaci\u00f3n de Aprendizajes en Ciencias.<\/li>\n<li>Enfoques Did\u00e1cticos de las Ciencias Naturales y Matem\u00e1ticas.<\/li>\n<li>Seminario Preparaci\u00f3n de Tesis.<\/li>\n<li>Seminario Pol\u00edtica y Gesti\u00f3n Educativa.<\/li>\n<\/ul>\n<\/td>\n<\/tr>\n<tr>\n<td><strong>Segundo semestre<\/strong><\/td>\n<td><strong>Cuarto semestre<\/strong><\/td>\n<\/tr>\n<tr>\n<td>\n<ul>\n<li>Modelos Curriculares en la Educaci\u00f3n en Ciencias.<\/li>\n<li>Fundamentos de los Modelos de Ense\u00f1anza Aprendizaje de las Ciencias Naturales y las Matem\u00e1ticas.<\/li>\n<li>Aplicaci\u00f3n de Nuevas Tecnolog\u00edas en la Ense\u00f1anza de las Ciencias Naturales y las Matem\u00e1ticas.<\/li>\n<li>Seminario Taller: Dise\u00f1o y Producci\u00f3n de Recursos Innovadores para las Ciencias Naturales y las Matem\u00e1ticas.<\/li>\n<\/ul>\n<\/td>\n<td>\n<ul>\n<li>Tesis de Grado.<\/li>\n<\/ul>\n<\/td>\n<\/tr>\n<\/tbody>\n<\/table>\n<p>[\/et_pb_accordion_item][et_pb_accordion_item title=\u00bbCuerpo acad\u00e9mico\u00bb _builder_version=\u00bb4.27.0&#8243; global_colors_info=\u00bb{}\u00bb open=\u00bboff\u00bb]<strong>Makarena Ahumada S\u00e1nchez<br \/>\n<\/strong>Mag\u00edster en Ense\u00f1anza de las Ciencias, Universidad de Playa Ancha, Chile.<\/p>\n<p><strong>Oscar Caneo Salinas<br \/>\n<\/strong>Doctor en Did\u00e1ctica de las Ciencias de la Educaci\u00f3n, Universidad de Oviedo, Espa\u00f1a.<\/p>\n<p><strong>Marlen Figueroa Varela<\/strong><br \/>\nDra. En Psicolog\u00eda por la Universidad de Granada<\/p>\n<p><strong>Alejandro Gallardo Jaque<\/strong><br \/>\nDoctor en Educaci\u00f3n, Universidad de Girona, Espa\u00f1a.<\/p>\n<p><strong>David Gonz\u00e1lez Miranda<\/strong><br \/>\nDr. en Ciencia Pol\u00edtica por la Universidad Complutense de Madrid, Espa\u00f1a.<br \/>\nM\u00e1ster en Estudios Contempor\u00e1neos de Am\u00e9rica Latina por la Universidad Complutense de Madrid, Espa\u00f1a.<br \/>\nLicenciado en Ciencias y Artes Musicales por la Pontificia Universidad Cat\u00f3lica de Valpara\u00edso, Chile.<\/p>\n<p><strong>Sylvia Moraga Toledo<\/strong><br \/>\nDoctora en Educaci\u00f3n, menci\u00f3n en Did\u00e1ctica de las Ciencias Experimentales, Universidad Aut\u00f3noma de Barcelona, Espa\u00f1a.<\/p>\n<p><strong>Alejandro Nettle Valenzuela<\/strong><br \/>\nDoctor en Educaci\u00f3n, con l\u00ednea de investigaci\u00f3n en Educaci\u00f3n, Matem\u00e1tica y Ling\u00fc\u00edstica, Universidad de Girona, Espa\u00f1a.<\/p>\n<p><strong>Daysi Reinoso Salinas<\/strong><br \/>\nDoctora en Psicolog\u00eda Educacional, Universidad de Oviedo, Espa\u00f1a.<\/p>\n<p><strong>Valentina Ruiz Olivares<\/strong><br \/>\nMagister en Ense\u00f1anza de las Ciencias, Universidad de Playa Ancha<\/p>\n<p><strong>Carlos Silva C\u00f3rdova<\/strong><br \/>\nDoctor en Did\u00e1ctica de las Ciencias de la Educaci\u00f3n, Universidad de Oviedo, Espa\u00f1a.<\/p>\n<p><strong>Mauricio Valenzuela Harrington<\/strong><br \/>\nDoctor en Neurociencias y Biolog\u00eda del comportamiento, Universidad Pablo de Olavide e Instituto Cajal, Espa\u00f1a.<br \/>\nDiplomado en Prevenci\u00f3n y Rehabilitaci\u00f3n de Drogodependencias, Universidad de Valpara\u00edso, Chile.<br \/>\nEstudios de postgrado en el Institut des Neurosciences de la Universidad Pierre et Marie Curie, Paris VI, Francia..<br \/>\nProfesor de Estado en Biolog\u00eda y Ciencias, Universidad de Playa Ancha, Chile.<\/p>\n<p><strong>Javier Vergara N\u00fa\u00f1ez<\/strong><br \/>\nDoctor en Educaci\u00f3n, Universidad de Lovaina, B\u00e9lgica.[\/et_pb_accordion_item][et_pb_accordion_item title=\u00bbModalidad\u00bb _builder_version=\u00bb4.16&#8243; global_colors_info=\u00bb{}\u00bb open=\u00bboff\u00bb]Presencial.<br \/>\n[\/et_pb_accordion_item][et_pb_accordion_item title=\u00bbRequisitos\u00bb _builder_version=\u00bb4.27.4&#8243; hover_enabled=\u00bb0&#8243; global_colors_info=\u00bb{}\u00bb open=\u00bboff\u00bb sticky_enabled=\u00bb0&#8243;]<\/p>\n<p>Los postulantes a los programas de postgrado dictados por la universidad, deber\u00e1n acompa\u00f1ar a<br \/>sus solicitudes de ingreso la siguiente\u00a0documentaci\u00f3n:<\/p>\n<ol>\n<li>Copia legalizada de T\u00edtulo Profesional y\/o Licenciatura en Ciencias.<\/li>\n<li>Copia Concentraci\u00f3n de notas de Licenciatura y\/o T\u00edtulo Profesional<\/li>\n<li>Carta de solicitud para ingresar al Mag\u00edster. En ella debe explicar las razones por las<br \/>cuales, desde su punto de vista profesional, es importante para ser Mag\u00edster en Ense\u00f1anza<br \/>de las Ciencias.<\/li>\n<li>Dos informes (o recomendaciones) que avalen las capacidades personales y profesionales<br \/>del postulante para realizar el programa.<\/li>\n<li>Curr\u00edculum Vitae corto<\/li>\n<li>Copia de carnet de identidad por ambos lados<\/li>\n<\/ol>\n<p>[\/et_pb_accordion_item][et_pb_accordion_item title=\u00bbDuraci\u00f3n\u00bb _builder_version=\u00bb4.16&#8243; global_colors_info=\u00bb{}\u00bb open=\u00bboff\u00bb]Cuatro semestres.<br \/>\n[\/et_pb_accordion_item][et_pb_accordion_item title=\u00bbCoordinaci\u00f3n\u00bb _builder_version=\u00bb4.17.6&#8243; global_colors_info=\u00bb{}\u00bb open=\u00bboff\u00bb]<\/p>\n<p><strong>Dr. Mauricio Valenzuela Harrington<\/strong><br \/>Doctor en Neurociencia y Biolog\u00eda del Comportamiento, Universidad Pablo de Olavide, Sevilla, Espa\u00f1a<br \/>Correo electr\u00f3nico: <a href=\"mailto:mvalenz@upla.cl\">mvalenz@upla.cl<\/a><\/p>\n<p>[\/et_pb_accordion_item][et_pb_accordion_item title=\u00bbUnidad acad\u00e9mica responsable\u00bb _builder_version=\u00bb4.16&#8243; global_colors_info=\u00bb{}\u00bb open=\u00bboff\u00bb]<a href=\"http:\/\/www.upla.cl\/cienciasnaturalesyexactas\/\" target=\"_blank\" rel=\"noopener noreferrer\">Facultad de Ciencias Naturales y Exactas<\/a><br \/>\n[\/et_pb_accordion_item][et_pb_accordion_item title=\u00bbM\u00e1s informaci\u00f3n\u00bb _builder_version=\u00bb4.16&#8243; global_colors_info=\u00bb{}\u00bb open=\u00bboff\u00bb]<\/p>\n<p><a href=\"mailto:escueladepostgrado@upla.cl\" target=\"_blank\" rel=\"noopener noreferrer\">escueladepostgrado@upla.cl<\/a><\/p>\n<p><a href=\"https:\/\/goo.gl\/maps\/PV1LCBRp4ZR2\" target=\"_blank\" rel=\"noopener noreferrer\">Traslavi\u00f1a 450, Vi\u00f1a del Mar, Chile (click para ver el mapa).<\/a><\/p>\n<p>Avenida Playa Ancha N\u00ba 850, quinto piso de la Casa Central, Valpara\u00edso.<\/p>\n<p>Tel\u00e9fonos: <a href=\"tel:+56322205080\" title=\"+56 32 2205080\">+56 32 2205080<\/a> \/ <a href=\"tel:+56322205197\" title=\"+56 32 2205197\">+56 32 2205197<\/a><\/p>\n<p>Facebook: <a href=\"https:\/\/www.facebook.com\/PostgradoUPLA\" target=\"_blank\" rel=\"noopener noreferrer\">PostgradoUPLA<\/a><\/p>\n<p>[\/et_pb_accordion_item][et_pb_accordion_item title=\u00bbFecha de inicio\u00bb _builder_version=\u00bb4.27.4&#8243; global_colors_info=\u00bb{}\u00bb open=\u00bboff\u00bb]<\/p>\n<p>Abril de 2026.<\/p>\n<p>[\/et_pb_accordion_item][et_pb_accordion_item title=\u00bbD\u00edas y horarios\u00bb _builder_version=\u00bb4.16&#8243; global_colors_info=\u00bb{}\u00bb open=\u00bboff\u00bb]<\/p>\n<ul>\n<li>S\u00e1bado de 9.00 a 18.00 horas.<\/li>\n<\/ul>\n<p>[\/et_pb_accordion_item][\/et_pb_accordion][et_pb_blurb title=\u00bbAcreditaci\u00f3n\u00bb url=\u00bbhttps:\/\/www.upla.cl\/calidad\/acreditacion\/programas-postgrado-acreditados-2\/\u00bb url_new_window=\u00bbon\u00bb use_icon=\u00bbon\u00bb font_icon=\u00bb&#x5a;||divi||400&#8243; icon_color=\u00bb#009966&#8243; icon_placement=\u00bbleft\u00bb image_icon_width=\u00bb39px\u00bb content_max_width=\u00bb1100px\u00bb _builder_version=\u00bb4.23.1&#8243; _module_preset=\u00bbdefault\u00bb header_font=\u00bb|700|||||||\u00bb header_text_color=\u00bb#686868&#8243; header_font_size=\u00bb25px\u00bb body_font=\u00bb|700|||||||\u00bb body_text_color=\u00bb#0C71C3&#8243; body_font_size=\u00bb18px\u00bb background_color=\u00bb#FFFFFF\u00bb custom_padding=\u00bb20px|50px|20px|50px|true|true\u00bb link_option_url=\u00bbhttps:\/\/www.upla.cl\/calidad\/acreditacion\/programas-postgrado-acreditados-2\/\u00bb link_option_url_new_window=\u00bbon\u00bb box_shadow_style=\u00bbpreset1&#8243; icon_font_size=\u00bb39px\u00bb global_module=\u00bb98647&#8243; saved_tabs=\u00bball\u00bb global_colors_info=\u00bb{}\u00bb transform_styles__hover_enabled=\u00bbon|hover\u00bb transform_scale__hover_enabled=\u00bbon|hover\u00bb transform_translate__hover_enabled=\u00bbon|desktop\u00bb transform_rotate__hover_enabled=\u00bbon|desktop\u00bb transform_skew__hover_enabled=\u00bbon|desktop\u00bb transform_origin__hover_enabled=\u00bbon|desktop\u00bb transform_scale__hover=\u00bb95%|95%\u00bb]<\/p>\n<p>Revisa el estado de la acreditaci\u00f3n de este programa en <a href=\"https:\/\/www.upla.cl\/calidad\/acreditacion\/programas-postgrado-acreditados-2\/\" target=\"_blank\" rel=\"noopener\" title=\"Acreditaci\u00f3n de Programas de Postgrado UPLA\"><span style=\"text-decoration: underline;\"><strong>este enlace<\/strong><\/span><\/a><\/p>\n<p>[\/et_pb_blurb][\/et_pb_column][et_pb_column type=\u00bb1_4&#8243; _builder_version=\u00bb4.16&#8243; custom_padding=\u00bb|||\u00bb global_colors_info=\u00bb{}\u00bb custom_padding__hover=\u00bb|||\u00bb][et_pb_blurb title=\u00bbPostula aqu\u00ed\u00bb url=\u00bbhttps:\/\/acceso.upla.cl\/Postulacion_Postgrado\/Portal\/Index\u00bb url_new_window=\u00bbon\u00bb use_icon=\u00bbon\u00bb font_icon=\u00bb&#x6c;||divi||400&#8243; icon_color=\u00bb#FFFFFF\u00bb icon_placement=\u00bbleft\u00bb image_icon_width=\u00bb50px\u00bb disabled_on=\u00bboff|off|off\u00bb admin_label=\u00bbPostulaci\u00f3n de postgrado\u00bb _builder_version=\u00bb4.27.4&#8243; _module_preset=\u00bbdefault\u00bb header_font=\u00bb|800|||||||\u00bb header_text_color=\u00bb#FFFFFF\u00bb header_font_size=\u00bb23px\u00bb body_font=\u00bb|600|||||||\u00bb body_text_color=\u00bb#FFFFFF\u00bb body_font_size=\u00bb13px\u00bb background_color=\u00bb#006b8e\u00bb custom_padding=\u00bb20px|10px|20px|10px|true|true\u00bb link_option_url=\u00bbhttps:\/\/acceso.upla.cl\/Postulacion_Postgrado\/Portal\/Index\u00bb link_option_url_new_window=\u00bbon\u00bb global_module=\u00bb129011&#8243; saved_tabs=\u00bball\u00bb global_colors_info=\u00bb{}\u00bb header_text_color__hover_enabled=\u00bbon|hover\u00bb header_text_color__hover=\u00bb#bce3fa\u00bb icon_color__hover_enabled=\u00bbon|hover\u00bb icon_color__hover=\u00bb#bce3fa\u00bb]<\/p>\n<p>a los programas de postgrado<\/p>\n<p>[\/et_pb_blurb][et_pb_button button_url=\u00bbhttps:\/\/www.upla.cl\/postgrado\/formulario-de-solicitud-de-informacion-de-programas\/\u00bb button_text=\u00bbSolicita m\u00e1s informaci\u00f3n sobre nuestros programas\u00bb admin_label=\u00bbBot\u00f3n Solicita m\u00e1s informaci\u00f3n sobre nuestros programas\u00bb _builder_version=\u00bb4.16&#8243; global_colors_info=\u00bb{}\u00bb button_text_size__hover_enabled=\u00bboff\u00bb button_one_text_size__hover_enabled=\u00bboff\u00bb button_two_text_size__hover_enabled=\u00bboff\u00bb button_text_color__hover_enabled=\u00bboff\u00bb button_one_text_color__hover_enabled=\u00bboff\u00bb button_two_text_color__hover_enabled=\u00bboff\u00bb button_border_width__hover_enabled=\u00bboff\u00bb button_one_border_width__hover_enabled=\u00bboff\u00bb button_two_border_width__hover_enabled=\u00bboff\u00bb button_border_color__hover_enabled=\u00bboff\u00bb button_one_border_color__hover_enabled=\u00bboff\u00bb button_two_border_color__hover_enabled=\u00bboff\u00bb button_border_radius__hover_enabled=\u00bboff\u00bb button_one_border_radius__hover_enabled=\u00bboff\u00bb button_two_border_radius__hover_enabled=\u00bboff\u00bb button_letter_spacing__hover_enabled=\u00bboff\u00bb button_one_letter_spacing__hover_enabled=\u00bboff\u00bb button_two_letter_spacing__hover_enabled=\u00bboff\u00bb button_bg_color__hover_enabled=\u00bboff\u00bb button_one_bg_color__hover_enabled=\u00bboff\u00bb button_two_bg_color__hover_enabled=\u00bboff\u00bb][\/et_pb_button][et_pb_button button_url=\u00bbhttps:\/\/www.upla.cl\/postgrado\/escuela-de-postgrado\/aranceles\/\u00bb button_text=\u00bbAranceles\u00bb admin_label=\u00bbBot\u00f3n aranceles\u00bb _builder_version=\u00bb4.16&#8243; global_colors_info=\u00bb{}\u00bb button_text_size__hover_enabled=\u00bboff\u00bb button_one_text_size__hover_enabled=\u00bboff\u00bb button_two_text_size__hover_enabled=\u00bboff\u00bb button_text_color__hover_enabled=\u00bboff\u00bb button_one_text_color__hover_enabled=\u00bboff\u00bb button_two_text_color__hover_enabled=\u00bboff\u00bb button_border_width__hover_enabled=\u00bboff\u00bb button_one_border_width__hover_enabled=\u00bboff\u00bb button_two_border_width__hover_enabled=\u00bboff\u00bb button_border_color__hover_enabled=\u00bboff\u00bb button_one_border_color__hover_enabled=\u00bboff\u00bb button_two_border_color__hover_enabled=\u00bboff\u00bb button_border_radius__hover_enabled=\u00bboff\u00bb button_one_border_radius__hover_enabled=\u00bboff\u00bb button_two_border_radius__hover_enabled=\u00bboff\u00bb button_letter_spacing__hover_enabled=\u00bboff\u00bb button_one_letter_spacing__hover_enabled=\u00bboff\u00bb button_two_letter_spacing__hover_enabled=\u00bboff\u00bb button_bg_color__hover_enabled=\u00bboff\u00bb button_one_bg_color__hover_enabled=\u00bboff\u00bb button_two_bg_color__hover_enabled=\u00bboff\u00bb][\/et_pb_button][et_pb_button button_url=\u00bbhttps:\/\/www.upla.cl\/postgrado\/escuela-de-postgrado\/becas-de-postgrado\/\u00bb button_text=\u00bbBecas\u00bb admin_label=\u00bbBot\u00f3n becas\u00bb _builder_version=\u00bb4.16&#8243; global_colors_info=\u00bb{}\u00bb button_text_size__hover_enabled=\u00bboff\u00bb button_one_text_size__hover_enabled=\u00bboff\u00bb button_two_text_size__hover_enabled=\u00bboff\u00bb button_text_color__hover_enabled=\u00bboff\u00bb button_one_text_color__hover_enabled=\u00bboff\u00bb button_two_text_color__hover_enabled=\u00bboff\u00bb button_border_width__hover_enabled=\u00bboff\u00bb button_one_border_width__hover_enabled=\u00bboff\u00bb button_two_border_width__hover_enabled=\u00bboff\u00bb button_border_color__hover_enabled=\u00bboff\u00bb button_one_border_color__hover_enabled=\u00bboff\u00bb button_two_border_color__hover_enabled=\u00bboff\u00bb button_border_radius__hover_enabled=\u00bboff\u00bb button_one_border_radius__hover_enabled=\u00bboff\u00bb button_two_border_radius__hover_enabled=\u00bboff\u00bb button_letter_spacing__hover_enabled=\u00bboff\u00bb button_one_letter_spacing__hover_enabled=\u00bboff\u00bb button_two_letter_spacing__hover_enabled=\u00bboff\u00bb button_bg_color__hover_enabled=\u00bboff\u00bb button_one_bg_color__hover_enabled=\u00bboff\u00bb button_two_bg_color__hover_enabled=\u00bboff\u00bb][\/et_pb_button][et_pb_button button_url=\u00bbhttp:\/\/www.upla.cl\/cienciasnaturalesyexactas\/\u00bb url_new_window=\u00bbon\u00bb button_text=\u00bbFacultad de Ciencias Naturales y Exactas\u00bb admin_label=\u00bbBot\u00f3n Facultad\u00bb _builder_version=\u00bb4.16&#8243; custom_button=\u00bbon\u00bb button_border_color=\u00bb#b33f34&#8243; global_colors_info=\u00bb{}\u00bb button_text_size__hover_enabled=\u00bboff\u00bb button_one_text_size__hover_enabled=\u00bboff\u00bb button_two_text_size__hover_enabled=\u00bboff\u00bb button_text_color__hover_enabled=\u00bboff\u00bb button_one_text_color__hover_enabled=\u00bboff\u00bb button_two_text_color__hover_enabled=\u00bboff\u00bb button_border_width__hover_enabled=\u00bboff\u00bb button_one_border_width__hover_enabled=\u00bboff\u00bb button_two_border_width__hover_enabled=\u00bboff\u00bb button_border_color__hover_enabled=\u00bboff\u00bb button_one_border_color__hover_enabled=\u00bboff\u00bb button_two_border_color__hover_enabled=\u00bboff\u00bb button_border_radius__hover_enabled=\u00bboff\u00bb button_one_border_radius__hover_enabled=\u00bboff\u00bb button_two_border_radius__hover_enabled=\u00bboff\u00bb button_letter_spacing__hover_enabled=\u00bboff\u00bb button_one_letter_spacing__hover_enabled=\u00bboff\u00bb button_two_letter_spacing__hover_enabled=\u00bboff\u00bb button_bg_color__hover_enabled=\u00bboff\u00bb button_one_bg_color__hover_enabled=\u00bboff\u00bb button_two_bg_color__hover_enabled=\u00bboff\u00bb][\/et_pb_button][\/et_pb_column][\/et_pb_row][\/et_pb_section]<\/p>\n","protected":false},"excerpt":{"rendered":"<p>Programa de car\u00e1cter profesional, cuyo objetivo central es estudiar, conocer, investigar y aplicar un cuerpo te\u00f3rico fundamentado en la psicolog\u00eda cognitiva y la epistemolog\u00eda, que permita al educador construir aprendizajes significativos en sus estudiantes en el \u00e1rea de las ciencias naturales y exactas. Es de car\u00e1cter profesional dado que toda investigaci\u00f3n o estudio realizado apunta [&hellip;]<\/p>\n","protected":false},"author":2,"featured_media":3395,"parent":9,"menu_order":9,"comment_status":"closed","ping_status":"closed","template":"","meta":{"_et_pb_use_builder":"on","_et_pb_old_content":"<p><img class=\"alignnone size-full wp-image-66\" src=\"https:\/\/www.upla.cl\/postgrado\/wp-content\/uploads\/2013\/11\/2013_1121_postgrados_15_magister_ensenanza_ciencias640.jpg\" alt=\"Universidad de Playa Ancha - Postgrado - Mag\u00edster en Ense\u00f1anza de las Ciencias\" width=\"640\" height=\"320\" \/><\/p><h3><a href=\"http:\/\/www.upla.cl\/calidad\/wp-content\/uploads\/2015\/03\/Resolucion-Mag.-Ense%C3%B1anza-de-las-Ciencias-2015-002.pdf\"><img class=\"alignleft wp-image-1049 size-large\" src=\"https:\/\/www.upla.cl\/postgrado\/wp-content\/uploads\/2013\/11\/2015_1001_postgrado_acreditacion_mec-1024x238.png\" alt=\"Universidad de Playa Ancha - Postgrado - Mag\u00edster en Ense\u00f1anza de las Ciencias - Acreditado\" width=\"630\" height=\"146\" \/><\/a>Mag\u00edster en Ense\u00f1anza de las Ciencias<\/h3><p>\u00a0<\/p><h4>Presentaci\u00f3n<\/h4><p>Programa de car\u00e1cter\u00a0mixto, cuyo\u00a0objetivo central es estudiar, conocer, investigar y aplicar un cuerpo te\u00f3rico fundamentado en la psicolog\u00eda cognitiva y la epistemolog\u00eda, que permita al educador construir aprendizajes significativos en sus estudiantes en el \u00e1rea de las ciencias naturales y exactas.<\/p><h4>Plan de Estudios<\/h4><table style=\"border-color: #009bdb;\" border=\"1\" width=\"100%\" cellpadding=\"1\"><tbody><tr><td style=\"width: 51.3976%;\"><strong>Primer semestre<\/strong><\/td><td style=\"width: 45.6024%;\"><strong>Tercer semestre<\/strong><\/td><\/tr><tr><td style=\"width: 51.3976%;\"><ul><li>Fundamentos Psicol\u00f3gicos del Aprendizaje de las Ciencias.<\/li><li>Epistemolog\u00eda de la Ense\u00f1anza de las Ciencias.<\/li><li>Metodolog\u00eda Cuantitativa y Cualitativa.<\/li><li>Seminario: Perspectivas Socioculturales en la Ense\u00f1anza de las Ciencias.<\/li><\/ul><\/td><td style=\"width: 45.6024%;\"><ul><li>Evaluaci\u00f3n de Aprendizajes en Ciencias.<\/li><li>Enfoques Did\u00e1cticos de las Ciencias Naturales y Matem\u00e1ticas.<\/li><li>Seminario Preparaci\u00f3n de Tesis.<\/li><li>Seminario Pol\u00edtica y Gesti\u00f3n Educativa.<\/li><\/ul><\/td><\/tr><tr><td style=\"width: 51.3976%;\"><strong>Segundo semestre<\/strong><\/td><td style=\"width: 45.6024%;\"><strong>Cuarto semestre<\/strong><\/td><\/tr><tr><td style=\"width: 51.3976%;\"><ul><li>Modelos Curriculares en la Educaci\u00f3n en Ciencias.<\/li><li>Fundamentos de los Modelos de Ense\u00f1anza Aprendizaje de las Ciencias Naturales y las Matem\u00e1ticas.<\/li><li>Aplicaci\u00f3n de Nuevas Tecnolog\u00edas en la Ense\u00f1anza de las Ciencias Naturales y las Matem\u00e1ticas.<\/li><li>Seminario Taller: Dise\u00f1o y Producci\u00f3n de Recursos Innovadores para las Ciencias Naturales y las Matem\u00e1ticas.<\/li><\/ul><\/td><td style=\"width: 45.6024%;\"><ul><li>Tesis de Grado.<\/li><\/ul><\/td><\/tr><\/tbody><\/table><h4>Cuerpo Acad\u00e9mico<\/h4><p><strong>Bianca Dapelo Pellerano<\/strong><br \/> Doctora en Intervenci\u00f3n Psicol\u00f3gica en Contextos Educativos, Universidad de Oviedo, Espa\u00f1a.<\/p><p><strong>Francis Flores Castillo<\/strong><br \/> Doctor Universidad Complutense de Madrid, Programa Psicolog\u00eda Escolar y Desarrollo del Departamento de Psicolog\u00eda Evolutiva y de la Educaci\u00f3n, Espa\u00f1a.<\/p><p><strong>Jorge Iglesias Carre\u00f1o<\/strong><br \/> Mag\u00edster en Ciencias Biol\u00f3gicas menci\u00f3n Ecolog\u00eda y Sistem\u00e1tica, Pontificia Universidad Cat\u00f3lica de Valpara\u00edso, Chile.<\/p><p><strong>Ester L\u00f3pez Donoso<\/strong><br \/> Doctora en Pedagog\u00eda, Programa Internacional de Doctorado en Ense\u00f1anza de las Ciencias, Universidad de Burgos, Espa\u00f1a.<\/p><p><strong>Juan Carlos Medina<\/strong><br \/> Mag\u00edster en Ciencias de la Ingenier\u00eda Inform\u00e1tica, Universidad T\u00e9cnica Federico Santa Mar\u00eda, Chile.<\/p><p><strong>Carlos Silva C\u00f3rdova<\/strong><br \/> Doctor en Did\u00e1ctica de las Ciencias de la Educaci\u00f3n, Universidad de Oviedo, Espa\u00f1a.<\/p><p><strong>Rafael Silva C\u00f3rdova<\/strong><br \/> Doctor en Pedagog\u00eda, Programa Internacional de Doctorado en Ense\u00f1anza de las Ciencias, Universidad de Burgos, Espa\u00f1a.<\/p><p><strong>M\u00f3nica Toledo Pereira<\/strong><br \/> Doctora en Educaci\u00f3n, Universidad Ren\u00e9 Descartes, Paris 5. La Sorbonne, Francia.<\/p><p><strong>Javier Vergara N\u00fa\u00f1ez<\/strong><br \/> Doctor en Educaci\u00f3n, Universidad de Lovaina, B\u00e9lgica.<\/p><p><strong>Jorge Vera Roda<\/strong><br \/> Doctor en Educaci\u00f3n, Universidad Ren\u00e9 Descartes, Paris 5. La Sorbonne, Francia.<\/p><p><strong>Mar\u00eda Isabel Mu\u00f1oz Rojo<\/strong><br \/> Doctora en Intervenciones Psicol\u00f3gicas en el Sistema Escolar, Universidad de Oviedo, Espa\u00f1a.<\/p><h4>Modalidad<\/h4><p>Presencial.<\/p><h4>Requisitos<\/h4><p>Ver \"<a title=\"Admisi\u00f3n\" href=\"https:\/\/www.upla.cl\/postgrado\/admision\/\">Requisitos Generales<\/a>\".<\/p><h4>Duraci\u00f3n<\/h4><p>Cuatro semestres.<\/p><h4>Coordinadora<\/h4><p><strong>Ester L\u00f3pez Donoso<\/strong><br \/> Doctora en Ense\u00f1anza de las Ciencias, Universidad de Burgos, Espa\u00f1a<br \/> Correo electr\u00f3nico: <a href=\"mailto:elopez@upla.cl\">elopez@upla.cl<\/a><\/p><h4>Facultad o unidad acad\u00e9mica responsable<\/h4><p>Facultad de Ciencias Naturales y Exactas.<\/p><h4>Valor 2017<\/h4><p>Matr\u00edcula: $ 140.000.-<br \/> Arancel: $ 3.950.000 (24 cuotas).-<\/p><h4>Fecha de Inicio<\/h4><p>Por confirmar.<\/p><h4>D\u00edas y horarios<\/h4><p>S\u00e1bados de 9:00 a 18:00 horas.<\/p><h4>Periodo de Postulaci\u00f3n<\/h4><p>Postulaciones cerradas.<\/p>","_et_gb_content_width":"","footnotes":""},"class_list":["post-173","page","type-page","status-publish","has-post-thumbnail","hentry"],"_links":{"self":[{"href":"https:\/\/www.upla.cl\/postgrado\/wp-json\/wp\/v2\/pages\/173","targetHints":{"allow":["GET"]}}],"collection":[{"href":"https:\/\/www.upla.cl\/postgrado\/wp-json\/wp\/v2\/pages"}],"about":[{"href":"https:\/\/www.upla.cl\/postgrado\/wp-json\/wp\/v2\/types\/page"}],"author":[{"embeddable":true,"href":"https:\/\/www.upla.cl\/postgrado\/wp-json\/wp\/v2\/users\/2"}],"replies":[{"embeddable":true,"href":"https:\/\/www.upla.cl\/postgrado\/wp-json\/wp\/v2\/comments?post=173"}],"version-history":[{"count":90,"href":"https:\/\/www.upla.cl\/postgrado\/wp-json\/wp\/v2\/pages\/173\/revisions"}],"predecessor-version":[{"id":129130,"href":"https:\/\/www.upla.cl\/postgrado\/wp-json\/wp\/v2\/pages\/173\/revisions\/129130"}],"up":[{"embeddable":true,"href":"https:\/\/www.upla.cl\/postgrado\/wp-json\/wp\/v2\/pages\/9"}],"wp:featuredmedia":[{"embeddable":true,"href":"https:\/\/www.upla.cl\/postgrado\/wp-json\/wp\/v2\/media\/3395"}],"wp:attachment":[{"href":"https:\/\/www.upla.cl\/postgrado\/wp-json\/wp\/v2\/media?parent=173"}],"curies":[{"name":"wp","href":"https:\/\/api.w.org\/{rel}","templated":true}]}}