{"id":17,"date":"2013-11-21T11:31:17","date_gmt":"2013-11-21T14:31:17","guid":{"rendered":"http:\/\/www.upla.cl\/postgrado\/?page_id=17"},"modified":"2025-12-18T12:32:44","modified_gmt":"2025-12-18T15:32:44","slug":"direccion-general-de-postgrado","status":"publish","type":"page","link":"https:\/\/www.upla.cl\/postgrado\/direccion-general-de-postgrado\/","title":{"rendered":"Direcci\u00f3n General de Postgrado"},"content":{"rendered":"<p>[et_pb_section fb_built=\u00bb1&#8243; admin_label=\u00bbUPLA &#8211; Postgrado\u00bb module_id=\u00bbinicio\u00bb _builder_version=\u00bb3.0.89&#8243; custom_padding=\u00bb0px|0px|0|0px\u00bb global_module=\u00bb2025&#8243; global_colors_info=\u00bb{}\u00bb][\/et_pb_section][et_pb_section fb_built=\u00bb1&#8243; fullwidth=\u00bbon\u00bb _builder_version=\u00bb4.27.5&#8243; background_color=\u00bb#004562&#8243; custom_padding=\u00bb0px|0px|0px|0px\u00bb hover_enabled=\u00bb0&#8243; global_colors_info=\u00bb{}\u00bb sticky_enabled=\u00bb0&#8243; title_text=\u00bb20250903_dgp-orientaciones-genero\u00bb background_enable_image=\u00bboff\u00bb][et_pb_fullwidth_post_title meta=\u00bboff\u00bb text_color=\u00bblight\u00bb _builder_version=\u00bb4.27.5&#8243; hover_enabled=\u00bb0&#8243; global_colors_info=\u00bb{}\u00bb sticky_enabled=\u00bb0&#8243;][\/et_pb_fullwidth_post_title][\/et_pb_section][et_pb_section fb_built=\u00bb1&#8243; _builder_version=\u00bb4.27.5&#8243; custom_padding=\u00bb5%||5%||true|false\u00bb global_colors_info=\u00bb{}\u00bb][et_pb_row column_structure=\u00bb3_4,1_4&#8243; use_custom_gutter=\u00bbon\u00bb gutter_width=\u00bb2&#8243; _builder_version=\u00bb4.16&#8243; global_colors_info=\u00bb{}\u00bb][et_pb_column type=\u00bb3_4&#8243; _builder_version=\u00bb4.16&#8243; custom_padding=\u00bb|||\u00bb global_colors_info=\u00bb{}\u00bb custom_padding__hover=\u00bb|||\u00bb][et_pb_text admin_label=\u00bbPresentaci\u00f3n Direcci\u00f3n General de Investigaci\u00f3n\u00bb _builder_version=\u00bb4.27.5&#8243; header_2_text_align=\u00bbleft\u00bb global_colors_info=\u00bb{}\u00bb]<\/p>\n<h2>Bienvenidas y bienvenidos a la Direcci\u00f3n General de Postgrado de la Universidad de Playa Ancha<\/h2>\n<p>[\/et_pb_text][et_pb_text admin_label=\u00bbPresentaci\u00f3n Direcci\u00f3n General de Investigaci\u00f3n\u00bb _builder_version=\u00bb4.27.5&#8243; global_colors_info=\u00bb{}\u00bb]<\/p>\n<p>En la \u00faltima d\u00e9cada, el postgrado ha cobrado una relevancia creciente en las universidades chilenas. La UPLA no ha sido ajena a esta tendencia y, hoy en d\u00eda, ofrece una amplia gama de programas de mag\u00edster y doctorado, tanto acad\u00e9micos como profesionales, que responden a la creciente demanda de formaci\u00f3n avanzada en diversas \u00e1reas del conocimiento. Esta expansi\u00f3n es un reflejo del compromiso de la Universidad con la educaci\u00f3n continua y el desarrollo de expertos capaces de aportar a la sociedad.<\/p>\n<p>El proyecto educativo de la UPLA se basa en la formaci\u00f3n continua, entendida como la necesidad de adaptarse a los constantes cambios del entorno profesional y personal. En este contexto, el postgrado juega un papel clave, buscando no solo impartir conocimientos, sino tambi\u00e9n fomentar la capacidad de aprender, desaprender y reaprender a lo largo de la vida.<\/p>\n<p>El postgrado es considerado un eje estrat\u00e9gico para la UPLA, con el objetivo de mejorar constantemente la calidad de nuestros programas. Los desaf\u00edos que enfrentamos est\u00e1n alineados con los prop\u00f3sitos educativos del pregrado, buscando que nuestros programas sean siempre pertinentes, eficaces y eficientes.<\/p>\n<p>Con m\u00e1s de 20 a\u00f1os de experiencia en formaci\u00f3n de postgrado, nuestra oferta abarca diversas \u00e1reas del conocimiento, desde las ciencias y las humanidades hasta la educaci\u00f3n, el arte y la cultura, tanto a nivel nacional como internacional.<\/p>\n<p>Comprometidas y comprometidos con la calidad, nos dedicamos a asegurar la excelencia a trav\u00e9s de procesos de autoevaluaci\u00f3n continua y la proyecci\u00f3n de la acreditaci\u00f3n de nuestros programas.<\/p>\n<p>Te invitamos a ser parte de esta comunidad acad\u00e9mica y a continuar tu formaci\u00f3n en un entorno de innovaci\u00f3n y crecimiento.<\/p>\n<p>[\/et_pb_text][\/et_pb_column][et_pb_column type=\u00bb1_4&#8243; _builder_version=\u00bb4.16&#8243; custom_padding=\u00bb|||\u00bb global_colors_info=\u00bb{}\u00bb custom_padding__hover=\u00bb|||\u00bb][et_pb_button button_url=\u00bbhttps:\/\/www.upla.cl\/postgrado\/direccion-general-de-postgrado\/funciones\/\u00bb button_text=\u00bbFunciones\u00bb admin_label=\u00bbBot\u00f3n funciones\u00bb _builder_version=\u00bb4.16&#8243; global_colors_info=\u00bb{}\u00bb button_text_size__hover_enabled=\u00bboff\u00bb button_one_text_size__hover_enabled=\u00bboff\u00bb button_two_text_size__hover_enabled=\u00bboff\u00bb button_text_color__hover_enabled=\u00bboff\u00bb button_one_text_color__hover_enabled=\u00bboff\u00bb button_two_text_color__hover_enabled=\u00bboff\u00bb button_border_width__hover_enabled=\u00bboff\u00bb button_one_border_width__hover_enabled=\u00bboff\u00bb button_two_border_width__hover_enabled=\u00bboff\u00bb button_border_color__hover_enabled=\u00bboff\u00bb button_one_border_color__hover_enabled=\u00bboff\u00bb button_two_border_color__hover_enabled=\u00bboff\u00bb button_border_radius__hover_enabled=\u00bboff\u00bb button_one_border_radius__hover_enabled=\u00bboff\u00bb button_two_border_radius__hover_enabled=\u00bboff\u00bb button_letter_spacing__hover_enabled=\u00bboff\u00bb button_one_letter_spacing__hover_enabled=\u00bboff\u00bb button_two_letter_spacing__hover_enabled=\u00bboff\u00bb button_bg_color__hover_enabled=\u00bboff\u00bb button_one_bg_color__hover_enabled=\u00bboff\u00bb button_two_bg_color__hover_enabled=\u00bboff\u00bb][\/et_pb_button][et_pb_button button_url=\u00bbhttps:\/\/www.upla.cl\/postgrado\/direccion-general-de-postgrado\/acreditacion\/\u00bb button_text=\u00bbAcreditaci\u00f3n de programas\u00bb admin_label=\u00bbBot\u00f3n acreditaci\u00f3n\u00bb _builder_version=\u00bb4.16&#8243; global_colors_info=\u00bb{}\u00bb button_text_size__hover_enabled=\u00bboff\u00bb button_one_text_size__hover_enabled=\u00bboff\u00bb button_two_text_size__hover_enabled=\u00bboff\u00bb button_text_color__hover_enabled=\u00bboff\u00bb button_one_text_color__hover_enabled=\u00bboff\u00bb button_two_text_color__hover_enabled=\u00bboff\u00bb button_border_width__hover_enabled=\u00bboff\u00bb button_one_border_width__hover_enabled=\u00bboff\u00bb button_two_border_width__hover_enabled=\u00bboff\u00bb button_border_color__hover_enabled=\u00bboff\u00bb button_one_border_color__hover_enabled=\u00bboff\u00bb button_two_border_color__hover_enabled=\u00bboff\u00bb button_border_radius__hover_enabled=\u00bboff\u00bb button_one_border_radius__hover_enabled=\u00bboff\u00bb button_two_border_radius__hover_enabled=\u00bboff\u00bb button_letter_spacing__hover_enabled=\u00bboff\u00bb button_one_letter_spacing__hover_enabled=\u00bboff\u00bb button_two_letter_spacing__hover_enabled=\u00bboff\u00bb button_bg_color__hover_enabled=\u00bboff\u00bb button_one_bg_color__hover_enabled=\u00bboff\u00bb button_two_bg_color__hover_enabled=\u00bboff\u00bb][\/et_pb_button][et_pb_button button_url=\u00bbhttps:\/\/www.upla.cl\/postgrado\/escuela-de-postgrado\/creacion-de-programas\/\u00bb button_text=\u00bbCreaci\u00f3n de programas\u00bb admin_label=\u00bbBot\u00f3n creaci\u00f3n\u00bb _builder_version=\u00bb4.16&#8243; global_colors_info=\u00bb{}\u00bb button_text_size__hover_enabled=\u00bboff\u00bb button_one_text_size__hover_enabled=\u00bboff\u00bb button_two_text_size__hover_enabled=\u00bboff\u00bb button_text_color__hover_enabled=\u00bboff\u00bb button_one_text_color__hover_enabled=\u00bboff\u00bb button_two_text_color__hover_enabled=\u00bboff\u00bb button_border_width__hover_enabled=\u00bboff\u00bb button_one_border_width__hover_enabled=\u00bboff\u00bb button_two_border_width__hover_enabled=\u00bboff\u00bb button_border_color__hover_enabled=\u00bboff\u00bb button_one_border_color__hover_enabled=\u00bboff\u00bb button_two_border_color__hover_enabled=\u00bboff\u00bb button_border_radius__hover_enabled=\u00bboff\u00bb button_one_border_radius__hover_enabled=\u00bboff\u00bb button_two_border_radius__hover_enabled=\u00bboff\u00bb button_letter_spacing__hover_enabled=\u00bboff\u00bb button_one_letter_spacing__hover_enabled=\u00bboff\u00bb button_two_letter_spacing__hover_enabled=\u00bboff\u00bb button_bg_color__hover_enabled=\u00bboff\u00bb button_one_bg_color__hover_enabled=\u00bboff\u00bb button_two_bg_color__hover_enabled=\u00bboff\u00bb][\/et_pb_button][et_pb_toggle title=\u00bbEquipo\u00bb _builder_version=\u00bb4.27.2&#8243; _module_preset=\u00bbdefault\u00bb global_colors_info=\u00bb{}\u00bb]<strong>Directora general de Postgrado<\/strong><\/p>\n<p>Magdalena Dardel Coronado<br \/>\nCorreo electr\u00f3nico:<span>\u00a0<\/span><a href=\"mailto:magdalena.dardel@upla.cl\" target=\"_blank\" rel=\"noopener\" title=\"magdalena.dardel@upla.cl\">magdalena.dardel@upla.cl<\/a><\/p>\n<p><strong>Asistentes<\/strong><\/p>\n<p>Leonor Godoy Vidal<br \/>\nCorreo electr\u00f3nico:<span>\u00a0<\/span><a href=\"mailto:leonor.godoy@upla.cl\">leonor.godoy@upla.cl<\/a><\/p>\n<p>Sandra Gallardo Navarrete<br \/>\nCorreo electronico:<span>\u00a0<\/span><a href=\"mailto:sandra.gallardo@upla.cl\" target=\"_blank\" rel=\"noopener\" title=\"sandra.gallardo@upla.cl\">sandra.gallardo@upla.cl<\/a><\/p>\n<p><strong>Secretaria<\/strong><\/p>\n<p>Yasmin Vera Valenzuela<br \/>\nCorreo electronico:<span>\u00a0<\/span><a href=\"mailto:secretariapostgrado@upla.cl\" target=\"_blank\" rel=\"noopener\" title=\"secretariapostgrado@upla.cl\">secretariapostgrado@upla.cl<\/a>[\/et_pb_toggle][\/et_pb_column][\/et_pb_row][\/et_pb_section]<\/p>\n","protected":false},"excerpt":{"rendered":"<p>Bienvenidas y bienvenidos a la Direcci\u00f3n General de Postgrado de la Universidad de Playa AnchaEn la \u00faltima d\u00e9cada, el postgrado ha cobrado una relevancia creciente en las universidades chilenas. La UPLA no ha sido ajena a esta tendencia y, hoy en d\u00eda, ofrece una amplia gama de programas de mag\u00edster y doctorado, tanto acad\u00e9micos como [&hellip;]<\/p>\n","protected":false},"author":2,"featured_media":2067,"parent":0,"menu_order":6,"comment_status":"closed","ping_status":"closed","template":"","meta":{"_et_pb_use_builder":"on","_et_pb_old_content":"<h3>Presentaci\u00f3n<\/h3><p>El nivel cuaternario se ha instalado con dinamismo en las pol\u00edticas institucionales de las universidades chilenas tal como lo reportan diversas fuentes (CSE, 2011; OCDE, 2009; SIES, 2011). Lo cierto es que junto con la creciente oferta de programas en los \u00faltimos cinco a\u00f1os (de 501 a 919 mag\u00edster y de 117 a 172 doctorados) tambi\u00e9n es posible observar una evoluci\u00f3n significativa de la matricula del postgrado a nivel nacional en las distintas \u00e1reas del saber (Consejo de rectores, 2011).<\/p><p>La Universidad de Playa Ancha, comprometida con el desarrollo de capital humano de excelencia, presenta una amplia gama de programas de Postgrado orientados hacia la formaci\u00f3n de investigadores a trav\u00e9s de programas de doctorado y mag\u00edster de car\u00e1cter acad\u00e9mico, en tanto que otros, se orientan al fortalecimiento de titulados mediante programas de mag\u00edster de orden profesionalizantes.<\/p><p>El proyecto educativo institucional (2011-2015) asume el concepto de formaci\u00f3n continua y lo concibe como un \u2018proceso que responde a una din\u00e1mica de cambio necesaria para la sociedad actual, que exige poseer los conocimientos y t\u00e9cnicas para el desempe\u00f1o de sus ciudadanos y ciudadanas en el mundo actual, y, fundamentalmente, desarrollarse para aprender, reaprender y desaprender permanentemente como soluci\u00f3n para adaptarse al futuro\u2019. En tanto, el modelo educativo (2011) presenta una serie de desaf\u00edos para el desarrollo de los postgrado en la UPLA, toda vez que expone los lineamientos educativos que deben gestionarse desde el pregrado en directa relaci\u00f3n con los prop\u00f3sitos formativos del postgrado.<\/p><p>En este marco orientador, el postgrado es considerado un eje estrat\u00e9gico de desarrollo Institucional que tiene que alcanzar el prop\u00f3sito de \u2018Innovar curricularmente los procesos formativos de carreras y programas de la Universidad, buscando su pertinencia, eficacia y eficiencia\u2019 (OE 2.5. del PDEI 2011-2015), aspecto asumido con dinamismo desde la Vicerrector\u00eda de Investigaci\u00f3n y Postgrado en su plan de desarrollo.<\/p><p>Con una trayectoria de m\u00e1s de veinte a\u00f1os en materia de formaci\u00f3n en postgrado a nivel nacional e internacional, la oferta acad\u00e9mica de la UPLA atiende a diversos campos del saber: las ciencias y las humanidades, la educaci\u00f3n, la cultura, el arte y el patrimonio y las comunicaciones.<\/p><p>Sustentados en las pol\u00edticas institucionales para el Postgrado y en la gesti\u00f3n acad\u00e9mica de los diversos programas y de sus acad\u00e9micos, la Universidad de Playa Ancha asume su compromiso con el aseguramiento de la calidad como una tarea permanente, autoevaluando y proyectando la acreditaci\u00f3n de sus programas.<br \/> Invitamos a la comunidad acad\u00e9mica a formar parte de este gran desaf\u00edo.<\/p><ul><li><a title=\"Acreditaci\u00f3n\" href=\"https:\/\/www.upla.cl\/postgrado\/direccion-general-de-postgrado\/acreditacion\/\">Acreditaci\u00f3n<\/a><\/li><li><a title=\"Funciones\" href=\"https:\/\/www.upla.cl\/postgrado\/direccion-general-de-postgrado\/funciones\/\">Funciones de la Direcci\u00f3n General de Postgrado<\/a><\/li><li><a href=\"https:\/\/www.upla.cl\/postgrado\/escuela-de-postgrado\/creacion-de-programas\/\">Instrucciones para creaci\u00f3n de programas de postgrado<\/a><\/li><\/ul><p>\u00a0<\/p>","_et_gb_content_width":"","footnotes":""},"class_list":["post-17","page","type-page","status-publish","has-post-thumbnail","hentry"],"_links":{"self":[{"href":"https:\/\/www.upla.cl\/postgrado\/wp-json\/wp\/v2\/pages\/17","targetHints":{"allow":["GET"]}}],"collection":[{"href":"https:\/\/www.upla.cl\/postgrado\/wp-json\/wp\/v2\/pages"}],"about":[{"href":"https:\/\/www.upla.cl\/postgrado\/wp-json\/wp\/v2\/types\/page"}],"author":[{"embeddable":true,"href":"https:\/\/www.upla.cl\/postgrado\/wp-json\/wp\/v2\/users\/2"}],"replies":[{"embeddable":true,"href":"https:\/\/www.upla.cl\/postgrado\/wp-json\/wp\/v2\/comments?post=17"}],"version-history":[{"count":17,"href":"https:\/\/www.upla.cl\/postgrado\/wp-json\/wp\/v2\/pages\/17\/revisions"}],"predecessor-version":[{"id":129193,"href":"https:\/\/www.upla.cl\/postgrado\/wp-json\/wp\/v2\/pages\/17\/revisions\/129193"}],"wp:featuredmedia":[{"embeddable":true,"href":"https:\/\/www.upla.cl\/postgrado\/wp-json\/wp\/v2\/media\/2067"}],"wp:attachment":[{"href":"https:\/\/www.upla.cl\/postgrado\/wp-json\/wp\/v2\/media?parent=17"}],"curies":[{"name":"wp","href":"https:\/\/api.w.org\/{rel}","templated":true}]}}