{"id":1072,"date":"2015-03-26T12:37:52","date_gmt":"2015-03-26T15:37:52","guid":{"rendered":"http:\/\/www.upla.cl\/postgrado\/?page_id=1072"},"modified":"2016-04-26T16:04:20","modified_gmt":"2016-04-26T20:04:20","slug":"lexicologia-chilena","status":"publish","type":"page","link":"https:\/\/www.upla.cl\/postgrado\/cursos\/lexicologia-chilena\/","title":{"rendered":"Lexicolog\u00eda Chilena"},"content":{"rendered":"<p>&nbsp;<\/p>\n<h3><img loading=\"lazy\" decoding=\"async\" class=\"alignleft size-full wp-image-1427\" src=\"https:\/\/www.upla.cl\/postgrado\/wp-content\/uploads\/2014\/10\/2016_0426_postgrado_curso_lexico.jpg\" alt=\"2016_0426_postgrado_curso_lexico\" width=\"640\" height=\"320\" srcset=\"https:\/\/www.upla.cl\/postgrado\/wp-content\/uploads\/2014\/10\/2016_0426_postgrado_curso_lexico.jpg 640w, https:\/\/www.upla.cl\/postgrado\/wp-content\/uploads\/2014\/10\/2016_0426_postgrado_curso_lexico-300x150.jpg 300w\" sizes=\"(max-width: 640px) 100vw, 640px\" \/><\/h3>\n<h3>Curso de postgrado:\u00a0Lexicolog\u00eda Chilena<\/h3>\n<h4>Presentaci\u00f3n<\/h4>\n<p>El curso consiste en una revisi\u00f3n cr\u00edtica de la lexicograf\u00eda cient\u00edfica y de sus estudios. Se har\u00e1 una presentaci\u00f3n de la disciplina a trav\u00e9s de los principales conceptos, sus m\u00e9todos, clasificaciones, categor\u00edas y objetivos.<\/p>\n<p>El curso ofrece una posibilidad de discusi\u00f3n en la que se actualizan los planteamientos\u00a0 que competen al nivel l\u00e9xico.<\/p>\n<h4>Objetivos<\/h4>\n<ul>\n<li>Presentar la lexicolog\u00eda como una disciplina cient\u00edfica.<\/li>\n<li>Discutir los planteamientos metodol\u00f3gicos y conceptuales.<\/li>\n<\/ul>\n<h4>Plan de Estudios<\/h4>\n\n<table id=\"tablepress-48\" class=\"tablepress tablepress-id-48\">\n<thead>\n<tr class=\"row-1\">\n\t<th class=\"column-1\">Contenidos<\/th>\n<\/tr>\n<\/thead>\n<tbody class=\"row-striping row-hover\">\n<tr class=\"row-2\">\n\t<td class=\"column-1\"><b>Primera unidad: Epistemolog\u00eda<\/b><br \/>\n- Lexicolog\u00eda (inter)disciplina ling\u00fc\u00edstica.<br \/>\n- Caracter\u00edsticas ling\u00fc\u00edsticas del nivel l\u00e9xico.<br \/>\n- Escuelas lexicogr\u00e1ficas: Gram\u00e1tica generativa transformacional, estructuralismo, funcionalismo.<br \/>\n<\/td>\n<\/tr>\n<tr class=\"row-3\">\n\t<td class=\"column-1\"><b>Segunda unidad: Metodolog\u00eda<\/b><br \/>\n- Aspectos metodol\u00f3gicos, conceptos fundamentales.<br \/>\n-\u00a0Aspectos hist\u00f3ricos e interdisciplinarios.<br \/>\n-\u00a0Revisi\u00f3n comparativa de trabajos, proyectos, art\u00edculos y diccionarios ling\u00fc\u00edsticos. <\/td>\n<\/tr>\n<tr class=\"row-4\">\n\t<td class=\"column-1\"><b>Tercera unidad: Marco te\u00f3rico<\/b><br \/>\n- Confecci\u00f3n de diccionarios, glosarios, enciclopedias, Cat\u00e1logos y listas lexicogr\u00e1ficas.<br \/>\n-\u00a0L\u00e9xico e imagen.<br \/>\n<\/td>\n<\/tr>\n<\/tbody>\n<\/table>\n<!-- #tablepress-48 from cache -->\n<h4>Modalidad<\/h4>\n<p>Presencial.<\/p>\n<h4>Requisitos<\/h4>\n<ul>\n<li>Certificado de Licenciatura y\/o T\u00edtulo Profesional.<\/li>\n<li>Curr\u00edculum vitae.<\/li>\n<li>Dos fotos tama\u00f1o carnet, a color, con nombre y RUT.<\/li>\n<li>Fotocopia c\u00e9dula de identidad por ambos lados.<\/li>\n<li>Formulario de Postulaci\u00f3n.<\/li>\n<\/ul>\n<h4>Inicio<\/h4>\n<p>S\u00e1bado 27 de junio de 2015.<\/p>\n<h4>Clases<\/h4>\n<p>S\u00e1bados 27 de junio; 4,11,18 y 25 de julio, de 9:00 a 18:00 horas en la\u00a0Casa Central de la Universidad de Playa Ancha.<\/p>\n<h4>Acad\u00e9mico<\/h4>\n<p>Juan Pablo Reyes<br \/>\nDoctor en Ling\u00fc\u00edstica, Universidad de Rostock, Alemania.<\/p>\n<h4>Valor<\/h4>\n<p>Inscripci\u00f3n: $ 20.000.-<br \/>\nArancel: $ 250.000.-<\/p>\n<h4>Inscripciones<\/h4>\n<p>Escuela de Postgrado<br \/>\nCorreo electr\u00f3nico: <a href=\"mailto:escueladepostgrado@upla.cl\">escueladepostgrado@upla.cl<\/a><br \/>\nTel\u00e9fonos: +56 32 2500197 &#8211; +56 32 2624710.<\/p>\n<h4>Notas<\/h4>\n<p>La aprobaci\u00f3n del curso cuenta con certificaci\u00f3n y puede ser convalidado en el Programa de Mag\u00edster en Ling\u00fc\u00edstica de la Universidad de Playa Ancha.<\/p>\n<p>Inicio sujeto a completar cupo m\u00ednimo.<\/p>\n<p><a href=\"https:\/\/www.upla.cl\/postgrado\/wp-content\/uploads\/2015\/03\/2015_0326_postgrado_curso_lexicologicachilena.pdf\" target=\"_blank\">Descarga aqu\u00ed la ficha en formato pdf<\/a><\/p>\n","protected":false},"excerpt":{"rendered":"<p>&nbsp; Curso de postgrado:\u00a0Lexicolog\u00eda Chilena Presentaci\u00f3n El curso consiste en una revisi\u00f3n cr\u00edtica de la lexicograf\u00eda cient\u00edfica y de sus estudios. Se har\u00e1 una presentaci\u00f3n de la disciplina a trav\u00e9s de los principales conceptos, sus m\u00e9todos, clasificaciones, categor\u00edas y objetivos. El curso ofrece una posibilidad de discusi\u00f3n en la que se actualizan los planteamientos\u00a0 que [&hellip;]<\/p>\n","protected":false},"author":2,"featured_media":1427,"parent":813,"menu_order":7,"comment_status":"closed","ping_status":"closed","template":"","meta":{"_et_pb_use_builder":"","_et_pb_old_content":"","_et_gb_content_width":"","footnotes":""},"class_list":["post-1072","page","type-page","status-publish","has-post-thumbnail","hentry"],"_links":{"self":[{"href":"https:\/\/www.upla.cl\/postgrado\/wp-json\/wp\/v2\/pages\/1072","targetHints":{"allow":["GET"]}}],"collection":[{"href":"https:\/\/www.upla.cl\/postgrado\/wp-json\/wp\/v2\/pages"}],"about":[{"href":"https:\/\/www.upla.cl\/postgrado\/wp-json\/wp\/v2\/types\/page"}],"author":[{"embeddable":true,"href":"https:\/\/www.upla.cl\/postgrado\/wp-json\/wp\/v2\/users\/2"}],"replies":[{"embeddable":true,"href":"https:\/\/www.upla.cl\/postgrado\/wp-json\/wp\/v2\/comments?post=1072"}],"version-history":[{"count":3,"href":"https:\/\/www.upla.cl\/postgrado\/wp-json\/wp\/v2\/pages\/1072\/revisions"}],"predecessor-version":[{"id":1429,"href":"https:\/\/www.upla.cl\/postgrado\/wp-json\/wp\/v2\/pages\/1072\/revisions\/1429"}],"up":[{"embeddable":true,"href":"https:\/\/www.upla.cl\/postgrado\/wp-json\/wp\/v2\/pages\/813"}],"wp:featuredmedia":[{"embeddable":true,"href":"https:\/\/www.upla.cl\/postgrado\/wp-json\/wp\/v2\/media\/1427"}],"wp:attachment":[{"href":"https:\/\/www.upla.cl\/postgrado\/wp-json\/wp\/v2\/media?parent=1072"}],"curies":[{"name":"wp","href":"https:\/\/api.w.org\/{rel}","templated":true}]}}