{"id":87695,"date":"2016-07-06T11:44:48","date_gmt":"2016-07-06T15:44:48","guid":{"rendered":"http:\/\/www.upla.cl\/investigacion\/?page_id=87695"},"modified":"2024-03-25T11:48:22","modified_gmt":"2024-03-25T14:48:22","slug":"comite-de-bioseguridad","status":"publish","type":"page","link":"https:\/\/www.upla.cl\/investigacion\/comite-de-bioseguridad\/","title":{"rendered":"Comit\u00e9 de Bioseguridad"},"content":{"rendered":"<p>[et_pb_section fb_built=\u00bb1&#8243; custom_padding_last_edited=\u00bbon|desktop\u00bb admin_label=\u00bbsection\u00bb _builder_version=\u00bb3.22&#8243; background_color=\u00bbrgba(255,255,255,0)\u00bb custom_padding_tablet=\u00bb50px|0|50px|0&#8243; custom_padding_phone=\u00bb\u00bb transparent_background=\u00bbon\u00bb padding_mobile=\u00bboff\u00bb make_fullwidth=\u00bboff\u00bb use_custom_width=\u00bboff\u00bb width_unit=\u00bbon\u00bb global_module=\u00bb79&#8243; global_colors_info=\u00bb{}\u00bb][et_pb_row column_structure=\u00bb3_4,1_4&#8243; use_custom_gutter=\u00bbon\u00bb gutter_width=\u00bb1&#8243; admin_label=\u00bbrow\u00bb _builder_version=\u00bb4.17.4&#8243; background_size=\u00bbinitial\u00bb background_position=\u00bbtop_left\u00bb background_repeat=\u00bbrepeat\u00bb width=\u00bb95%\u00bb max_width=\u00bb2560px\u00bb global_colors_info=\u00bb{}\u00bb][et_pb_column type=\u00bb3_4&#8243; _builder_version=\u00bb4.16&#8243; custom_padding=\u00bb|||\u00bb global_colors_info=\u00bb{}\u00bb custom_padding__hover=\u00bb|||\u00bb][et_pb_image src=\u00bbhttps:\/\/www.upla.cl\/investigacion\/wp-content\/uploads\/2022\/07\/02-dir-gene-investigacion.png\u00bb alt=\u00bbUniversidad de Playa Ancha (UPLA) &#8211; Direcci\u00f3n General de Investigaci\u00f3n\u00bb title_text=\u00bbUniversidad de Playa Ancha (UPLA) &#8211; Direcci\u00f3n General de Investigaci\u00f3n\u00bb url=\u00bbhttps:\/\/www.upla.cl\/investigacion\/\u00bb align_tablet=\u00bbcenter\u00bb align_phone=\u00bb\u00bb align_last_edited=\u00bbon|desktop\u00bb admin_label=\u00bbUniversidad de Playa Ancha &#8211; Investigaci\u00f3n &#8211; Header\u00bb _builder_version=\u00bb4.17.4&#8243; animation_style=\u00bbslide\u00bb animation_direction=\u00bbleft\u00bb animation_duration=\u00bb500ms\u00bb animation_intensity_slide=\u00bb10%\u00bb animation=\u00bbleft\u00bb sticky=\u00bboff\u00bb use_border_color=\u00bboff\u00bb border_color=\u00bb#ffffff\u00bb border_style=\u00bbsolid\u00bb always_center_on_mobile=\u00bbon\u00bb global_colors_info=\u00bb{}\u00bb][\/et_pb_image][\/et_pb_column][et_pb_column type=\u00bb1_4&#8243; _builder_version=\u00bb4.16&#8243; custom_padding=\u00bb|||\u00bb global_colors_info=\u00bb{}\u00bb custom_padding__hover=\u00bb|||\u00bb][et_pb_image src=\u00bbhttps:\/\/www.upla.cl\/portada\/wp-content\/uploads\/2022\/05\/UPLA_acreditada_2022-2027.png\u00bb url=\u00bbhttps:\/\/www.upla.cl\/calidad\/acreditacion\/acreditacion-institucional\/\u00bb url_new_window=\u00bbon\u00bb _builder_version=\u00bb4.17.4&#8243; _module_preset=\u00bbdefault\u00bb global_colors_info=\u00bb{}\u00bb][\/et_pb_image][\/et_pb_column][\/et_pb_row][\/et_pb_section][et_pb_section fb_built=\u00bb1&#8243; admin_label=\u00bbsection\u00bb _builder_version=\u00bb4.16&#8243; background_color=\u00bbrgba(255,255,255,0)\u00bb global_colors_info=\u00bb{}\u00bb][et_pb_row _builder_version=\u00bb4.16&#8243; background_size=\u00bbinitial\u00bb background_position=\u00bbtop_left\u00bb background_repeat=\u00bbrepeat\u00bb global_colors_info=\u00bb{}\u00bb][et_pb_column type=\u00bb4_4&#8243; _builder_version=\u00bb4.16&#8243; custom_padding=\u00bb|||\u00bb global_colors_info=\u00bb{}\u00bb custom_padding__hover=\u00bb|||\u00bb][et_pb_cta title=\u00bbComit\u00e9 de Bioseguridad\u00bb admin_label=\u00bbBioseguridad\u00bb _builder_version=\u00bb4.16&#8243; background_color=\u00bb#290091&#8243; background_size=\u00bbinitial\u00bb background_position=\u00bbtop_left\u00bb background_repeat=\u00bbrepeat\u00bb text_orientation=\u00bbleft\u00bb use_border_color=\u00bboff\u00bb border_color=\u00bb#ffffff\u00bb border_style=\u00bbsolid\u00bb button_letter_spacing_hover=\u00bb0&#8243; saved_tabs=\u00bball\u00bb global_colors_info=\u00bb{}\u00bb button_text_size__hover_enabled=\u00bboff\u00bb button_one_text_size__hover_enabled=\u00bboff\u00bb button_two_text_size__hover_enabled=\u00bboff\u00bb button_text_color__hover_enabled=\u00bboff\u00bb button_one_text_color__hover_enabled=\u00bboff\u00bb button_two_text_color__hover_enabled=\u00bboff\u00bb button_border_width__hover_enabled=\u00bboff\u00bb button_one_border_width__hover_enabled=\u00bboff\u00bb button_two_border_width__hover_enabled=\u00bboff\u00bb button_border_color__hover_enabled=\u00bboff\u00bb button_one_border_color__hover_enabled=\u00bboff\u00bb button_two_border_color__hover_enabled=\u00bboff\u00bb button_border_radius__hover_enabled=\u00bboff\u00bb button_one_border_radius__hover_enabled=\u00bboff\u00bb button_two_border_radius__hover_enabled=\u00bboff\u00bb button_letter_spacing__hover_enabled=\u00bbon\u00bb button_letter_spacing__hover=\u00bb0&#8243; button_one_letter_spacing__hover_enabled=\u00bboff\u00bb button_two_letter_spacing__hover_enabled=\u00bboff\u00bb button_bg_color__hover_enabled=\u00bboff\u00bb button_one_bg_color__hover_enabled=\u00bboff\u00bb button_two_bg_color__hover_enabled=\u00bboff\u00bb][\/et_pb_cta][et_pb_accordion admin_label=\u00bbAcorde\u00f3n: Comit\u00e9 BioSeguridad\u00bb _builder_version=\u00bb4.24.2&#8243; hover_enabled=\u00bb0&#8243; use_border_color=\u00bboff\u00bb border_color=\u00bb#ffffff\u00bb border_style=\u00bbsolid\u00bb saved_tabs=\u00bball\u00bb global_colors_info=\u00bb{}\u00bb sticky_enabled=\u00bb0&#8243;][et_pb_accordion_item title=\u00bbNormativa\u00bb open=\u00bbon\u00bb _builder_version=\u00bb4.24.2&#8243; hover_enabled=\u00bb0&#8243; global_colors_info=\u00bb{}\u00bb sticky_enabled=\u00bb0&#8243;]<\/p>\n<ul>\n<li><a href=\"https:\/\/www.upla.cl\/investigacion\/wp-content\/uploads\/2024\/03\/20030612_dto_0148.pdf\" target=\"_blank\" rel=\"noopener\" title=\"Decreto N\u00ba 148 del Ministerio de Salud\">Decreto N\u00ba 148 del Ministerio de Salud<\/a> (Minsal): Aprueba el Reglamento Sanitario sobre Manejo de Residuos Peligrosos.<\/li>\n<li><a href=\"https:\/\/www.upla.cl\/investigacion\/wp-content\/uploads\/2024\/03\/20090223_comitebioseguridad_dto_6-2009.pdf\" target=\"_blank\" rel=\"noopener\" title=\"Decreto N\u00ba 6 de la Subsecretar\u00eda de Salud P\u00fablica\">Decreto N\u00ba 6 de la Subsecretar\u00eda de Salud P\u00fablica<\/a>, Minsal: Aprueba el Reglamento sobre el Manejo de Residuos de Establecimientos de Atenci\u00f3n de Salud (REAS).<\/li>\n<li><a href=\"https:\/\/www.upla.cl\/investigacion\/wp-content\/uploads\/2024\/03\/2013014_comitebioseguridad_conicyt_declaracion-de-Singapur.pdf\" title=\"Declaraci\u00f3n de Singapur\">Declaraci\u00f3n de Singapur<\/a>: Sobre la integridad en la investigaci\u00f3n.<\/li>\n<li><a href=\"https:\/\/www.upla.cl\/investigacion\/wp-content\/uploads\/2024\/03\/2013014_comitebioseguridad_res_exta_0157-2013_declaracion-de-singapur.pdf\" target=\"_blank\" rel=\"noopener\" title=\"Resoluci\u00f3n Exenta N\u00ba 0157\/2013\">Resoluci\u00f3n Exenta N\u00ba 0157\/2013<\/a>: Establece principios y normas obligatorias para investigadores de proyectos de Conicty.<\/li>\n<li><a href=\"https:\/\/www.upla.cl\/investigacion\/wp-content\/uploads\/2024\/03\/20180823_comitebioseguridad_manualdenormas.pdf\" target=\"_blank\" rel=\"noopener\" title=\"Manual de Normas de Bioseguridad y Riesgos Asociados\">Manual de Normas de Bioseguridad y Riesgos Asociados<\/a>, Fondecyt &#8211; Conicyt (versi\u00f3n 2018)<\/li>\n<li><a href=\"https:\/\/www.upla.cl\/investigacion\/wp-content\/uploads\/2019\/01\/2019_0102_investigacion_comitebioseguridad_dto_exto_0909-2018.pdf\" target=\"_blank\" rel=\"noopener noreferrer\" title=\"Decreto Exento N\u00ba 0909\/2018\">Decreto Exento N\u00ba 0909\/2018<\/a>: Aprueba el reglamento del Comit\u00e9 de Bioseguridad de la Universidad de Playa Ancha.<\/li>\n<li><a href=\"https:\/\/www.upla.cl\/investigacion\/wp-content\/uploads\/2019\/01\/2019_0102_investigacion_comitebioseguridad_dto_exto_0573-2018.pdf\" target=\"_blank\" rel=\"noopener noreferrer\" title=\"Decreto Exento N\u00ba 0573\/2018\">Decreto Exento N\u00ba 0573\/2018<\/a>: Modifica el Decreto Exento N\u00ba 2366\/2012, que crea el Comit\u00e9 de bioseguridad de la Universidad de Playa Ancha.<\/li>\n<li><a href=\"https:\/\/www.upla.cl\/investigacion\/wp-content\/uploads\/2024\/03\/20240311_investigacion24_0191-2024-Modifica-dex-2366-2012.pdf\" target=\"_blank\" rel=\"noopener\" title=\"Decreto Exento N\u00b0 0191\/2024:\">Decreto Exento N\u00b0 0191\/2024:<\/a> Modifica el Decreto Exento N\u00ba 2366\/2012, que cre\u00f3 el Comit\u00e9 de bioseguridad de la Universidad y nombr\u00f3 a sus integrantes.<\/li>\n<\/ul>\n<p>&nbsp;<\/p>\n<ul>\n<li><a href=\"https:\/\/www.upla.cl\/investigacion\/wp-content\/uploads\/2024\/03\/20240325_comitebioseguridad_formulariosolicitud_v2.docx\" title=\"Formulario de solicitud de certificado de bioseguridad para proyectos y actividades de investigaci\u00f3n\"><strong>Formulario de solicitud de certificado de bioseguridad para proyectos y actividades de investigaci\u00f3n<\/strong><\/a>.<\/li>\n<\/ul>\n<p>[\/et_pb_accordion_item][et_pb_accordion_item title=\u00bbIntegrantes\u00bb _builder_version=\u00bb4.24.2&#8243; global_colors_info=\u00bb{}\u00bb open=\u00bboff\u00bb]<\/p>\n<p>Luis Fuentes Espinoza<br \/><strong>Director General de Prevenci\u00f3n de Riesgos<\/strong><br \/>Correo electr\u00f3nico: <a href=\"mailto:luis.fuentes@upla.cl\" target=\"_blank\" rel=\"noopener noreferrer\" title=\"luis.fuentes@upla.cl\">luis.fuentes@upla.cl<\/a><\/p>\n<p>Marisol Belmonte Soto<br \/><strong>Acad\u00e9mica de la Facultad de Ingenier\u00eda<\/strong><br \/>Correo electr\u00f3nico:\u00a0<a href=\"mailto:marisol.belmonte@upla.cl\" target=\"_blank\" rel=\"noopener noreferrer\" title=\"marisol.belmonte@upla.cl\">marisol.belmonte@upla.cl<\/a><\/p>\n<p>Patricio Arce Gonz\u00e1lez<br \/><strong>Director General de Infraestructura<\/strong><br \/>Correo electr\u00f3nico: <a href=\"mailto:patricio.arce@upla.cl\" target=\"_blank\" rel=\"noopener noreferrer\" title=\"patricio.arce@upla.cl\">patricio.arce@upla.cl<\/a><\/p>\n<p>Fernanda Rodr\u00edguez Rojas<br \/><strong>Acad\u00e9mica de la Facultad de Ciencias Naturales y Exactas<\/strong><br \/>Correo electr\u00f3nico: <a href=\"mailto:fernanda.rodriguez@upla.cl\" target=\"_blank\" rel=\"noopener noreferrer\" title=\"fernanda.rodriguez@upla.cl\">fernanda.rodriguez@upla.cl<\/a><\/p>\n<p>[\/et_pb_accordion_item][\/et_pb_accordion][\/et_pb_column][\/et_pb_row][\/et_pb_section]<\/p>\n","protected":false},"excerpt":{"rendered":"<p>Decreto N\u00ba 148 del Ministerio de Salud (Minsal): Aprueba el Reglamento Sanitario sobre Manejo de Residuos Peligrosos. Decreto N\u00ba 6 de la Subsecretar\u00eda de Salud P\u00fablica, Minsal: Aprueba el Reglamento sobre el Manejo de Residuos de Establecimientos de Atenci\u00f3n de Salud (REAS). Declaraci\u00f3n de Singapur: Sobre la integridad en la investigaci\u00f3n. Resoluci\u00f3n Exenta N\u00ba 0157\/2013: [&hellip;]<\/p>\n","protected":false},"author":1,"featured_media":0,"parent":0,"menu_order":10,"comment_status":"closed","ping_status":"closed","template":"","meta":{"_et_pb_use_builder":"on","_et_pb_old_content":"","_et_gb_content_width":"","footnotes":""},"class_list":["post-87695","page","type-page","status-publish","hentry"],"_links":{"self":[{"href":"https:\/\/www.upla.cl\/investigacion\/wp-json\/wp\/v2\/pages\/87695","targetHints":{"allow":["GET"]}}],"collection":[{"href":"https:\/\/www.upla.cl\/investigacion\/wp-json\/wp\/v2\/pages"}],"about":[{"href":"https:\/\/www.upla.cl\/investigacion\/wp-json\/wp\/v2\/types\/page"}],"author":[{"embeddable":true,"href":"https:\/\/www.upla.cl\/investigacion\/wp-json\/wp\/v2\/users\/1"}],"replies":[{"embeddable":true,"href":"https:\/\/www.upla.cl\/investigacion\/wp-json\/wp\/v2\/comments?post=87695"}],"version-history":[{"count":21,"href":"https:\/\/www.upla.cl\/investigacion\/wp-json\/wp\/v2\/pages\/87695\/revisions"}],"predecessor-version":[{"id":95514,"href":"https:\/\/www.upla.cl\/investigacion\/wp-json\/wp\/v2\/pages\/87695\/revisions\/95514"}],"wp:attachment":[{"href":"https:\/\/www.upla.cl\/investigacion\/wp-json\/wp\/v2\/media?parent=87695"}],"curies":[{"name":"wp","href":"https:\/\/api.w.org\/{rel}","templated":true}]}}