{"id":132113,"date":"2021-06-29T15:11:29","date_gmt":"2021-06-29T19:11:29","guid":{"rendered":"https:\/\/www.upla.cl\/institutotecnologico\/?page_id=132113"},"modified":"2025-07-04T10:20:42","modified_gmt":"2025-07-04T14:20:42","slug":"articulacion-emtp","status":"publish","type":"page","link":"https:\/\/www.upla.cl\/institutotecnologico\/articulacion-emtp\/","title":{"rendered":"Articulaci\u00f3n EMTP"},"content":{"rendered":"<p>[et_pb_section fb_built=\u00bb1&#8243; admin_label=\u00bbBanner carrera con info instant\u00e1nea\u00bb _builder_version=\u00bb4.27.4&#8243; background_image=\u00bbhttps:\/\/www.upla.cl\/institutotecnologico\/wp-content\/uploads\/2014\/09\/Visita-laboratorio_san-felipe2.jpg\u00bb background_position=\u00bbtop_left\u00bb custom_margin=\u00bb|||\u00bb custom_padding=\u00bb2.5%||10.3%|||\u00bb hover_enabled=\u00bb0&#8243; global_colors_info=\u00bb{}\u00bb background_color=\u00bbrgba(0,0,0,0.47)\u00bb background_blend=\u00bbhue\u00bb sticky_enabled=\u00bb0&#8243;][et_pb_row column_structure=\u00bb1_2,1_2&#8243; _builder_version=\u00bb4.19.3&#8243; _module_preset=\u00bbdefault\u00bb global_colors_info=\u00bb{}\u00bb][et_pb_column type=\u00bb1_2&#8243; _builder_version=\u00bb4.19.3&#8243; _module_preset=\u00bbdefault\u00bb global_colors_info=\u00bb{}\u00bb][et_pb_cta title=\u00bbArticulaci\u00f3n EMTP\u00bb button_url=\u00bb#\u00bb _builder_version=\u00bb4.22.2&#8243; header_level=\u00bbh1&#8243; header_font=\u00bbLato|900||on|||||\u00bb header_font_size=\u00bb40px\u00bb header_letter_spacing=\u00bb1px\u00bb header_line_height=\u00bb1.2em\u00bb body_font=\u00bbLato||||||||\u00bb body_font_size=\u00bb18px\u00bb body_line_height=\u00bb1.5em\u00bb use_background_color=\u00bboff\u00bb text_orientation=\u00bbleft\u00bb max_width=\u00bb750px\u00bb module_alignment=\u00bbleft\u00bb custom_margin=\u00bb61px|||||\u00bb animation_style=\u00bbfold\u00bb animation_intensity_fold=\u00bb16%\u00bb header_font_size_tablet=\u00bb46px\u00bb header_font_size_phone=\u00bb\u00bb header_font_size_last_edited=\u00bbon|tablet\u00bb header_text_shadow_style=\u00bbpreset3&#8243; header_text_shadow_color=\u00bbrgba(0,0,0,0.6)\u00bb text_shadow_style=\u00bbpreset3&#8243; button_letter_spacing_hover=\u00bb2px\u00bb global_colors_info=\u00bb%91%93&#8243; button_text_size__hover_enabled=\u00bboff\u00bb button_one_text_size__hover_enabled=\u00bboff\u00bb button_two_text_size__hover_enabled=\u00bboff\u00bb button_text_color__hover_enabled=\u00bboff\u00bb button_one_text_color__hover_enabled=\u00bboff\u00bb button_two_text_color__hover_enabled=\u00bboff\u00bb button_border_width__hover_enabled=\u00bboff\u00bb button_one_border_width__hover_enabled=\u00bboff\u00bb button_two_border_width__hover_enabled=\u00bboff\u00bb button_border_color__hover_enabled=\u00bboff\u00bb button_one_border_color__hover_enabled=\u00bboff\u00bb button_two_border_color__hover_enabled=\u00bboff\u00bb button_border_radius__hover_enabled=\u00bboff\u00bb button_one_border_radius__hover_enabled=\u00bboff\u00bb button_two_border_radius__hover_enabled=\u00bboff\u00bb button_letter_spacing__hover_enabled=\u00bbon\u00bb button_letter_spacing__hover=\u00bb2px\u00bb button_one_letter_spacing__hover_enabled=\u00bboff\u00bb button_two_letter_spacing__hover_enabled=\u00bboff\u00bb button_bg_color__hover_enabled=\u00bboff\u00bb button_one_bg_color__hover_enabled=\u00bboff\u00bb button_two_bg_color__hover_enabled=\u00bboff\u00bb][\/et_pb_cta][\/et_pb_column][et_pb_column type=\u00bb1_2&#8243; _builder_version=\u00bb4.19.3&#8243; _module_preset=\u00bbdefault\u00bb global_colors_info=\u00bb{}\u00bb][\/et_pb_column][\/et_pb_row][\/et_pb_section][et_pb_section fb_built=\u00bb1&#8243; admin_label=\u00bbPerfil y bienvenida\u00bb _builder_version=\u00bb4.22.1&#8243; _module_preset=\u00bbdefault\u00bb custom_margin=\u00bb||0px||false|false\u00bb custom_padding=\u00bb54px|0px|50px|0px|false|false\u00bb global_colors_info=\u00bb{}\u00bb][et_pb_row use_custom_gutter=\u00bbon\u00bb _builder_version=\u00bb4.22.2&#8243; _module_preset=\u00bbdefault\u00bb background_color=\u00bb#FFFFFF\u00bb max_width=\u00bb2560px\u00bb min_height=\u00bb427px\u00bb custom_margin=\u00bb-10%||12px||false|false\u00bb custom_margin_tablet=\u00bb-10%||12px||false|false\u00bb custom_margin_phone=\u00bb-150px||||false|false\u00bb custom_margin_last_edited=\u00bbon|phone\u00bb custom_padding=\u00bb20px|0px|50px|0px|false|false\u00bb animation_style=\u00bbslide\u00bb border_radii=\u00bbon|15px|15px|15px|15px\u00bb border_width_top=\u00bb18px\u00bb border_color_top=\u00bb#565656&#8243; border_style_top=\u00bboutset\u00bb box_shadow_style=\u00bbpreset3&#8243; box_shadow_vertical=\u00bb39px\u00bb box_shadow_blur=\u00bb80px\u00bb global_colors_info=\u00bb{}\u00bb][et_pb_column type=\u00bb4_4&#8243; _builder_version=\u00bb4.22.1&#8243; _module_preset=\u00bbdefault\u00bb global_colors_info=\u00bb{}\u00bb][et_pb_text _builder_version=\u00bb4.27.4&#8243; text_font_size=\u00bb16px\u00bb text_line_height=\u00bb1.5em\u00bb custom_padding=\u00bb45px|5%|45px|5%|true|true\u00bb global_colors_info=\u00bb{}\u00bb]Los <strong>convenios de articulaci\u00f3n con Establecimientos de Educaci\u00f3n Media T\u00e9cnico Profesional (EMTP)<\/strong>, permiten reconocer aprendizajes obtenidos por las y los estudiantes egresados de estos establecimientos en su ingreso a las carreras t\u00e9cnicas del Instituto Tecnol\u00f3gico de la Universidad de Playa Ancha (ITEC-UPLA), mediante la convalidaci\u00f3n de m\u00f3dulos de especialidad con las asignaturas de las carreras detalladas en cada uno de los convenios.<\/p>\n<p>Las y los estudiantes que cumplan con los requisitos para acceder a los beneficios del convenio, pueden disminuir el n\u00famero de asignaturas de la carrera a cursar en los semestres donde \u00e9stas se imparten.<\/p>\n<p>En la actualidad, once establecimientos de EMTP tienen convenio de articulaci\u00f3n con el Instituto Tecnol\u00f3gico de la Universidad de Playa Ancha: [\/et_pb_text][et_pb_text _builder_version=\u00bb4.27.4&#8243; _module_preset=\u00bbdefault\u00bb text_font_size=\u00bb16px\u00bb text_line_height=\u00bb1.3em\u00bb custom_padding=\u00bb2%|5%||5%|false|true\u00bb global_colors_info=\u00bb{}\u00bb]<\/p>\n<table width=\"100%\" border=\"0\" cellpadding=\"0\" style=\"width: 100%; height: 1395px;\">\n<tbody>\n<tr style=\"height: 80px;\">\n<td width=\"133\" style=\"height: 80px; width: 19.1761%;\"><strong>Establecimiento educativo<\/strong><\/td>\n<td width=\"119\" style=\"height: 80px; width: 16.4773%;\"><strong>Especialidad de EMTP<\/strong><\/td>\n<td width=\"119\" style=\"height: 80px; width: 17.1875%;\"><strong>Carrera t\u00e9cnica en ITEC-UPLA<\/strong><\/td>\n<td width=\"195\" style=\"height: 80px; width: 16.0511%;\"><strong>Nombre del(los) m\u00f3dulo(s) a convalidar<\/strong><\/td>\n<td width=\"156\" style=\"height: 80px; width: 17.3295%;\"><strong>Nombre de la(s) asignatura(s) a convalidar<\/strong><\/td>\n<td width=\"119\" style=\"height: 80px; width: 11.3636%;\"><strong>N\u00b0 del Decreto Exento (D.E.) del convenio <\/strong><\/td>\n<\/tr>\n<tr style=\"height: 80px;\">\n<td width=\"133\" style=\"height: 80px; width: 19.1761%;\">Liceo Particular Mixto de San Felipe<\/td>\n<td width=\"119\" style=\"height: 80px; width: 16.4773%;\">Explotaci\u00f3n Minera<\/td>\n<td width=\"119\" style=\"height: 80px; width: 17.1875%;\">T\u00e9cnico en Miner\u00eda<\/td>\n<td width=\"195\" style=\"height: 80px; width: 16.0511%;\">Marco Legal y Seguridad en Plantas de Explotaci\u00f3n Minera<\/td>\n<td width=\"156\" style=\"height: 80px; width: 17.3295%;\">Legislaci\u00f3n y Prevenci\u00f3n de Accidentes<\/td>\n<td rowspan=\"3\" width=\"119\" style=\"height: 212px; width: 11.3636%;\"><a href=\"https:\/\/www.upla.cl\/institutotecnologico\/wp-content\/uploads\/2021\/06\/20210622_institutotecnologico_articulacion_emtp_dto_exto_0252-2021.pdf\" target=\"_blank\" rel=\"noopener\" title=\"D.E. UPLA N\u00b0 0252\/2021\">D.E. N\u00b0 0252\/2021<\/a><\/td>\n<\/tr>\n<tr style=\"height: 80px;\">\n<td rowspan=\"2\" width=\"133\" style=\"height: 132px; width: 19.1761%;\">Liceo Particular Mixto de Los Andes<\/td>\n<td width=\"119\" style=\"height: 52px; width: 16.4773%;\">Explotaci\u00f3n Minera<\/td>\n<td rowspan=\"2\" width=\"119\" style=\"height: 132px; width: 17.1875%;\">T\u00e9cnico en Miner\u00eda<\/td>\n<td width=\"195\" style=\"height: 52px; width: 16.0511%;\">Marco Legal y Seguridad en Plantas de Explotaci\u00f3n Minera<\/td>\n<td width=\"156\" style=\"height: 52px; width: 17.3295%;\">Legislaci\u00f3n y Prevenci\u00f3n de Accidentes<\/td>\n<\/tr>\n<tr style=\"height: 80px;\">\n<td width=\"119\" style=\"height: 80px; width: 16.4773%;\">Metalurgia Extractiva<\/td>\n<td width=\"195\" style=\"height: 80px; width: 16.0511%;\">Legislaci\u00f3n y Prevenci\u00f3n de Riesgos en la Miner\u00eda<\/td>\n<td width=\"156\" style=\"height: 80px; width: 17.3295%;\">Legislaci\u00f3n y Prevenci\u00f3n de Accidentes<\/td>\n<\/tr>\n<tr style=\"height: 54px;\">\n<td rowspan=\"2\" width=\"133\" style=\"height: 110px; width: 19.1761%;\">Liceo Polit\u00e9cnico de Llay Llay<\/td>\n<td rowspan=\"2\" width=\"119\" style=\"height: 110px; width: 16.4773%;\">Administraci\u00f3n, Menci\u00f3n Recursos Humanos<\/td>\n<td rowspan=\"2\" width=\"119\" style=\"height: 110px; width: 17.1875%;\">T\u00e9cnico en Administraci\u00f3n de Recursos Humanos<\/td>\n<td width=\"195\" style=\"height: 54px; width: 16.0511%;\">Utilizaci\u00f3n de Informaci\u00f3n Contable<\/td>\n<td width=\"156\" style=\"height: 54px; width: 17.3295%;\">Taller I: Contabilidad<\/td>\n<td rowspan=\"2\" width=\"119\" style=\"height: 110px; width: 11.3636%;\"><a href=\"https:\/\/www.upla.cl\/institutotecnologico\/wp-content\/uploads\/2021\/06\/20210622_institutotecnologico_articulacion_emtp_dto_exto_0199-2021.pdf\" target=\"_blank\" rel=\"noopener\" title=\"D.E. UPLA N\u00b0 0199\/2021\">D.E. N\u00b0 0199\/2021<\/a><\/td>\n<\/tr>\n<tr style=\"height: 56px;\">\n<td width=\"195\" style=\"height: 56px; width: 16.0511%;\">Legislaci\u00f3n Laboral<\/td>\n<td width=\"156\" style=\"height: 56px; width: 17.3295%;\">Legislaci\u00f3n Laboral y Previsional<\/td>\n<\/tr>\n<tr style=\"height: 80px;\">\n<td width=\"133\" style=\"height: 80px; width: 19.1761%;\">Liceo T\u00e9cnico Pedro Aguirre Cerda<\/td>\n<td width=\"119\" style=\"height: 80px; width: 16.4773%;\">Explotaci\u00f3n Minera<\/td>\n<td width=\"119\" style=\"height: 80px; width: 17.1875%;\">T\u00e9cnico en Miner\u00eda<\/td>\n<td width=\"195\" style=\"height: 80px; width: 16.0511%;\">Marco Legal y Seguridad en Plantas de Explotaci\u00f3n Minera<\/td>\n<td width=\"156\" style=\"height: 80px; width: 17.3295%;\">Legislaci\u00f3n y Prevenci\u00f3n de Accidentes<\/td>\n<td width=\"119\" style=\"height: 80px; width: 11.3636%;\"><a href=\"https:\/\/www.upla.cl\/institutotecnologico\/wp-content\/uploads\/2021\/06\/20210622_institutotecnologico_articulacion_emtp_dto_exto_0198-2021.pdf\" target=\"_blank\" rel=\"noopener\" title=\"D.E. N\u00b0 0198\/2021\">D.E. N\u00b0 0198\/2021<\/a><\/td>\n<\/tr>\n<tr style=\"height: 56px;\">\n<td rowspan=\"2\" width=\"133\" style=\"height: 112px; width: 19.1761%;\">Colegio Panquehue<\/td>\n<td rowspan=\"2\" width=\"119\" style=\"height: 112px; width: 16.4773%;\">Administraci\u00f3n, Menci\u00f3n Log\u00edstica<\/td>\n<td rowspan=\"2\" width=\"119\" style=\"height: 112px; width: 17.1875%;\">T\u00e9cnico en Administraci\u00f3n Log\u00edstica<\/td>\n<td width=\"195\" style=\"height: 56px; width: 16.0511%;\">Procesos Administrativos<\/td>\n<td width=\"156\" style=\"height: 56px; width: 17.3295%;\">Administraci\u00f3n General<\/td>\n<td rowspan=\"2\" width=\"119\" style=\"height: 112px; width: 11.3636%;\"><a href=\"https:\/\/www.upla.cl\/institutotecnologico\/wp-content\/uploads\/2021\/06\/20210622_institutotecnologico_articulacion_emtp_dto_exto_0195-2021.pdf\" target=\"_blank\" rel=\"noopener\" title=\"D.E. UPLA N\u00b0 0195\/2021\">D.E. N\u00b0 0195\/2021<\/a><\/td>\n<\/tr>\n<tr style=\"height: 56px;\">\n<td width=\"195\" style=\"height: 56px; width: 16.0511%;\">Utilizaci\u00f3n de Informaci\u00f3n Contable<\/td>\n<td width=\"156\" style=\"height: 56px; width: 17.3295%;\">Taller I: Contabilidad<\/td>\n<\/tr>\n<tr style=\"height: 56px;\">\n<td rowspan=\"3\" width=\"133\" style=\"height: 168px; width: 19.1761%;\">Colegio Santa Mar\u00eda de Aconcagua<\/td>\n<td rowspan=\"3\" width=\"119\" style=\"height: 168px; width: 16.4773%;\">Administraci\u00f3n, Menci\u00f3n Recursos Humanos<\/td>\n<td rowspan=\"3\" width=\"119\" style=\"height: 168px; width: 17.1875%;\">T\u00e9cnico en Administraci\u00f3n de Recursos Humanos<\/td>\n<td width=\"195\" style=\"height: 56px; width: 16.0511%;\">Procesos Administrativos<\/td>\n<td width=\"156\" style=\"height: 56px; width: 17.3295%;\">Administraci\u00f3n General<\/td>\n<td rowspan=\"3\" width=\"119\" style=\"height: 168px; width: 11.3636%;\"><a href=\"https:\/\/www.upla.cl\/institutotecnologico\/wp-content\/uploads\/2021\/06\/20210622_institutotecnologico_articulacion_emtp_dto_exto_0196-2021.pdf\" target=\"_blank\" rel=\"noopener\" title=\"D.E. UPLA N\u00b0 0196\/2021\">D.E. N\u00b0 0196\/2021<\/a><\/td>\n<\/tr>\n<tr style=\"height: 56px;\">\n<td width=\"195\" style=\"height: 56px; width: 16.0511%;\">Utilizaci\u00f3n de Informaci\u00f3n Contable<\/td>\n<td width=\"156\" style=\"height: 56px; width: 17.3295%;\">Taller I: Contabilidad<\/td>\n<\/tr>\n<tr style=\"height: 56px;\">\n<td width=\"195\" style=\"height: 56px; width: 16.0511%;\"><\/td>\n<td width=\"156\" style=\"height: 56px; width: 17.3295%;\">Legislaci\u00f3n Laboral y Previsional<\/td>\n<\/tr>\n<tr style=\"height: 80px;\">\n<td rowspan=\"4\" width=\"133\" style=\"height: 316px; width: 19.1761%;\">Escuela Industrial Guillermo Richards Cuevas<\/td>\n<td rowspan=\"3\" width=\"119\" style=\"height: 236px; width: 16.4773%;\">Instalaciones Sanitarias<\/td>\n<td rowspan=\"3\" width=\"119\" style=\"height: 236px; width: 17.1875%;\">T\u00e9cnico en Construcci\u00f3n<\/td>\n<td width=\"195\" style=\"height: 80px; width: 16.0511%;\">Dise\u00f1o de Planos e Interpretaci\u00f3n de Manuales de Instalaciones Sanitarias<\/td>\n<td width=\"156\" style=\"height: 80px; width: 17.3295%;\">Taller I: Dibujo e Interpretaci\u00f3n de Planos.<\/td>\n<td rowspan=\"4\" width=\"119\" style=\"height: 316px; width: 11.3636%;\"><a href=\"https:\/\/www.upla.cl\/institutotecnologico\/wp-content\/uploads\/2021\/06\/20210622_institutotecnologico_articulacion_emtp_dto_exto_0197-2021.pdf\" target=\"_blank\" rel=\"noopener\" title=\"D.E. UPLA N\u00b0 0197\/2021\">D.E. N\u00b0 0197\/2021<\/a><\/td>\n<\/tr>\n<tr style=\"height: 76px;\">\n<td width=\"195\" style=\"height: 76px; width: 16.0511%;\">Instalaci\u00f3n y Mantenci\u00f3n de Redes de Agua Potable y Artefactos Sanitarios<\/td>\n<td rowspan=\"2\" width=\"156\" style=\"height: 156px; width: 17.3295%;\">Instalaciones Domiciliarias<\/td>\n<\/tr>\n<tr style=\"height: 80px;\">\n<td width=\"195\" style=\"height: 80px; width: 16.0511%;\">Instalaci\u00f3n y Mantenci\u00f3n de Redes y Artefactos de Gas<\/td>\n<\/tr>\n<tr style=\"height: 80px;\">\n<td width=\"119\" style=\"height: 80px; width: 16.4773%;\">Construcciones Met\u00e1licas<\/td>\n<td width=\"119\" style=\"height: 80px; width: 17.1875%;\">T\u00e9cnico en Construcci\u00f3n<\/td>\n<td width=\"195\" style=\"height: 80px; width: 16.0511%;\">Dise\u00f1o de Estructuras y Trazado de Piezas Met\u00e1licas<\/td>\n<td width=\"156\" style=\"height: 80px; width: 17.3295%;\">Taller I: Dibujo e Interpretaci\u00f3n de Planos<\/td>\n<\/tr>\n<tr style=\"height: 24px;\">\n<td style=\"height: 96px; width: 19.1761%;\" rowspan=\"4\">Liceo Dar\u00edo Salas<\/td>\n<td style=\"height: 96px; width: 16.4773%;\" rowspan=\"4\">Administraci\u00f3n, menci\u00f3n Log\u00edstica<\/td>\n<td style=\"height: 96px; width: 17.1875%;\" rowspan=\"4\">T\u00e9cnico en Administraci\u00f3n Log\u00edstica<\/td>\n<td style=\"height: 24px; width: 16.0511%;\">Procesos Administrativos<\/td>\n<td style=\"height: 24px; width: 17.3295%;\">Administraci\u00f3n General<\/td>\n<td style=\"height: 96px; width: 11.3636%;\" rowspan=\"4\"><a href=\"https:\/\/www.upla.cl\/institutotecnologico\/wp-content\/uploads\/2022\/04\/20220401_institutotecnologico_emtp_dto_exto_1024-2021.pdf\" target=\"_blank\" rel=\"noopener\" title=\"Utilizaci\u00f3n de Informaci\u00f3n Contable\">D.E. n\u00ba 1024\/2021<\/a><\/td>\n<\/tr>\n<tr style=\"height: 24px;\">\n<td style=\"height: 24px; width: 16.0511%;\">Utilizaci\u00f3n de Informaci\u00f3n Contable<\/td>\n<td style=\"height: 24px; width: 17.3295%;\">Taller I: Contabilidad<\/td>\n<\/tr>\n<tr style=\"height: 24px;\">\n<td style=\"height: 24px; width: 16.0511%;\">Operaciones de Almacenamiento<\/td>\n<td style=\"height: 24px; width: 17.3295%;\">Gesti\u00f3n de inventario y Operaciones de Almacenamiento<\/td>\n<\/tr>\n<tr style=\"height: 24px;\">\n<td style=\"height: 24px; width: 16.0511%;\">Operaciones de Bodega<\/td>\n<td style=\"height: 24px; width: 17.3295%;\"><\/td>\n<\/tr>\n<tr style=\"height: 24px;\">\n<td style=\"height: 72px; width: 19.1761%;\" rowspan=\"3\">Liceo T\u00e9cnico Amancay<\/td>\n<td style=\"height: 72px; width: 16.4773%;\" rowspan=\"3\">Administraci\u00f3n, menci\u00f3n en Recursos Humanos<\/td>\n<td style=\"height: 72px; width: 17.1875%;\" rowspan=\"3\">T\u00e9cnico en Administraci\u00f3n de Recursos Humanos<\/td>\n<td style=\"height: 24px; width: 16.0511%;\">Procesos Administrativos<\/td>\n<td style=\"height: 24px; width: 17.3295%;\">Administraci\u00f3n Generalo<\/td>\n<td style=\"height: 72px; width: 11.3636%;\" rowspan=\"3\"><a href=\"https:\/\/www.upla.cl\/institutotecnologico\/wp-content\/uploads\/2022\/04\/20220401_institutotecnologico_emtp_dto_exto_1025-2021.pdf\" target=\"_blank\" rel=\"noopener\" title=\"D.E. N\u00ba 1025\/2021\">D.E. N\u00ba 1025\/2021<\/a><\/td>\n<\/tr>\n<tr style=\"height: 24px;\">\n<td style=\"height: 24px; width: 16.0511%;\">Utilizaci\u00f3n de Informaci\u00f3n Contable<\/td>\n<td style=\"height: 24px; width: 17.3295%;\">Taller I: Contabilidad<\/td>\n<\/tr>\n<tr style=\"height: 24px;\">\n<td style=\"height: 24px; width: 16.0511%;\">Legislaci\u00f3n Laboral<\/td>\n<td style=\"height: 24px; width: 17.3295%;\">Legislaci\u00f3n Laboral y Previsional<\/td>\n<\/tr>\n<tr style=\"height: 24px;\">\n<td style=\"height: 77px; width: 19.1761%;\" rowspan=\"3\">Liceo Municipal A-2 de Cabildo<\/td>\n<td style=\"height: 77px; width: 16.4773%;\" rowspan=\"3\">Administraci\u00f3n, menci\u00f3n en Recursos Humanos<\/td>\n<td style=\"height: 77px; width: 17.1875%;\" rowspan=\"3\">T\u00e9cnico en Administraci\u00f3n de Recursos Humanos<\/td>\n<td style=\"height: 24px; width: 16.0511%;\">Procesos Administrativos<\/td>\n<td style=\"height: 24px; width: 17.3295%;\">Administraci\u00f3n General<\/td>\n<td style=\"height: 77px; width: 11.3636%;\" rowspan=\"3\"><a href=\"https:\/\/www.upla.cl\/institutotecnologico\/wp-content\/uploads\/2022\/04\/20220401_institutotecnologico_emtp_dto_exto_1026-2021.pdf\" target=\"_blank\" rel=\"noopener\" title=\"D.E. N\u00ba 1026\/2021\">D.E. N\u00ba 1026\/2021<\/a><\/td>\n<\/tr>\n<tr style=\"height: 24px;\">\n<td style=\"height: 29px; width: 16.0511%;\">Utilizaci\u00f3n de Informaci\u00f3n Contable<\/td>\n<td style=\"height: 29px; width: 17.3295%;\">Taller I: Contabilidad<\/td>\n<\/tr>\n<tr style=\"height: 24px;\">\n<td style=\"height: 24px; width: 16.0511%;\">Legislaci\u00f3n Laboral<\/td>\n<td style=\"height: 24px; width: 17.3295%;\">Legislaci\u00f3n Laboral y Previsional<\/td>\n<\/tr>\n<tr style=\"height: 24px;\">\n<td style=\"height: 72px; width: 19.1761%;\" rowspan=\"3\">Colegio Alonso de Ercilla<\/td>\n<td style=\"height: 72px; width: 16.4773%;\" rowspan=\"3\">Administraci\u00f3n, menci\u00f3n en Recursos Humanos<\/td>\n<td style=\"height: 72px; width: 17.1875%;\" rowspan=\"3\">T\u00e9cnico en Administraci\u00f3n de Recursos Humanos<\/td>\n<td style=\"height: 24px; width: 16.0511%;\">Procesos Administrativos<\/td>\n<td style=\"height: 24px; width: 17.3295%;\">Administraci\u00f3n General<\/td>\n<td style=\"height: 72px; width: 11.3636%;\" rowspan=\"3\"><a href=\"https:\/\/www.upla.cl\/institutotecnologico\/wp-content\/uploads\/2022\/04\/20220401_institutotecnologico_emtp_dto_exto_1027-2021.pdf\" target=\"_blank\" rel=\"noopener\" title=\"D.E. N\u00ba 1027\/2021\">D.E. N\u00ba 1027\/2021<\/a><\/td>\n<\/tr>\n<tr style=\"height: 24px;\">\n<td style=\"height: 24px; width: 16.0511%;\">Utilizaci\u00f3n de Informaci\u00f3n Contable<\/td>\n<td style=\"height: 24px; width: 17.3295%;\">Taller I: Contabilidad<\/td>\n<\/tr>\n<tr style=\"height: 24px;\">\n<td style=\"height: 24px; width: 16.0511%;\">Legislaci\u00f3n Laboral<\/td>\n<td style=\"height: 24px; width: 17.3295%;\">Legislaci\u00f3n Laboral y Previsional<\/td>\n<\/tr>\n<\/tbody>\n<\/table>\n<p>[\/et_pb_text][\/et_pb_column][\/et_pb_row][\/et_pb_section][et_pb_section fb_built=\u00bb1&#8243; admin_label=\u00bbBecas y beneficios\u00bb module_id=\u00bbbeneficiosestudiantiles\u00bb _builder_version=\u00bb4.22.2&#8243; _module_preset=\u00bbdefault\u00bb custom_margin=\u00bb||0px||false|false\u00bb custom_padding=\u00bb50px|0px|0px|0px|false|false\u00bb global_module=\u00bb132715&#8243; saved_tabs=\u00bball\u00bb global_colors_info=\u00bb{}\u00bb][et_pb_row column_structure=\u00bb1_3,1_3,1_3&#8243; use_custom_gutter=\u00bbon\u00bb gutter_width=\u00bb1.3&#8243; custom_padding_last_edited=\u00bbon|phone\u00bb _builder_version=\u00bb4.22.2&#8243; _module_preset=\u00bbdefault\u00bb background_color=\u00bbRGBA(255,255,255,0)\u00bb max_width=\u00bb2560px\u00bb min_height=\u00bb350px\u00bb custom_margin=\u00bb-3.3%|auto|10px|auto|false|true\u00bb custom_padding=\u00bb50px|0px|14px|0px|false|false\u00bb custom_padding_tablet=\u00bb\u00bb custom_padding_phone=\u00bb0px|0px|14px|0px|false|false\u00bb animation_style=\u00bbslide\u00bb animation_direction=\u00bbbottom\u00bb animation_intensity_slide=\u00bb6%\u00bb animation_starting_opacity=\u00bb100%\u00bb animation_starting_opacity_tablet=\u00bb100%\u00bb animation_starting_opacity_phone=\u00bb100%\u00bb animation_starting_opacity_last_edited=\u00bbon|desktop\u00bb border_radii=\u00bbon|15px|15px|15px|15px\u00bb border_color_top=\u00bbRGBA(255,255,255,0)\u00bb border_style_top=\u00bboutset\u00bb global_colors_info=\u00bb{}\u00bb][et_pb_column type=\u00bb1_3&#8243; _builder_version=\u00bb4.22.1&#8243; _module_preset=\u00bbdefault\u00bb global_colors_info=\u00bb{}\u00bb][et_pb_text _builder_version=\u00bb4.27.4&#8243; _module_preset=\u00bbdefault\u00bb text_font=\u00bb|800|||||||\u00bb text_text_color=\u00bb#004562&#8243; text_font_size=\u00bb25px\u00bb text_line_height=\u00bb1.6em\u00bb header_2_font=\u00bb|700|||||||\u00bb header_2_text_align=\u00bbleft\u00bb header_2_text_color=\u00bb#565656&#8243; header_2_font_size=\u00bb32px\u00bb text_orientation=\u00bbcenter\u00bb custom_padding=\u00bb20px||20px|30px|false|false\u00bb global_colors_info=\u00bb{}\u00bb]<\/p>\n<h2 style=\"text-align: left;\">Becas y beneficios<\/h2>\n<p>[\/et_pb_text][et_pb_text _builder_version=\u00bb4.27.4&#8243; _module_preset=\u00bbdefault\u00bb custom_padding=\u00bb||20px|30px|false|false\u00bb global_colors_info=\u00bb{}\u00bb]<\/p>\n<p><strong>*<\/strong> Carreras en modalidad en l\u00ednea no est\u00e1n adscritas a gratuidad.<\/p>\n<p>[\/et_pb_text][\/et_pb_column][et_pb_column type=\u00bb1_3&#8243; _builder_version=\u00bb4.22.1&#8243; _module_preset=\u00bbdefault\u00bb global_colors_info=\u00bb{}\u00bb][et_pb_blurb title=\u00bbBeneficios estudiantiles estatales para la Educaci\u00f3n Superior\u00bb url=\u00bbhttps:\/\/portal.beneficiosestudiantiles.cl\/\u00bb url_new_window=\u00bbon\u00bb image=\u00bbhttps:\/\/www.upla.cl\/admision\/archivoseimagenes\/2025\/03\/20250327_fuas-banner-admision.png\u00bb _builder_version=\u00bb4.27.4&#8243; _module_preset=\u00bbdefault\u00bb header_text_color=\u00bb#009bdb\u00bb body_text_color=\u00bb#565656&#8243; body_line_height=\u00bb1.2em\u00bb custom_padding=\u00bb|15px|||false|false\u00bb animation_direction=\u00bbright\u00bb animation=\u00bbright\u00bb link_option_url=\u00bbhttps:\/\/portal.beneficiosestudiantiles.cl\/\u00bb link_option_url_new_window=\u00bbon\u00bb border_radii_image=\u00bbon|5px|5px|5px|5px\u00bb box_shadow_style_image=\u00bbpreset3&#8243; global_colors_info=\u00bb{}\u00bb]<\/p>\n<p>Ingresa al portal de beneficios.<\/p>\n<p>[\/et_pb_blurb][\/et_pb_column][et_pb_column type=\u00bb1_3&#8243; _builder_version=\u00bb4.22.1&#8243; _module_preset=\u00bbdefault\u00bb global_colors_info=\u00bb{}\u00bb][et_pb_blurb title=\u00bbBeneficios de la Direcci\u00f3n General de Desarrollo Estudiantil UPLA\u00bb url=\u00bbhttps:\/\/www.upla.cl\/desarrolloestudiantil\/\u00bb url_new_window=\u00bbon\u00bb image=\u00bbhttps:\/\/www.upla.cl\/institutotecnologico\/wp-content\/uploads\/2023\/10\/20230913_becasybeneficios-dgde.png\u00bb _builder_version=\u00bb4.27.3&#8243; _module_preset=\u00bbdefault\u00bb header_text_color=\u00bb#009bdb\u00bb body_text_color=\u00bb#565656&#8243; body_line_height=\u00bb1.2em\u00bb background_enable_image=\u00bboff\u00bb custom_padding=\u00bb|15px|||false|false\u00bb animation_direction=\u00bbright\u00bb animation=\u00bbright\u00bb link_option_url=\u00bbhttps:\/\/www.upla.cl\/desarrolloestudiantil\/\u00bb link_option_url_new_window=\u00bbon\u00bb border_radii_image=\u00bbon|5px|5px|5px|5px\u00bb box_shadow_style_image=\u00bbpreset3&#8243; global_colors_info=\u00bb{}\u00bb]<\/p>\n<p>Aqu\u00ed encontrar\u00e1s informaci\u00f3n sobre nuestras becas.<\/p>\n<p>[\/et_pb_blurb][\/et_pb_column][\/et_pb_row][\/et_pb_section]<\/p>\n","protected":false},"excerpt":{"rendered":"<p>Los convenios de articulaci\u00f3n con Establecimientos de Educaci\u00f3n Media T\u00e9cnico Profesional (EMTP), permiten reconocer aprendizajes obtenidos por las y los estudiantes egresados de estos establecimientos en su ingreso a las carreras t\u00e9cnicas del Instituto Tecnol\u00f3gico de la Universidad de Playa Ancha (ITEC-UPLA), mediante la convalidaci\u00f3n de m\u00f3dulos de especialidad con las asignaturas de las carreras [&hellip;]<\/p>\n","protected":false},"author":1,"featured_media":82,"parent":0,"menu_order":0,"comment_status":"closed","ping_status":"closed","template":"","meta":{"_et_pb_use_builder":"on","_et_pb_old_content":"","_et_gb_content_width":"","_joinchat":[],"footnotes":""},"class_list":["post-132113","page","type-page","status-publish","has-post-thumbnail","hentry"],"_links":{"self":[{"href":"https:\/\/www.upla.cl\/institutotecnologico\/wp-json\/wp\/v2\/pages\/132113","targetHints":{"allow":["GET"]}}],"collection":[{"href":"https:\/\/www.upla.cl\/institutotecnologico\/wp-json\/wp\/v2\/pages"}],"about":[{"href":"https:\/\/www.upla.cl\/institutotecnologico\/wp-json\/wp\/v2\/types\/page"}],"author":[{"embeddable":true,"href":"https:\/\/www.upla.cl\/institutotecnologico\/wp-json\/wp\/v2\/users\/1"}],"replies":[{"embeddable":true,"href":"https:\/\/www.upla.cl\/institutotecnologico\/wp-json\/wp\/v2\/comments?post=132113"}],"version-history":[{"count":14,"href":"https:\/\/www.upla.cl\/institutotecnologico\/wp-json\/wp\/v2\/pages\/132113\/revisions"}],"predecessor-version":[{"id":134600,"href":"https:\/\/www.upla.cl\/institutotecnologico\/wp-json\/wp\/v2\/pages\/132113\/revisions\/134600"}],"wp:featuredmedia":[{"embeddable":true,"href":"https:\/\/www.upla.cl\/institutotecnologico\/wp-json\/wp\/v2\/media\/82"}],"wp:attachment":[{"href":"https:\/\/www.upla.cl\/institutotecnologico\/wp-json\/wp\/v2\/media?parent=132113"}],"curies":[{"name":"wp","href":"https:\/\/api.w.org\/{rel}","templated":true}]}}