{"id":513,"date":"2023-05-29T17:25:56","date_gmt":"2023-05-29T21:25:56","guid":{"rendered":"https:\/\/www.upla.cl\/higieneyseguridad\/?page_id=513"},"modified":"2023-05-29T17:25:58","modified_gmt":"2023-05-29T21:25:58","slug":"comite-paritario-sede-blanco","status":"publish","type":"page","link":"https:\/\/www.upla.cl\/higieneyseguridad\/comite-paritario-sede-blanco\/","title":{"rendered":"Comit\u00e9 Paritario Sede Blanco"},"content":{"rendered":"\n<p>El Comit\u00e9 Paritario de Higiene y Seguridad de la Sede Blanco de la Universidad de Playa Ancha incorpora a los funcionarios que desempe\u00f1an sus labores en el Edificio de Calle Blanco 737, Valpara\u00edso<\/p>\n<h3>Documentos oficiales relacionados<\/h3>\n<ul>\n<li>Acta de constituci\u00f3n<\/li>\n<li>Carta de&nbsp;notificaci\u00f3n de la constituci\u00f3n<\/li>\n<li>Carta de la directora de Administraci\u00f3n de Recursos Humanos a Inspecci\u00f3n del Trabajo, notificando constituci\u00f3n<\/li>\n<li>N\u00f3mina de las personas que recibieron preferencias<\/li>\n<li>Decreto Exento N\u00ba&#8230;&nbsp;Designa representantes patronales del Comit\u00e9 Paritario de Higiene y Seguridad de la Universidad de Playa Ancha para el Campus 1 de Valpara\u00edso y Campus Valpara\u00edso.<\/li>\n<\/ul>\n<h3>Informaci\u00f3n de contacto<\/h3>\n<p><strong>Presidente<\/strong><br>Jorge Antinopai Rodr\u00edguez<br>Tel\u00e9fono de contacto: +56 32 2205865<br>Anexo interno: 5865<br>Correo electr\u00f3nico: <a href=\"mailto:jantinop@upla.cl\">jantinop@upla.cl<\/a><\/p>\n<p><strong>Secretaria<\/strong><br>Maritza Hellec Corales<br>Tel\u00e9fono de contacto: +56 32 2205766<br>Anexo interno: 5766<br>Correo electr\u00f3nico: <a href=\"mailto:maritza.hellec@upla.cl\">maritza.hellec@upla.cl<\/a><\/p>\n\n\n\n\n<p><\/p>\n","protected":false},"excerpt":{"rendered":"<p>El Comit\u00e9 Paritario de Higiene y Seguridad de la Sede Blanco de la Universidad de Playa Ancha incorpora a los funcionarios que desempe\u00f1an sus labores en el Edificio de Calle Blanco 737, Valpara\u00edso Documentos oficiales relacionados Acta de constituci\u00f3n Carta de&nbsp;notificaci\u00f3n de la constituci\u00f3n Carta de la directora de Administraci\u00f3n de Recursos Humanos a Inspecci\u00f3n del Trabajo, notificando constituci\u00f3n N\u00f3mina de las personas que recibieron preferencias Decreto Exento N\u00ba&#8230;&nbsp;Designa representantes patronales del Comit\u00e9 Paritario de Higiene y Seguridad de la Universidad de Playa Ancha para el Campus 1 de Valpara\u00edso y Campus Valpara\u00edso. Informaci\u00f3n de contacto PresidenteJorge Antinopai Rodr\u00edguezTel\u00e9fono de<\/p>\n<p><a class=\"excerpt-more blog-excerpt\" href=\"https:\/\/www.upla.cl\/higieneyseguridad\/comite-paritario-sede-blanco\/\">M\u00e1s informaci\u00f3n<\/a><\/p>\n","protected":false},"author":3,"featured_media":0,"parent":0,"menu_order":0,"comment_status":"closed","ping_status":"closed","template":"","meta":{"footnotes":""},"class_list":["post-513","page","type-page","status-publish","hentry"],"_links":{"self":[{"href":"https:\/\/www.upla.cl\/higieneyseguridad\/wp-json\/wp\/v2\/pages\/513","targetHints":{"allow":["GET"]}}],"collection":[{"href":"https:\/\/www.upla.cl\/higieneyseguridad\/wp-json\/wp\/v2\/pages"}],"about":[{"href":"https:\/\/www.upla.cl\/higieneyseguridad\/wp-json\/wp\/v2\/types\/page"}],"author":[{"embeddable":true,"href":"https:\/\/www.upla.cl\/higieneyseguridad\/wp-json\/wp\/v2\/users\/3"}],"replies":[{"embeddable":true,"href":"https:\/\/www.upla.cl\/higieneyseguridad\/wp-json\/wp\/v2\/comments?post=513"}],"version-history":[{"count":2,"href":"https:\/\/www.upla.cl\/higieneyseguridad\/wp-json\/wp\/v2\/pages\/513\/revisions"}],"predecessor-version":[{"id":518,"href":"https:\/\/www.upla.cl\/higieneyseguridad\/wp-json\/wp\/v2\/pages\/513\/revisions\/518"}],"wp:attachment":[{"href":"https:\/\/www.upla.cl\/higieneyseguridad\/wp-json\/wp\/v2\/media?parent=513"}],"curies":[{"name":"wp","href":"https:\/\/api.w.org\/{rel}","templated":true}]}}