{"id":136,"date":"2015-10-28T14:00:45","date_gmt":"2015-10-28T17:00:45","guid":{"rendered":"http:\/\/www.upla.cl\/higieneyseguridad\/?page_id=136"},"modified":"2023-05-29T17:10:11","modified_gmt":"2023-05-29T21:10:11","slug":"comite-paritario-campus-independencia","status":"publish","type":"page","link":"https:\/\/www.upla.cl\/higieneyseguridad\/somos\/comite-paritario-campus-independencia\/","title":{"rendered":"Comit\u00e9 Paritario Campus Independencia"},"content":{"rendered":"<p>El Comit\u00e9 Paritario de Higiene y Seguridad del Campus Independencia\u00a0de la Universidad de Playa Ancha incorpora a los funcionarios que desempe\u00f1an sus labores en calle\u00a0Independencia 2002, Valpara\u00edso.<\/p>\n<h3>Documentos oficiales relacionados<\/h3>\n<ul>\n<li>Acta de constituci\u00f3n<\/li>\n<li>Carta de\u00a0notificaci\u00f3n de la constituci\u00f3n<\/li>\n<li>Carta de la directora de Administraci\u00f3n de Recursos Humanos a Inspecci\u00f3n del Trabajo, notificando constituci\u00f3n<\/li>\n<li>N\u00f3mina de las personas que recibieron preferencias<\/li>\n<li>Decreto Exento N\u00ba&#8230;\u00a0Designa representantes patronales del Comit\u00e9 Paritario de Higiene y Seguridad de la Universidad de Playa Ancha para el Campus 1 de Valpara\u00edso y Campus Valpara\u00edso.<\/li>\n<\/ul>\n<h3>Informaci\u00f3n de contacto<\/h3>\n<p><strong>Presidente<\/strong><br \/>\nLoreto Morales Lillo<br \/>\nTel\u00e9fono de contacto: +56 32 2205001<br \/>\nAnexo interno: 5001<br \/>\nCorreo electr\u00f3nico: <a href=\"mailto:loreto.morales@upla.cl\">loreto.morales@upla.cl<\/a><\/p>\n<p><strong>Secretaria<\/strong><br \/>\nXimena Urrea Vicencio<br \/>\nTel\u00e9fono de contacto: +56 32 2205085<br \/>\nAnexo interno: 5085<br \/>\nCorreo electr\u00f3nico: <a href=\"mailto:ximena.urrea@upla.cl\">ximena.urrea@upla.cl<\/a><\/p>\n<p>Correo de contacto del comit\u00e9: <a href=\"mailto:cphsindependencia@upla.cl\">cphsindependencia@upla.cl<\/a><\/p>\n","protected":false},"excerpt":{"rendered":"<p>El Comit\u00e9 Paritario de Higiene y Seguridad del Campus Independencia\u00a0de la Universidad de Playa Ancha incorpora a los funcionarios que desempe\u00f1an sus labores en calle\u00a0Independencia 2002, Valpara\u00edso. Documentos oficiales relacionados Acta de constituci\u00f3n Carta de\u00a0notificaci\u00f3n de la constituci\u00f3n Carta de la directora de Administraci\u00f3n de Recursos Humanos a Inspecci\u00f3n del Trabajo, notificando constituci\u00f3n N\u00f3mina de las personas que recibieron preferencias Decreto Exento N\u00ba&#8230;\u00a0Designa representantes patronales del Comit\u00e9 Paritario de Higiene y Seguridad de la Universidad de Playa Ancha para el Campus 1 de Valpara\u00edso y Campus Valpara\u00edso. Informaci\u00f3n de contacto Presidente Loreto Morales Lillo Tel\u00e9fono de contacto: +56 32 2205001<\/p>\n<p><a class=\"excerpt-more blog-excerpt\" href=\"https:\/\/www.upla.cl\/higieneyseguridad\/somos\/comite-paritario-campus-independencia\/\">M\u00e1s informaci\u00f3n<\/a><\/p>\n","protected":false},"author":2,"featured_media":176,"parent":11,"menu_order":5,"comment_status":"closed","ping_status":"closed","template":"","meta":{"footnotes":""},"class_list":["post-136","page","type-page","status-publish","has-post-thumbnail","hentry"],"_links":{"self":[{"href":"https:\/\/www.upla.cl\/higieneyseguridad\/wp-json\/wp\/v2\/pages\/136","targetHints":{"allow":["GET"]}}],"collection":[{"href":"https:\/\/www.upla.cl\/higieneyseguridad\/wp-json\/wp\/v2\/pages"}],"about":[{"href":"https:\/\/www.upla.cl\/higieneyseguridad\/wp-json\/wp\/v2\/types\/page"}],"author":[{"embeddable":true,"href":"https:\/\/www.upla.cl\/higieneyseguridad\/wp-json\/wp\/v2\/users\/2"}],"replies":[{"embeddable":true,"href":"https:\/\/www.upla.cl\/higieneyseguridad\/wp-json\/wp\/v2\/comments?post=136"}],"version-history":[{"count":11,"href":"https:\/\/www.upla.cl\/higieneyseguridad\/wp-json\/wp\/v2\/pages\/136\/revisions"}],"predecessor-version":[{"id":504,"href":"https:\/\/www.upla.cl\/higieneyseguridad\/wp-json\/wp\/v2\/pages\/136\/revisions\/504"}],"up":[{"embeddable":true,"href":"https:\/\/www.upla.cl\/higieneyseguridad\/wp-json\/wp\/v2\/pages\/11"}],"wp:featuredmedia":[{"embeddable":true,"href":"https:\/\/www.upla.cl\/higieneyseguridad\/wp-json\/wp\/v2\/media\/176"}],"wp:attachment":[{"href":"https:\/\/www.upla.cl\/higieneyseguridad\/wp-json\/wp\/v2\/media?parent=136"}],"curies":[{"name":"wp","href":"https:\/\/api.w.org\/{rel}","templated":true}]}}