{"id":132,"date":"2015-10-28T13:59:59","date_gmt":"2015-10-28T16:59:59","guid":{"rendered":"http:\/\/www.upla.cl\/higieneyseguridad\/?page_id=132"},"modified":"2023-05-29T17:26:25","modified_gmt":"2023-05-29T21:26:25","slug":"comite-paritario-campus-3","status":"publish","type":"page","link":"https:\/\/www.upla.cl\/higieneyseguridad\/somos\/comite-paritario-campus-3\/","title":{"rendered":"Comit\u00e9 Paritario Campus 3"},"content":{"rendered":"<p>El Comit\u00e9 Paritario de Higiene y Seguridad del Campus 3 de la Universidad de Playa Ancha incorpora a los funcionarios que desempe\u00f1an sus labores en el Edificio de Ciencias e Ingenier\u00eda<\/p>\n<h3>Documentos oficiales relacionados<\/h3>\n<ul>\n<li>Acta de constituci\u00f3n<\/li>\n<li>Carta de&nbsp;notificaci\u00f3n de la constituci\u00f3n<\/li>\n<li>Carta de la directora de Administraci\u00f3n de Recursos Humanos a Inspecci\u00f3n del Trabajo, notificando constituci\u00f3n<\/li>\n<li>N\u00f3mina de las personas que recibieron preferencias<\/li>\n<li>Decreto Exento N\u00ba&#8230;&nbsp;Designa representantes patronales del Comit\u00e9 Paritario de Higiene y Seguridad de la Universidad de Playa Ancha para el Campus 1 de Valpara\u00edso y Campus Valpara\u00edso.<\/li>\n<\/ul>\n<h3>Informaci\u00f3n de contacto<\/h3>\n<p><strong>Presidente<\/strong><br \/>\nAntonio Ugalde Prieto<br \/>\nTel\u00e9fono de contacto: +56 32 2205920<br \/>\nAnexo interno: 5920<br \/>\nCorreo electr\u00f3nico: <a href=\"mailto:antonio.ugalde@upla.cl\">antonio.ugalde@upla.cl<\/a><\/p>\n<p><strong>Secretaria<\/strong><br \/>\nEva Soto Acevedo<br \/>\nTel\u00e9fono de contacto: +56 32 2205040<br \/>\nAnexo interno: 5040<br \/>\nCorreo electr\u00f3nico: <a href=\"mailto:esoto@upla.cl\">esoto@upla.cl<\/a><\/p>\n<p>Ram\u00f3n Donoso Alfaro<\/p>\n<p>Jos\u00e9 Meza Guzm\u00e1n<br \/>\nTel\u00e9fono de contacto: +56 32 2205510<br \/>\nAnexo interno: 5510<br \/>\nCorreo electr\u00f3nico: <a href=\"mailto:jose.meza@upla.cl\">jose.meza@upla.cl<\/a><\/p>\n<p>Correo electr\u00f3nico del Comit\u00e9: <a href=\"mailto:campus3.cparitario@upla.cl\">campus3.cparitario@upla.cl<\/a><\/p>\n","protected":false},"excerpt":{"rendered":"<p>El Comit\u00e9 Paritario de Higiene y Seguridad del Campus 3 de la Universidad de Playa Ancha incorpora a los funcionarios que desempe\u00f1an sus labores en el Edificio de Ciencias e Ingenier\u00eda Documentos oficiales relacionados Acta de constituci\u00f3n Carta de&nbsp;notificaci\u00f3n de la constituci\u00f3n Carta de la directora de Administraci\u00f3n de Recursos Humanos a Inspecci\u00f3n del Trabajo, notificando constituci\u00f3n N\u00f3mina de las personas que recibieron preferencias Decreto Exento N\u00ba&#8230;&nbsp;Designa representantes patronales del Comit\u00e9 Paritario de Higiene y Seguridad de la Universidad de Playa Ancha para el Campus 1 de Valpara\u00edso y Campus Valpara\u00edso. Informaci\u00f3n de contacto Presidente Antonio Ugalde Prieto Tel\u00e9fono de<\/p>\n<p><a class=\"excerpt-more blog-excerpt\" href=\"https:\/\/www.upla.cl\/higieneyseguridad\/somos\/comite-paritario-campus-3\/\">M\u00e1s informaci\u00f3n<\/a><\/p>\n","protected":false},"author":2,"featured_media":174,"parent":11,"menu_order":3,"comment_status":"closed","ping_status":"closed","template":"","meta":{"footnotes":""},"class_list":["post-132","page","type-page","status-publish","has-post-thumbnail","hentry"],"_links":{"self":[{"href":"https:\/\/www.upla.cl\/higieneyseguridad\/wp-json\/wp\/v2\/pages\/132","targetHints":{"allow":["GET"]}}],"collection":[{"href":"https:\/\/www.upla.cl\/higieneyseguridad\/wp-json\/wp\/v2\/pages"}],"about":[{"href":"https:\/\/www.upla.cl\/higieneyseguridad\/wp-json\/wp\/v2\/types\/page"}],"author":[{"embeddable":true,"href":"https:\/\/www.upla.cl\/higieneyseguridad\/wp-json\/wp\/v2\/users\/2"}],"replies":[{"embeddable":true,"href":"https:\/\/www.upla.cl\/higieneyseguridad\/wp-json\/wp\/v2\/comments?post=132"}],"version-history":[{"count":11,"href":"https:\/\/www.upla.cl\/higieneyseguridad\/wp-json\/wp\/v2\/pages\/132\/revisions"}],"predecessor-version":[{"id":517,"href":"https:\/\/www.upla.cl\/higieneyseguridad\/wp-json\/wp\/v2\/pages\/132\/revisions\/517"}],"up":[{"embeddable":true,"href":"https:\/\/www.upla.cl\/higieneyseguridad\/wp-json\/wp\/v2\/pages\/11"}],"wp:featuredmedia":[{"embeddable":true,"href":"https:\/\/www.upla.cl\/higieneyseguridad\/wp-json\/wp\/v2\/media\/174"}],"wp:attachment":[{"href":"https:\/\/www.upla.cl\/higieneyseguridad\/wp-json\/wp\/v2\/media?parent=132"}],"curies":[{"name":"wp","href":"https:\/\/api.w.org\/{rel}","templated":true}]}}