{"id":128,"date":"2015-10-28T13:59:21","date_gmt":"2015-10-28T16:59:21","guid":{"rendered":"http:\/\/www.upla.cl\/higieneyseguridad\/?page_id=128"},"modified":"2023-05-29T16:55:54","modified_gmt":"2023-05-29T20:55:54","slug":"comite-paritario-campus-1","status":"publish","type":"page","link":"https:\/\/www.upla.cl\/higieneyseguridad\/somos\/comite-paritario-campus-1\/","title":{"rendered":"Comit\u00e9 Paritario Campus 1"},"content":{"rendered":"<p>El Comit\u00e9 Paritario de Higiene y Seguridad del Campus 1 de la Universidad de Playa Ancha incorpora a los funcionarios que desempe\u00f1an sus labores en Casa Central, incluyendo aqu\u00ed adem\u00e1s a quienes trabajan en la Sala de Arte Esc\u00e9nico, Jard\u00edn Infantil, gimnasios y el Edificio Punt\u00e1ngeles.<\/p>\n<h3>Documentos oficiales relacionados<\/h3>\n<ul>\n<li>Acta de constituci\u00f3n<\/li>\n<li>Carta de\u00a0notificaci\u00f3n de la constituci\u00f3n<\/li>\n<li>Carta de la directora de Administraci\u00f3n de Recursos Humanos a Inspecci\u00f3n del Trabajo, notificando constituci\u00f3n<\/li>\n<li>N\u00f3mina de las personas que recibieron preferencias<\/li>\n<li>Decreto Exento N\u00ba&#8230;\u00a0Designa representantes patronales del Comit\u00e9 Paritario de Higiene y Seguridad de la Universidad de Playa Ancha para el Campus 1 de Valpara\u00edso y Campus Valpara\u00edso.<\/li>\n<\/ul>\n<h3>Informaci\u00f3n de contacto<\/h3>\n<p><strong>Presidente<\/strong><br \/>\nMario Lineros Hormaz\u00e1bal<br \/>\nTel\u00e9fono de contacto: +56 32 2205932.<br \/>\nAnexo interno: 5932.<br \/>\nCorreo electr\u00f3nico: <a href=\"mailto:mario.lineros@upla.cl\">mario.lineros@upla.cl<\/a><\/p>\n<p><strong>Secretaria<\/strong><br \/>\nAna Mar\u00eda Lobos Abarca<br \/>\nTel\u00e9fono de contacto: +56 32 2205183.<br \/>\nAnexo interno: 5183.<br \/>\nCorreo electr\u00f3nico: <a href=\"mailto:alobos@upla.cl\">alobos@upla.cl<\/a><\/p>\n<p>Correo electr\u00f3nico del comit\u00e9: <a href=\"mailto:comiteparitario1@upla.cl\">comiteparitario1@upla.cl<\/a><\/p>\n","protected":false},"excerpt":{"rendered":"<p>El Comit\u00e9 Paritario de Higiene y Seguridad del Campus 1 de la Universidad de Playa Ancha incorpora a los funcionarios que desempe\u00f1an sus labores en Casa Central, incluyendo aqu\u00ed adem\u00e1s a quienes trabajan en la Sala de Arte Esc\u00e9nico, Jard\u00edn Infantil, gimnasios y el Edificio Punt\u00e1ngeles. Documentos oficiales relacionados Acta de constituci\u00f3n Carta de\u00a0notificaci\u00f3n de la constituci\u00f3n Carta de la directora de Administraci\u00f3n de Recursos Humanos a Inspecci\u00f3n del Trabajo, notificando constituci\u00f3n N\u00f3mina de las personas que recibieron preferencias Decreto Exento N\u00ba&#8230;\u00a0Designa representantes patronales del Comit\u00e9 Paritario de Higiene y Seguridad de la Universidad de Playa Ancha para el Campus<\/p>\n<p><a class=\"excerpt-more blog-excerpt\" href=\"https:\/\/www.upla.cl\/higieneyseguridad\/somos\/comite-paritario-campus-1\/\">M\u00e1s informaci\u00f3n<\/a><\/p>\n","protected":false},"author":2,"featured_media":76,"parent":11,"menu_order":6,"comment_status":"closed","ping_status":"closed","template":"","meta":{"footnotes":""},"class_list":["post-128","page","type-page","status-publish","has-post-thumbnail","hentry"],"_links":{"self":[{"href":"https:\/\/www.upla.cl\/higieneyseguridad\/wp-json\/wp\/v2\/pages\/128","targetHints":{"allow":["GET"]}}],"collection":[{"href":"https:\/\/www.upla.cl\/higieneyseguridad\/wp-json\/wp\/v2\/pages"}],"about":[{"href":"https:\/\/www.upla.cl\/higieneyseguridad\/wp-json\/wp\/v2\/types\/page"}],"author":[{"embeddable":true,"href":"https:\/\/www.upla.cl\/higieneyseguridad\/wp-json\/wp\/v2\/users\/2"}],"replies":[{"embeddable":true,"href":"https:\/\/www.upla.cl\/higieneyseguridad\/wp-json\/wp\/v2\/comments?post=128"}],"version-history":[{"count":23,"href":"https:\/\/www.upla.cl\/higieneyseguridad\/wp-json\/wp\/v2\/pages\/128\/revisions"}],"predecessor-version":[{"id":497,"href":"https:\/\/www.upla.cl\/higieneyseguridad\/wp-json\/wp\/v2\/pages\/128\/revisions\/497"}],"up":[{"embeddable":true,"href":"https:\/\/www.upla.cl\/higieneyseguridad\/wp-json\/wp\/v2\/pages\/11"}],"wp:featuredmedia":[{"embeddable":true,"href":"https:\/\/www.upla.cl\/higieneyseguridad\/wp-json\/wp\/v2\/media\/76"}],"wp:attachment":[{"href":"https:\/\/www.upla.cl\/higieneyseguridad\/wp-json\/wp\/v2\/media?parent=128"}],"curies":[{"name":"wp","href":"https:\/\/api.w.org\/{rel}","templated":true}]}}

Comité Paritario Campus 1

<p>El Comité Paritario de Higiene y Seguridad del Campus 1 de la Universidad de Playa Ancha incorpora a los funcionarios que desempeñan sus labores en Casa Central, incluyendo aquí además a quienes trabajan en la Sala de Arte Escénico, Jardín Infantil, gimnasios y el Edificio Puntángeles.</p>
<h3>Documentos oficiales relacionados</h3>
<ul>
<li>Acta de constitución</li>
<li>Carta de notificación de la constitución</li>
<li>Carta de la directora de Administración de Recursos Humanos a Inspección del Trabajo, notificando constitución</li>
<li>Nómina de las personas que recibieron preferencias</li>
<li>Decreto Exento Nº&#8230; Designa representantes patronales del Comité Paritario de Higiene y Seguridad de la Universidad de Playa Ancha para el Campus 1 de Valparaíso y Campus Valparaíso.</li>
</ul>
<h3>Información de contacto</h3>
<p><strong>Presidente</strong><br />
Mario Lineros Hormazábal<br />
Teléfono de contacto: +56 32 2205932.<br />
Anexo interno: 5932.<br />
Correo electrónico: <a href="mailto:mario.lineros@upla.cl">mario.lineros@upla.cl</a></p>
<p><strong>Secretaria</strong><br />
Ana María Lobos Abarca<br />
Teléfono de contacto: +56 32 2205183.<br />
Anexo interno: 5183.<br />
Correo electrónico: <a href="mailto:alobos@upla.cl">alobos@upla.cl</a></p>
<p>Correo electrónico del comité: <a href="mailto:comiteparitario1@upla.cl">comiteparitario1@upla.cl</a></p>

<p>El Comité Paritario de Higiene y Seguridad del Campus 1 de la Universidad de Playa Ancha incorpora a los funcionarios que desempeñan sus labores en Casa Central, incluyendo aquí además a quienes trabajan en la Sala de Arte Escénico, Jardín Infantil, gimnasios y el Edificio Puntángeles. Documentos oficiales relacionados Acta de constitución Carta de notificación de la constitución Carta de la directora de Administración de Recursos Humanos a Inspección del Trabajo, notificando constitución Nómina de las personas que recibieron preferencias Decreto Exento Nº&#8230; Designa representantes patronales del Comité Paritario de Higiene y Seguridad de la Universidad de Playa Ancha para el Campus</p>
<p><a class="excerpt-more blog-excerpt" href="https://www.upla.cl/higieneyseguridad/somos/comite-paritario-campus-1/">Más información</a></p>
