{"id":128766,"date":"2025-11-10T15:52:50","date_gmt":"2025-11-10T18:52:50","guid":{"rendered":"https:\/\/www.upla.cl\/facultad\/cienciaseducacion\/?post_type=tribe_events&#038;p=128766"},"modified":"2025-11-10T15:52:52","modified_gmt":"2025-11-10T18:52:52","slug":"ii-congreso-de-estudiantes-de-postgrado-en-educacion","status":"publish","type":"tribe_events","link":"https:\/\/www.upla.cl\/facultad\/cienciaseducacion\/agenda\/ii-congreso-de-estudiantes-de-postgrado-en-educacion\/","title":{"rendered":"II Congreso de Estudiantes de Postgrado en Educaci\u00f3n"},"content":{"rendered":"<p>[et_pb_section fb_built=\u00bb1&#8243; fullwidth=\u00bbon\u00bb _builder_version=\u00bb4.27.4&#8243; _module_preset=\u00bbdefault\u00bb global_colors_info=\u00bb{}\u00bb][et_pb_fullwidth_post_title title=\u00bboff\u00bb meta=\u00bboff\u00bb featured_placement=\u00bbbackground\u00bb _builder_version=\u00bb4.27.4&#8243; _module_preset=\u00bbdefault\u00bb title_text_color=\u00bb#FFFFFF\u00bb background_color=\u00bb#B55103&#8243; background_image=\u00bbhttps:\/\/www.upla.cl\/facultad\/cienciaseducacion\/wp-content\/uploads\/2021\/07\/casacentral_patio_1920x1080.jpg\u00bb background_blend=\u00bbmultiply\u00bb custom_padding=\u00bb10%||10%||true|false\u00bb global_colors_info=\u00bb{}\u00bb][\/et_pb_fullwidth_post_title][\/et_pb_section][et_pb_section fb_built=\u00bb1&#8243; _builder_version=\u00bb4.16&#8243; _module_preset=\u00bbdefault\u00bb global_colors_info=\u00bb{}\u00bb][et_pb_row use_custom_gutter=\u00bbon\u00bb _builder_version=\u00bb4.27.4&#8243; _module_preset=\u00bbdefault\u00bb background_color=\u00bb#FFFFFF\u00bb max_width=\u00bb2560px\u00bb min_height=\u00bb427px\u00bb custom_margin=\u00bb-10%||12px||false|false\u00bb custom_margin_tablet=\u00bb-10%||12px||false|false\u00bb custom_margin_phone=\u00bb-150px||||false|false\u00bb custom_margin_last_edited=\u00bbon|phone\u00bb custom_padding=\u00bb0px|0px|50px|0px|false|false\u00bb animation_style=\u00bbslide\u00bb border_radii=\u00bbon|15px|15px|15px|15px\u00bb border_color_all=\u00bb#E35000&#8243; border_width_top=\u00bb18px\u00bb border_color_top=\u00bb#ea5b0c\u00bb border_style_top=\u00bboutset\u00bb box_shadow_style=\u00bbpreset3&#8243; box_shadow_vertical=\u00bb39px\u00bb box_shadow_blur=\u00bb80px\u00bb global_colors_info=\u00bb{}\u00bb][et_pb_column type=\u00bb4_4&#8243; _builder_version=\u00bb4.22.1&#8243; _module_preset=\u00bbdefault\u00bb global_colors_info=\u00bb{}\u00bb][et_pb_code admin_label=\u00bbiframe\u00bb _builder_version=\u00bb4.27.4&#8243; _module_preset=\u00bbdefault\u00bb hover_enabled=\u00bb0&#8243; global_colors_info=\u00bb{}\u00bb sticky_enabled=\u00bb0&#8243;]<iframe loading=\"lazy\" src=\"https:\/\/datoseducativos.cl\/fac_edu_upla\/eventos\/2026-01-ii-congreso-de-estudiantes-de-postgrado-en-educacion.html\" width=\"100%\" height=\"1700\" frameborder=\"0\" allowfullscreen=\"allowfullscreen\"><\/iframe>[\/et_pb_code][\/et_pb_column][\/et_pb_row][\/et_pb_section]<\/p>\n","protected":false},"excerpt":{"rendered":"<p>El II Congreso de Estudiantes de Postgrado en Educaci\u00f3n es organizado por las y los estudiantes del Doctorado en Educaci\u00f3n Consorciado de tres universidades estatales chilenas: Universidad de Antofagasta, Universidad de Playa Ancha y Universidad de Los Lagos. Este evento tuvo su primera versi\u00f3n en enero de 2025 gracias a la iniciativa de nuestras y nuestros compa\u00f1eras del Doctorado en Educaci\u00f3n y Mag\u00edster en Gesti\u00f3n Educacional de la Facultad de Ciencias Sociales de la Universidad de Chile.<\/p>\n","protected":false},"author":4,"featured_media":0,"template":"","meta":{"_et_pb_use_builder":"on","_et_pb_old_content":"","_et_gb_content_width":"","_tribe_events_status":"","_tribe_events_status_reason":"","footnotes":""},"tags":[],"tribe_events_cat":[72],"class_list":["post-128766","tribe_events","type-tribe_events","status-publish","hentry","tribe_events_cat-congreso","cat_congreso"],"_links":{"self":[{"href":"https:\/\/www.upla.cl\/facultad\/cienciaseducacion\/wp-json\/wp\/v2\/tribe_events\/128766","targetHints":{"allow":["GET"]}}],"collection":[{"href":"https:\/\/www.upla.cl\/facultad\/cienciaseducacion\/wp-json\/wp\/v2\/tribe_events"}],"about":[{"href":"https:\/\/www.upla.cl\/facultad\/cienciaseducacion\/wp-json\/wp\/v2\/types\/tribe_events"}],"author":[{"embeddable":true,"href":"https:\/\/www.upla.cl\/facultad\/cienciaseducacion\/wp-json\/wp\/v2\/users\/4"}],"version-history":[{"count":0,"href":"https:\/\/www.upla.cl\/facultad\/cienciaseducacion\/wp-json\/wp\/v2\/tribe_events\/128766\/revisions"}],"wp:attachment":[{"href":"https:\/\/www.upla.cl\/facultad\/cienciaseducacion\/wp-json\/wp\/v2\/media?parent=128766"}],"wp:term":[{"taxonomy":"post_tag","embeddable":true,"href":"https:\/\/www.upla.cl\/facultad\/cienciaseducacion\/wp-json\/wp\/v2\/tags?post=128766"},{"taxonomy":"tribe_events_cat","embeddable":true,"href":"https:\/\/www.upla.cl\/facultad\/cienciaseducacion\/wp-json\/wp\/v2\/tribe_events_cat?post=128766"}],"curies":[{"name":"wp","href":"https:\/\/api.w.org\/{rel}","templated":true}]}}

II Congreso de Estudiantes de Postgrado en Educación

<p>El II Congreso de Estudiantes de Postgrado en Educación es organizado por las y los estudiantes del Doctorado en Educación Consorciado de tres universidades estatales chilenas: Universidad de Antofagasta, Universidad de Playa Ancha y Universidad de Los Lagos. Este evento tuvo su primera versión en enero de 2025 gracias a la iniciativa de nuestras y nuestros compañeras del Doctorado en Educación y Magíster en Gestión Educacional de la Facultad de Ciencias Sociales de la Universidad de Chile.</p>
