{"id":2152,"date":"2013-08-07T13:21:55","date_gmt":"2013-08-07T16:21:55","guid":{"rendered":"http:\/\/www.upla.cl\/calidad\/?page_id=2152"},"modified":"2025-07-14T16:02:25","modified_gmt":"2025-07-14T20:02:25","slug":"acreditacion","status":"publish","type":"page","link":"https:\/\/www.upla.cl\/calidad\/acreditacion\/","title":{"rendered":"Procesos de Acreditaci\u00f3n vigentes de la Universidad de Playa Ancha"},"content":{"rendered":"[et_pb_section fb_built=\u00bb1&#8243; fullwidth=\u00bbon\u00bb _builder_version=\u00bb4.16&#8243; global_colors_info=\u00bb{}\u00bb][et_pb_fullwidth_post_title meta=\u00bboff\u00bb featured_placement=\u00bbbackground\u00bb text_color=\u00bblight\u00bb text_background=\u00bbon\u00bb text_bg_color=\u00bbrgba(0,155,219,0.66)\u00bb _builder_version=\u00bb4.16&#8243; title_font_size=\u00bb35px\u00bb title_line_height=\u00bb1.5em\u00bb background_color=\u00bb#009bdb\u00bb background_image=\u00bbhttps:\/\/www.upla.cl\/calidad\/wp-content\/uploads\/2019\/06\/edificioinstitucional_patio.jpg\u00bb parallax=\u00bbon\u00bb parallax_method=\u00bboff\u00bb custom_padding=\u00bb200px||200px||true|false\u00bb global_colors_info=\u00bb{}\u00bb][\/et_pb_fullwidth_post_title][\/et_pb_section][et_pb_section fb_built=\u00bb1&#8243; _builder_version=\u00bb4.16&#8243; custom_padding=\u00bb0px||0px|||\u00bb global_colors_info=\u00bb{}\u00bb][et_pb_row column_structure=\u00bb1_4,1_4,1_4,1_4&#8243; _builder_version=\u00bb4.16&#8243; background_size=\u00bbinitial\u00bb background_position=\u00bbtop_left\u00bb background_repeat=\u00bbrepeat\u00bb global_colors_info=\u00bb{}\u00bb][et_pb_column type=\u00bb1_4&#8243; _builder_version=\u00bb4.16&#8243; custom_padding=\u00bb|||\u00bb global_colors_info=\u00bb{}\u00bb custom_padding__hover=\u00bb|||\u00bb][et_pb_blurb use_icon=\u00bbon\u00bb _builder_version=\u00bb4.27.4&#8243; header_level=\u00bbh3&#8243; header_text_color=\u00bb#0c71c3&#8243; hover_enabled=\u00bb0&#8243; global_colors_info=\u00bb{}\u00bb sticky_enabled=\u00bb0&#8243;]\n<p style=\"text-align: justify;\"><span style=\"font-size: 14px; text-align: justify;\">La <\/span><strong style=\"font-size: 14px; text-align: justify;\">Direcci\u00f3n General de Gesti\u00f3n de la Calidad (DIRGECAL)<\/strong><span style=\"font-size: 14px; text-align: justify;\"> pone a disposici\u00f3n de la comunidad la informaci\u00f3n sobre los diferentes resultados de acreditaci\u00f3n vigentes en nuestra instituci\u00f3n, en cumplimiento de la <\/span><a href=\"https:\/\/www.cnachile.cl\/SiteAssets\/Paginas\/Criterios-procedimientos\/Circular%2030.pdf\" target=\"_blank\" rel=\"noopener noreferrer\" style=\"font-size: 14px; text-align: justify;\">Circular N\u00ba 30 del 04 de Mayo de 2020 de CNA-Chile<\/a><span style=\"font-size: 14px; text-align: justify;\">, que imparte instrucciones de car\u00e1cter general dirigidas a las instituciones de educaci\u00f3n superior, sobre la forma y oportunidad en que deben informar al p\u00fablico respecto de los procesos de acreditaci\u00f3n institucional, de carreras y\/o programas de pregrado, postgrado y especialidades m\u00e9dicas y odontol\u00f3gicas.<\/span><span style=\"font-size: 14px; text-align: justify;\"><\/span><\/p>\n[\/et_pb_blurb][\/et_pb_column][et_pb_column type=\u00bb1_4&#8243; _builder_version=\u00bb4.16&#8243; custom_padding=\u00bb|||\u00bb global_colors_info=\u00bb{}\u00bb custom_padding__hover=\u00bb|||\u00bb][et_pb_blurb title=\u00bbAcreditaci\u00f3n Institucional\u00bb url=\u00bbhttps:\/\/www.upla.cl\/calidad\/acreditacion\/acreditacion-institucional\/\u00bb image=\u00bbhttps:\/\/www.upla.cl\/calidad\/wp-content\/uploads\/2015\/12\/14443462839_9becd87230_z-1-e1460665129160.jpg\u00bb admin_label=\u00bbAcreditaci\u00f3n Institucional\u00bb _builder_version=\u00bb4.16&#8243; header_level=\u00bbh2&#8243; background_enable_color=\u00bboff\u00bb custom_padding=\u00bb20px|20px|20px|20px|true|true\u00bb link_option_url=\u00bbhttps:\/\/www.upla.cl\/calidad\/acreditacion\/acreditacion-institucional\/\u00bb box_shadow_style=\u00bbpreset3&#8243; global_colors_info=\u00bb{}\u00bb][\/et_pb_blurb][\/et_pb_column][et_pb_column type=\u00bb1_4&#8243; _builder_version=\u00bb4.16&#8243; custom_padding=\u00bb|||\u00bb global_colors_info=\u00bb{}\u00bb custom_padding__hover=\u00bb|||\u00bb][et_pb_blurb title=\u00bbAcreditaci\u00f3n de carreras de Pregrado\u00bb url=\u00bbhttps:\/\/www.upla.cl\/calidad\/acreditacion\/carreras-pregrado-acreditadas\/\u00bb image=\u00bbhttps:\/\/www.upla.cl\/calidad\/wp-content\/uploads\/2012\/05\/acreditacion-de-pregrado.jpg\u00bb admin_label=\u00bbAcreditaci\u00f3n de carreras de Pregrado\u00bb _builder_version=\u00bb4.16&#8243; header_level=\u00bbh2&#8243; background_enable_color=\u00bboff\u00bb custom_padding=\u00bb20px|20px|20px|20px|true|true\u00bb link_option_url=\u00bbhttps:\/\/www.upla.cl\/calidad\/acreditacion\/carreras-pregrado-acreditadas\/\u00bb border_width_all_image=\u00bb50px\u00bb border_color_all_image=\u00bb#000000&#8243; box_shadow_style=\u00bbpreset3&#8243; global_colors_info=\u00bb{}\u00bb][\/et_pb_blurb][\/et_pb_column][et_pb_column type=\u00bb1_4&#8243; _builder_version=\u00bb4.16&#8243; custom_padding=\u00bb|||\u00bb global_colors_info=\u00bb{}\u00bb custom_padding__hover=\u00bb|||\u00bb][et_pb_blurb title=\u00bbAcreditaci\u00f3n de programas de Postgrado\u00bb url=\u00bbhttps:\/\/www.upla.cl\/calidad\/acreditacion\/programas-postgrado-acreditados\/\u00bb image=\u00bbhttps:\/\/www.upla.cl\/calidad\/wp-content\/uploads\/2013\/08\/acreditacion-de-postgrado.jpg\u00bb admin_label=\u00bbAcreditaci\u00f3n de carreras de postgrado\u00bb _builder_version=\u00bb4.16&#8243; header_level=\u00bbh3&#8243; background_enable_color=\u00bboff\u00bb custom_padding=\u00bb20px|20px|20px|20px|true|true\u00bb link_option_url=\u00bbhttps:\/\/www.upla.cl\/calidad\/acreditacion\/programas-postgrado-acreditados\/\u00bb border_width_all_image=\u00bb50px\u00bb border_color_all_image=\u00bb#000000&#8243; box_shadow_style=\u00bbpreset3&#8243; global_colors_info=\u00bb{}\u00bb][\/et_pb_blurb][\/et_pb_column][\/et_pb_row][\/et_pb_section]\n","protected":false},"excerpt":{"rendered":"<p>La Direcci\u00f3n General de Gesti\u00f3n de la Calidad (DIRGECAL) pone a disposici\u00f3n de la comunidad la informaci\u00f3n sobre los diferentes resultados de acreditaci\u00f3n vigentes en nuestra instituci\u00f3n, en cumplimiento de la Circular N\u00ba 30 del 04 de Mayo de 2020 de CNA-Chile, que imparte instrucciones de car\u00e1cter general dirigidas a las instituciones de educaci\u00f3n superior, [&hellip;]<\/p>\n","protected":false},"author":2,"featured_media":0,"parent":0,"menu_order":4,"comment_status":"closed","ping_status":"closed","template":"","meta":{"_et_pb_use_builder":"on","_et_pb_old_content":"<table>\r\n<tbody>\r\n<tr style=\"background-color: #0099cc;\">\r\n<td colspan=\"3\">\r\n<h2 style=\"text-align: center;\"><strong><span style=\"color: #ffffff;\">Procesos de Acreditaci\u00f3n de la Universidad de Playa Ancha<\/span><\/strong><\/h2>\r\n<\/td>\r\n<\/tr>\r\n<tr>\r\n<td style=\"text-align: justify;\" colspan=\"3\"><span style=\"color: #333333;\">\r\nLa <strong><span style=\"color: #888888;\">Direcci\u00f3n General de Gesti\u00f3n de la Calidad (DIRGECAL)<\/span><\/strong> pone a disposici\u00f3n de la comunidad la siguiente informaci\u00f3n sobre los diferentes resultados de acreditaci\u00f3n vigentes en nuestra instituci\u00f3n, en cumplimiento de la <span style=\"text-decoration: underline;\"><span style=\"color: #0099cc; text-decoration: underline;\"><a href=\"http:\/\/www.cnachile.cl\/wp-content\/uploads\/2013\/07\/circular19.pdf\" target=\"_blank\"><span style=\"color: #0099cc; text-decoration: underline;\">Circular N\u00ba 19 del 26 de junio de 2013 de CNA-Chile<\/span><\/a><\/span><\/span>, que \"imparte instrucciones de car\u00e1cter general a las instituciones de educaci\u00f3n superior, sobre la forma y oportunidad en que deber\u00e1n informar al p\u00fablico respecto de los procesos de acreditaci\u00f3n institucional, pregrado, postgrado y especialidades en el \u00e1rea de la salud\" en cumplimiento de lo dispuesto en los art\u00edculos 9\u00ba letra e) y 48\u00ba de la Ley n\u00famero 20.129.<\/span><\/td>\r\n<\/tr>\r\n<tr>\r\n<td style=\"text-align: center;\" colspan=\"3\"><span style=\"color: #0099cc;\"><strong>\u00a0<\/strong><\/span><\/td>\r\n<\/tr>\r\n<tr>\r\n<td><a href=\"https:\/\/www.upla.cl\/calidad\/acreditacion\/acreditacion-institucional\/\"><img class=\"aligncenter\" alt=\"acreditacion institucional\" src=\"https:\/\/www.upla.cl\/calidad\/wp-content\/uploads\/2012\/05\/acreditacion-institucional.jpg\" width=\"158\" height=\"70\" \/><\/a><\/td>\r\n<td><a href=\"https:\/\/www.upla.cl\/calidad\/acreditacion\/carreras-pregrado-acreditadas\/\"><img class=\"aligncenter\" alt=\"acreditacion de pregrado\" src=\"https:\/\/www.upla.cl\/calidad\/wp-content\/uploads\/2012\/05\/acreditacion-de-pregrado.jpg\" width=\"158\" height=\"70\" \/><\/a><\/td>\r\n<td><a href=\"https:\/\/www.upla.cl\/calidad\/acreditacion\/programas-postgrado-acreditados\/\"><img class=\"wp-image-2197 aligncenter\" alt=\"acreditacion de postgrado\" src=\"https:\/\/www.upla.cl\/calidad\/wp-content\/uploads\/2013\/08\/acreditacion-de-postgrado.jpg\" width=\"161\" height=\"71\" \/><\/a><\/td>\r\n<\/tr>\r\n<tr style=\"background-color: #666666;\">\r\n<td colspan=\"3\">\r\n<p style=\"text-align: center;\"><strong><span style=\"color: #ffffff;\">Algunas consideraciones sobre el Proceso de Acreditaci\u00f3n<\/span><\/strong><\/p>\r\n<\/td>\r\n<\/tr>\r\n<tr>\r\n<td colspan=\"3\">\r\n<p style=\"text-align: justify;\"><span style=\"color: #000000;\">La\u00a0<span style=\"color: #808080;\"><strong>acreditaci\u00f3n\u00a0es un proceso <\/strong><\/span>al que se someten las instituciones de Educaci\u00f3n Superior aut\u00f3nomas del pa\u00eds, as\u00ed como las carreras de pregrado, programas de postgrado y especialidades del \u00e1rea de la salud que ellas imparten, para contar con una certificaci\u00f3n de calidad de sus procesos internos y sus resultados.<\/span><\/p>\r\n<p style=\"text-align: justify;\"><span style=\"color: #000000;\">En el caso de las\u00a0<strong><span style=\"color: #808080;\">carreras de Medicina y Pedagog\u00edas, la acreditaci\u00f3n es\u00a0obligatoria<\/span><\/strong>, seg\u00fan lo establece la Ley 20.129.<\/span><\/p>\r\n<p style=\"text-align: justify;\"><span style=\"color: #000000;\">Existen los siguientes\u00a0<strong><span style=\"color: #808080;\">procesos de acreditaci\u00f3n independientes entre s\u00ed<\/span><\/strong>: Acreditaci\u00f3n Institucional, Acreditaci\u00f3n de Carreras, Acreditaci\u00f3n de Programas de Postgrado y la de especialidades del \u00e1rea de la salud.<\/span><\/p>\r\n<p style=\"text-align: justify;\"><span style=\"color: #000000;\">La\u00a0<strong><span style=\"color: #808080;\">acreditaci\u00f3n institucional<\/span><\/strong>\u00a0certifica el cumplimiento del proyecto de la instituci\u00f3n y la existencia, aplicaci\u00f3n y resultados de mecanismos eficaces de autorregulaci\u00f3n y de aseguramiento de la calidad, al interior de las mismas.<\/span><\/p>\r\n<p style=\"text-align: justify;\"><span style=\"color: #000000;\">La\u00a0<strong><span style=\"color: #808080;\">acreditaci\u00f3n de carreras y programas<\/span><\/strong>\u00a0certifica la calidad en funci\u00f3n de sus prop\u00f3sitos declarados y de los criterios establecidos por las respectivas comunidades acad\u00e9micas y profesionales.<\/span><\/p>\r\n<\/td>\r\n<\/tr>\r\n<tr>\r\n<td><\/td>\r\n<td style=\"text-align: center;\"><span style=\"color: #0099cc;\"><strong><strong>Para m\u00e1s informaci\u00f3n<\/strong><\/strong><\/span><\/td>\r\n<td style=\"text-align: center;\"><\/td>\r\n<\/tr>\r\n<tr>\r\n<td><\/td>\r\n<td><\/td>\r\n<td><\/td>\r\n<\/tr>\r\n<tr>\r\n<td><a href=\"https:\/\/www.upla.cl\/calidad\/acreditacion-upla\/sobre-la-acreditacion\/ley-de-acreditacion\/\"><img class=\"aligncenter\" alt=\"ley de acreditacion y CNA\" src=\"https:\/\/www.upla.cl\/calidad\/wp-content\/uploads\/2012\/05\/ley-de-acreditacion-y-CNA.jpg\" width=\"134\" height=\"59\" \/><\/a><\/td>\r\n<td><a href=\"https:\/\/www.upla.cl\/calidad\/acreditacion-upla\/sobre-la-acreditacion\/proceso-de-acreditacion\/\"><img class=\"aligncenter\" alt=\"proceso de acreditacion\" src=\"https:\/\/www.upla.cl\/calidad\/wp-content\/uploads\/2012\/05\/proceso-de-acreditacion.jpg\" width=\"134\" height=\"59\" \/><\/a><\/td>\r\n<td><a href=\"https:\/\/www.upla.cl\/calidad\/acreditacion-upla\/sobre-la-acreditacion\/preguntas-frecuentes\/\"><img class=\"aligncenter\" alt=\"preguntas frecuentes\" src=\"https:\/\/www.upla.cl\/calidad\/wp-content\/uploads\/2012\/05\/preguntas-frecuentes.jpg\" width=\"134\" height=\"59\" \/><\/a><\/td>\r\n<\/tr>\r\n<\/tbody>\r\n<\/table>\r\n\u00a0\r\n\r\n<strong style=\"color: #000000; font-family: Verdana, Arial, Helvetica, sans-serif; font-size: 11px; line-height: normal; text-align: justify;\">\u00a0<\/strong>\r\n\r\n\u00a0\r\n\r\n\u00a0\r\n\r\n\u00a0\r\n\r\n\u00a0\r\n\r\n\u00a0","_et_gb_content_width":"","footnotes":""},"class_list":["post-2152","page","type-page","status-publish","hentry"],"_links":{"self":[{"href":"https:\/\/www.upla.cl\/calidad\/wp-json\/wp\/v2\/pages\/2152","targetHints":{"allow":["GET"]}}],"collection":[{"href":"https:\/\/www.upla.cl\/calidad\/wp-json\/wp\/v2\/pages"}],"about":[{"href":"https:\/\/www.upla.cl\/calidad\/wp-json\/wp\/v2\/types\/page"}],"author":[{"embeddable":true,"href":"https:\/\/www.upla.cl\/calidad\/wp-json\/wp\/v2\/users\/2"}],"replies":[{"embeddable":true,"href":"https:\/\/www.upla.cl\/calidad\/wp-json\/wp\/v2\/comments?post=2152"}],"version-history":[{"count":50,"href":"https:\/\/www.upla.cl\/calidad\/wp-json\/wp\/v2\/pages\/2152\/revisions"}],"predecessor-version":[{"id":130818,"href":"https:\/\/www.upla.cl\/calidad\/wp-json\/wp\/v2\/pages\/2152\/revisions\/130818"}],"wp:attachment":[{"href":"https:\/\/www.upla.cl\/calidad\/wp-json\/wp\/v2\/media?parent=2152"}],"curies":[{"name":"wp","href":"https:\/\/api.w.org\/{rel}","templated":true}]}}