{"id":20,"date":"2014-12-04T12:55:01","date_gmt":"2014-12-04T15:55:01","guid":{"rendered":"http:\/\/www.upla.cl\/buenaspracticas\/?page_id=20"},"modified":"2025-03-27T16:01:43","modified_gmt":"2025-03-27T19:01:43","slug":"funcionamiento","status":"publish","type":"page","link":"https:\/\/www.upla.cl\/buenaspracticas\/funcionamiento\/","title":{"rendered":"Funcionamiento"},"content":{"rendered":"<p>[et_pb_section fb_built=\u00bb1&#8243; fullwidth=\u00bbon\u00bb admin_label=\u00bbHeader\u00bb _builder_version=\u00bb4.16&#8243; background_image=\u00bbhttps:\/\/www.upla.cl\/buenaspracticas\/wp-content\/uploads\/2020\/05\/upla_casacentral_costado.jpg\u00bb parallax=\u00bbon\u00bb global_colors_info=\u00bb{}\u00bb][et_pb_fullwidth_header title=\u00bbFuncionamiento\u00bb text_orientation=\u00bbcenter\u00bb _builder_version=\u00bb4.16&#8243; title_font=\u00bbLato||||||||\u00bb title_font_size=\u00bb60px\u00bb title_line_height=\u00bb1.3em\u00bb content_font=\u00bb||||||||\u00bb content_line_height=\u00bb2em\u00bb subhead_font=\u00bbLato||||||||\u00bb subhead_font_size=\u00bb20px\u00bb subhead_line_height=\u00bb1.8em\u00bb background_color=\u00bbrgba(0,0,0,0)\u00bb use_background_color_gradient=\u00bbon\u00bb background_color_gradient_type=\u00bbcircular\u00bb background_color_gradient_stops=\u00bbrgba(102,133,221,0.37) 0%|rgba(31,31,71,0.81) 53%\u00bb background_color_gradient_start=\u00bbrgba(102,133,221,0.37)\u00bb background_color_gradient_end=\u00bbrgba(31,31,71,0.81)\u00bb background_color_gradient_end_position=\u00bb53%\u00bb custom_button_one=\u00bbon\u00bb button_one_text_size=\u00bb16px\u00bb button_one_text_color=\u00bb#ffffff\u00bb button_one_bg_color=\u00bb#a0beef\u00bb button_one_border_width=\u00bb8px\u00bb button_one_border_color=\u00bbrgba(0,0,0,0)\u00bb button_one_border_radius=\u00bb0px\u00bb button_one_letter_spacing=\u00bb3px\u00bb button_one_font=\u00bbDidact Gothic|700||on|||||\u00bb button_one_use_icon=\u00bboff\u00bb custom_button_two=\u00bbon\u00bb button_two_text_size=\u00bb16px\u00bb button_two_text_color=\u00bb#34587c\u00bb button_two_bg_color=\u00bb#ffffff\u00bb button_two_border_width=\u00bb8px\u00bb button_two_border_color=\u00bbrgba(0,0,0,0)\u00bb button_two_border_radius=\u00bb0px\u00bb button_two_letter_spacing=\u00bb3px\u00bb button_two_font=\u00bbDidact Gothic|700||on|||||\u00bb button_two_icon=\u00bb&#x49;||divi||400&#8243; button_two_icon_placement=\u00bbleft\u00bb button_two_on_hover=\u00bboff\u00bb custom_padding=\u00bb10vw||10vw||true\u00bb custom_padding_tablet=\u00bb\u00bb custom_padding_phone=\u00bb||80px\u00bb custom_padding_last_edited=\u00bbon|phone\u00bb animation_style=\u00bbfade\u00bb animation_starting_opacity=\u00bb45%\u00bb title_font_size_tablet=\u00bb40px\u00bb title_font_size_phone=\u00bb30px\u00bb title_font_size_last_edited=\u00bbon|phone\u00bb subhead_font_size_tablet=\u00bb\u00bb subhead_font_size_phone=\u00bb18px\u00bb subhead_font_size_last_edited=\u00bbon|phone\u00bb global_colors_info=\u00bb{}\u00bb][\/et_pb_fullwidth_header][\/et_pb_section][et_pb_section fb_built=\u00bb1&#8243; admin_label=\u00bbServices\u00bb _builder_version=\u00bb4.16&#8243; background_image=\u00bbhttps:\/\/www.upla.cl\/buenaspracticas\/wp-content\/uploads\/2020\/05\/church-03.jpg\u00bb background_size=\u00bbinitial\u00bb background_position=\u00bbtop_center\u00bb custom_padding=\u00bb60px|0px|40px|0px|false|false\u00bb global_colors_info=\u00bb{}\u00bb][et_pb_row use_custom_gutter=\u00bbon\u00bb _builder_version=\u00bb4.16&#8243; background_color=\u00bbrgba(126,190,197,0)\u00bb custom_padding=\u00bb0|0px|27px|0px|false|false\u00bb global_colors_info=\u00bb{}\u00bb][et_pb_column type=\u00bb4_4&#8243; _builder_version=\u00bb4.16&#8243; custom_padding=\u00bb|||\u00bb global_colors_info=\u00bb{}\u00bb custom_padding__hover=\u00bb|||\u00bb][et_pb_text _builder_version=\u00bb4.16&#8243; global_colors_info=\u00bb{}\u00bb]<\/p>\n<p>La Comisi\u00f3n de Buenas Pr\u00e1cticas Laborales inici\u00f3 formalmente su trabajo el 5 de noviembre de 2012, con la misi\u00f3n de desarrollar gestiones espec\u00edficas destinadas a impulsar en la Universidad acciones contra la discriminaci\u00f3n, promover la igualdad de oportunidades y el buen ambiente laboral, fomentar la sana conciliaci\u00f3n de las responsabilidades laborales y familiares, y en definitiva, propender hacia el mejoramiento de la calidad de vida en el trabajo.<\/p>\n<p>Lo anterior en el marco de la expresa voluntad del Estado, y los principios rectores de la Universidad de Playa Ancha.<br \/> La Comisi\u00f3n de Buenas Pr\u00e1cticas Laborales est\u00e1 constituida por los siguientes representantes:<\/p>\n<ul>\n<li>Directora de Administraci\u00f3n de Recursos Humanos.<\/li>\n<li>Directora de la Comisi\u00f3n Interdisciplinaria de Estudios de G\u00e9nero.<\/li>\n<li>Representante de la Asociaci\u00f3n de Funcionarios de la Universidad de Playa Ancha, AFUP Nuevo Milenio.<\/li>\n<li>Representante de la Asociaci\u00f3n de Funcionarios de la Universidad de Playa Ancha, AFUPLA.<\/li>\n<li>Representante de la Asociaci\u00f3n de Funcionarios Acad\u00e9micos, AFA;<\/li>\n<li>Presidente de la Comisi\u00f3n, Jefe del Servicio de Bienestar del Personal.<\/li>\n<\/ul>\n<p>[\/et_pb_text][\/et_pb_column][\/et_pb_row][\/et_pb_section][et_pb_section fb_built=\u00bb1&#8243; admin_label=\u00bbFooter\u00bb _builder_version=\u00bb4.16&#8243; background_color=\u00bb#34587c\u00bb use_background_color_gradient=\u00bbon\u00bb background_color_gradient_type=\u00bbcircular\u00bb background_color_gradient_direction_radial=\u00bbtop left\u00bb background_color_gradient_stops=\u00bbrgba(0,155,205,0.66) 25%|#0c71c3 70%\u00bb background_color_gradient_overlays_image=\u00bbon\u00bb background_color_gradient_start=\u00bbrgba(0,155,205,0.66)\u00bb background_color_gradient_start_position=\u00bb25%\u00bb background_color_gradient_end=\u00bb#0c71c3&#8243; background_color_gradient_end_position=\u00bb70%\u00bb background_image=\u00bbhttps:\/\/www.upla.cl\/buenaspracticas\/wp-content\/uploads\/2020\/05\/church-01.jpg\u00bb background_blend=\u00bbmultiply\u00bb max_width=\u00bb90%\u00bb module_alignment=\u00bbcenter\u00bb custom_margin=\u00bb||5%\u00bb custom_padding=\u00bb36px|0px|36px|0px|true|false\u00bb animation_style=\u00bbslide\u00bb animation_direction=\u00bbbottom\u00bb animation_intensity_slide=\u00bb2%\u00bb box_shadow_style=\u00bbpreset1&#8243; box_shadow_vertical=\u00bb-10px\u00bb box_shadow_blur=\u00bb60px\u00bb global_colors_info=\u00bb{}\u00bb][et_pb_row _builder_version=\u00bb4.16&#8243; global_colors_info=\u00bb{}\u00bb][et_pb_column type=\u00bb4_4&#8243; _builder_version=\u00bb4.16&#8243; custom_padding=\u00bb|||\u00bb global_colors_info=\u00bb{}\u00bb custom_padding__hover=\u00bb|||\u00bb][et_pb_text _builder_version=\u00bb4.16&#8243; header_text_align=\u00bbleft\u00bb header_text_color=\u00bb#ffffff\u00bb global_colors_info=\u00bb{}\u00bb]<\/p>\n<h1>Cont\u00e1ctanos<\/h1>\n<p>[\/et_pb_text][et_pb_code _builder_version=\u00bb4.16&#8243; global_colors_info=\u00bb{}\u00bb]\n<div class=\"wpcf7 no-js\" id=\"wpcf7-f4-o1\" lang=\"es-ES\" dir=\"ltr\" data-wpcf7-id=\"4\">\n<div class=\"screen-reader-response\"><p role=\"status\" aria-live=\"polite\" aria-atomic=\"true\"><\/p> <ul><\/ul><\/div>\n<form action=\"\/buenaspracticas\/wp-json\/wp\/v2\/pages\/20#wpcf7-f4-o1\" method=\"post\" class=\"wpcf7-form init\" aria-label=\"Formulario de contacto\" novalidate=\"novalidate\" data-status=\"init\">\n<fieldset class=\"hidden-fields-container\"><input type=\"hidden\" name=\"_wpcf7\" value=\"4\" \/><input type=\"hidden\" name=\"_wpcf7_version\" value=\"6.1.4\" \/><input type=\"hidden\" name=\"_wpcf7_locale\" value=\"es_ES\" \/><input type=\"hidden\" name=\"_wpcf7_unit_tag\" value=\"wpcf7-f4-o1\" \/><input type=\"hidden\" name=\"_wpcf7_container_post\" value=\"0\" \/><input type=\"hidden\" name=\"_wpcf7_posted_data_hash\" value=\"\" \/><input type=\"hidden\" name=\"_wpcf7_recaptcha_response\" value=\"\" \/>\n<\/fieldset>\n<p>Nombre completo (requerido)\n<\/p>\n<p><span class=\"wpcf7-form-control-wrap\" data-name=\"your-name\"><input size=\"40\" maxlength=\"400\" class=\"wpcf7-form-control wpcf7-text wpcf7-validates-as-required\" aria-required=\"true\" aria-invalid=\"false\" value=\"\" type=\"text\" name=\"your-name\" \/><\/span>\n<\/p>\n<p>Correo electr\u00f3nico (requerido)\n<\/p>\n<p><span class=\"wpcf7-form-control-wrap\" data-name=\"your-email\"><input size=\"40\" maxlength=\"400\" class=\"wpcf7-form-control wpcf7-email wpcf7-validates-as-required wpcf7-text wpcf7-validates-as-email\" aria-required=\"true\" aria-invalid=\"false\" value=\"\" type=\"email\" name=\"your-email\" \/><\/span>\n<\/p>\n<p>Tel\u00e9fono (requerido)\n<\/p>\n<p><span class=\"wpcf7-form-control-wrap\" data-name=\"Telefono\"><input size=\"13\" maxlength=\"400\" class=\"wpcf7-form-control wpcf7-tel wpcf7-validates-as-required wpcf7-text wpcf7-validates-as-tel\" aria-required=\"true\" aria-invalid=\"false\" placeholder=\"09 12345678 - 32 2205100\" value=\"\" type=\"tel\" name=\"Telefono\" \/><\/span>\n<\/p>\n<p>Asunto\n<\/p>\n<p><span class=\"wpcf7-form-control-wrap\" data-name=\"your-subject\"><input size=\"40\" maxlength=\"400\" class=\"wpcf7-form-control wpcf7-text\" aria-invalid=\"false\" value=\"\" type=\"text\" name=\"your-subject\" \/><\/span>\n<\/p>\n<p>Mensaje\n<\/p>\n<p><span class=\"wpcf7-form-control-wrap\" data-name=\"your-message\"><textarea cols=\"40\" rows=\"10\" maxlength=\"2000\" class=\"wpcf7-form-control wpcf7-textarea\" aria-invalid=\"false\" name=\"your-message\"><\/textarea><\/span>\n<\/p>\n<p><input class=\"wpcf7-form-control wpcf7-submit has-spinner\" type=\"submit\" value=\"Enviar\" \/>\n<\/p><div class=\"wpcf7-response-output\" aria-hidden=\"true\"><\/div>\n<\/form>\n<\/div>\n[\/et_pb_code][\/et_pb_column][\/et_pb_row][\/et_pb_section]<\/p>\n","protected":false},"excerpt":{"rendered":"<p>La Comisi\u00f3n de Buenas Pr\u00e1cticas Laborales inici\u00f3 formalmente su trabajo el 5 de noviembre de 2012, con la misi\u00f3n de desarrollar gestiones espec\u00edficas destinadas a impulsar en la Universidad acciones contra la discriminaci\u00f3n, promover la igualdad de oportunidades y el buen ambiente laboral, fomentar la sana conciliaci\u00f3n de las responsabilidades laborales y familiares, y en [&hellip;]<\/p>\n","protected":false},"author":1,"featured_media":21,"parent":0,"menu_order":2,"comment_status":"closed","ping_status":"closed","template":"","meta":{"_et_pb_use_builder":"on","_et_pb_old_content":"[et_pb_section][et_pb_row][et_pb_column type=\"4_4\"][et_pb_text]\r\n\r\nLa Comisi\u00f3n de Buenas Pr\u00e1cticas Laborales inici\u00f3 formalmente su trabajo el 5 de noviembre de 2012, con la misi\u00f3n de desarrollar gestiones espec\u00edficas destinadas a impulsar en la Universidad acciones contra la discriminaci\u00f3n, promover la igualdad de oportunidades y el buen ambiente laboral, fomentar la sana conciliaci\u00f3n de las responsabilidades laborales y familiares, y en definitiva, propender hacia el mejoramiento de la calidad de vida en el trabajo.\r\n\r\nLo anterior en el marco de la expresa voluntad del Estado, y los principios rectores de la Universidad de Playa Ancha.\r\n\r\nLa Comisi\u00f3n de Buenas Pr\u00e1cticas Laborales est\u00e1 constituida por los siguientes funcionarios:\r\n<ul>\r\n \t<li>Nelly Alonso Meneses, <strong>directora de Administraci\u00f3n de Recursos Humanos;<\/strong><\/li>\r\n \t<li>Marcela Prado Traverso, <strong>directora \u00a0de la Comisi\u00f3n Interdisciplinaria de Estudios de G\u00e9nero;<\/strong><\/li>\r\n \t<li>Miriam Ortiz Adones, <strong>representante de la Asociaci\u00f3n de Funcionarios de la Universidad de Playa Ancha, AFUP Nuevo Milenio;<\/strong><\/li>\r\n \t<li>Rodrigo Esparza Guti\u00e9rrez, <strong>representante de la Asociaci\u00f3n de Funcionarios de la Universidad de Playa Ancha, AFUPLA;<\/strong><\/li>\r\n \t<li>Bernardo Soria Ibacache, <strong>representante de la Asociaci\u00f3n de Funcionarios Acad\u00e9micos, AFA;<\/strong><\/li>\r\n \t<li>Alejandro Zamora Sep\u00falveda, <strong>Presidente de la Comisi\u00f3n.<\/strong><\/li>\r\n<\/ul>\r\n<a href=\"https:\/\/www.upla.cl\/buenaspracticas\/wp-content\/uploads\/2014\/12\/CBPL-con-Rector.jpg\"><img class=\"size-full wp-image-21 aligncenter\" src=\"https:\/\/www.upla.cl\/buenaspracticas\/wp-content\/uploads\/2014\/12\/CBPL-con-Rector.jpg\" alt=\"Universidad de Playa Ancha - Comit\u00e9 de Buenas Pr\u00e1cticas Laborales\" width=\"640\" height=\"322\" \/><\/a>\r\n\r\n[\/et_pb_text][\/et_pb_column][\/et_pb_row][\/et_pb_section]","_et_gb_content_width":"","footnotes":""},"class_list":["post-20","page","type-page","status-publish","has-post-thumbnail","hentry"],"_links":{"self":[{"href":"https:\/\/www.upla.cl\/buenaspracticas\/wp-json\/wp\/v2\/pages\/20","targetHints":{"allow":["GET"]}}],"collection":[{"href":"https:\/\/www.upla.cl\/buenaspracticas\/wp-json\/wp\/v2\/pages"}],"about":[{"href":"https:\/\/www.upla.cl\/buenaspracticas\/wp-json\/wp\/v2\/types\/page"}],"author":[{"embeddable":true,"href":"https:\/\/www.upla.cl\/buenaspracticas\/wp-json\/wp\/v2\/users\/1"}],"replies":[{"embeddable":true,"href":"https:\/\/www.upla.cl\/buenaspracticas\/wp-json\/wp\/v2\/comments?post=20"}],"version-history":[{"count":7,"href":"https:\/\/www.upla.cl\/buenaspracticas\/wp-json\/wp\/v2\/pages\/20\/revisions"}],"predecessor-version":[{"id":100631,"href":"https:\/\/www.upla.cl\/buenaspracticas\/wp-json\/wp\/v2\/pages\/20\/revisions\/100631"}],"wp:featuredmedia":[{"embeddable":true,"href":"https:\/\/www.upla.cl\/buenaspracticas\/wp-json\/wp\/v2\/media\/21"}],"wp:attachment":[{"href":"https:\/\/www.upla.cl\/buenaspracticas\/wp-json\/wp\/v2\/media?parent=20"}],"curies":[{"name":"wp","href":"https:\/\/api.w.org\/{rel}","templated":true}]}}

<p>[et_pb_section fb_built=»1&#8243; fullwidth=»on» admin_label=»Header» _builder_version=»4.16&#8243; background_image=»https://www.upla.cl/buenaspracticas/wp-content/uploads/2020/05/upla_casacentral_costado.jpg» parallax=»on» global_colors_info=»{}»][et_pb_fullwidth_header title=»Funcionamiento» text_orientation=»center» _builder_version=»4.16&#8243; title_font=»Lato||||||||» title_font_size=»60px» title_line_height=»1.3em» content_font=»||||||||» content_line_height=»2em» subhead_font=»Lato||||||||» subhead_font_size=»20px» subhead_line_height=»1.8em» background_color=»rgba(0,0,0,0)» use_background_color_gradient=»on» background_color_gradient_type=»circular» background_color_gradient_stops=»rgba(102,133,221,0.37) 0%|rgba(31,31,71,0.81) 53%» background_color_gradient_start=»rgba(102,133,221,0.37)» background_color_gradient_end=»rgba(31,31,71,0.81)» background_color_gradient_end_position=»53%» custom_button_one=»on» button_one_text_size=»16px» button_one_text_color=»#ffffff» button_one_bg_color=»#a0beef» button_one_border_width=»8px» button_one_border_color=»rgba(0,0,0,0)» button_one_border_radius=»0px» button_one_letter_spacing=»3px» button_one_font=»Didact Gothic|700||on|||||» button_one_use_icon=»off» custom_button_two=»on» button_two_text_size=»16px» button_two_text_color=»#34587c» button_two_bg_color=»#ffffff» button_two_border_width=»8px» button_two_border_color=»rgba(0,0,0,0)» button_two_border_radius=»0px» button_two_letter_spacing=»3px» button_two_font=»Didact Gothic|700||on|||||» button_two_icon=»&#x49;||divi||400&#8243; button_two_icon_placement=»left» button_two_on_hover=»off» custom_padding=»10vw||10vw||true» custom_padding_tablet=»» custom_padding_phone=»||80px» custom_padding_last_edited=»on|phone» animation_style=»fade» animation_starting_opacity=»45%» title_font_size_tablet=»40px» title_font_size_phone=»30px» title_font_size_last_edited=»on|phone» subhead_font_size_tablet=»» subhead_font_size_phone=»18px» subhead_font_size_last_edited=»on|phone» global_colors_info=»{}»][/et_pb_fullwidth_header][/et_pb_section][et_pb_section fb_built=»1&#8243; admin_label=»Services» _builder_version=»4.16&#8243; background_image=»https://www.upla.cl/buenaspracticas/wp-content/uploads/2020/05/church-03.jpg» background_size=»initial» background_position=»top_center» custom_padding=»60px|0px|40px|0px|false|false» global_colors_info=»{}»][et_pb_row use_custom_gutter=»on» _builder_version=»4.16&#8243; background_color=»rgba(126,190,197,0)» custom_padding=»0|0px|27px|0px|false|false» global_colors_info=»{}»][et_pb_column type=»4_4&#8243; _builder_version=»4.16&#8243; custom_padding=»|||» global_colors_info=»{}» custom_padding__hover=»|||»][et_pb_text _builder_version=»4.16&#8243; global_colors_info=»{}»]</p>
<p>La Comisión de Buenas Prácticas Laborales inició formalmente su trabajo el 5 de noviembre de 2012, con la misión de desarrollar gestiones específicas destinadas a impulsar en la Universidad acciones contra la discriminación, promover la igualdad de oportunidades y el buen ambiente laboral, fomentar la sana conciliación de las responsabilidades laborales y familiares, y en definitiva, propender hacia el mejoramiento de la calidad de vida en el trabajo.</p>
<p>Lo anterior en el marco de la expresa voluntad del Estado, y los principios rectores de la Universidad de Playa Ancha.<br /> La Comisión de Buenas Prácticas Laborales está constituida por los siguientes representantes:</p>
<ul>
<li>Directora de Administración de Recursos Humanos.</li>
<li>Directora de la Comisión Interdisciplinaria de Estudios de Género.</li>
<li>Representante de la Asociación de Funcionarios de la Universidad de Playa Ancha, AFUP Nuevo Milenio.</li>
<li>Representante de la Asociación de Funcionarios de la Universidad de Playa Ancha, AFUPLA.</li>
<li>Representante de la Asociación de Funcionarios Académicos, AFA;</li>
<li>Presidente de la Comisión, Jefe del Servicio de Bienestar del Personal.</li>
</ul>
<p>[/et_pb_text][/et_pb_column][/et_pb_row][/et_pb_section][et_pb_section fb_built=»1&#8243; admin_label=»Footer» _builder_version=»4.16&#8243; background_color=»#34587c» use_background_color_gradient=»on» background_color_gradient_type=»circular» background_color_gradient_direction_radial=»top left» background_color_gradient_stops=»rgba(0,155,205,0.66) 25%|#0c71c3 70%» background_color_gradient_overlays_image=»on» background_color_gradient_start=»rgba(0,155,205,0.66)» background_color_gradient_start_position=»25%» background_color_gradient_end=»#0c71c3&#8243; background_color_gradient_end_position=»70%» background_image=»https://www.upla.cl/buenaspracticas/wp-content/uploads/2020/05/church-01.jpg» background_blend=»multiply» max_width=»90%» module_alignment=»center» custom_margin=»||5%» custom_padding=»36px|0px|36px|0px|true|false» animation_style=»slide» animation_direction=»bottom» animation_intensity_slide=»2%» box_shadow_style=»preset1&#8243; box_shadow_vertical=»-10px» box_shadow_blur=»60px» global_colors_info=»{}»][et_pb_row _builder_version=»4.16&#8243; global_colors_info=»{}»][et_pb_column type=»4_4&#8243; _builder_version=»4.16&#8243; custom_padding=»|||» global_colors_info=»{}» custom_padding__hover=»|||»][et_pb_text _builder_version=»4.16&#8243; header_text_align=»left» header_text_color=»#ffffff» global_colors_info=»{}»]</p>
<h1>Contáctanos</h1>
<p>[/et_pb_text][et_pb_code _builder_version=»4.16&#8243; global_colors_info=»{}»]
<div class="wpcf7 no-js" id="wpcf7-f4-o1" lang="es-ES" dir="ltr" data-wpcf7-id="4">
<div class="screen-reader-response"><p role="status" aria-live="polite" aria-atomic="true"></p> <ul></ul></div>
<form action="/buenaspracticas/wp-json/wp/v2/pages/20#wpcf7-f4-o1" method="post" class="wpcf7-form init" aria-label="Formulario de contacto" novalidate="novalidate" data-status="init">
<fieldset class="hidden-fields-container"><input type="hidden" name="_wpcf7" value="4" /><input type="hidden" name="_wpcf7_version" value="6.1.4" /><input type="hidden" name="_wpcf7_locale" value="es_ES" /><input type="hidden" name="_wpcf7_unit_tag" value="wpcf7-f4-o1" /><input type="hidden" name="_wpcf7_container_post" value="0" /><input type="hidden" name="_wpcf7_posted_data_hash" value="" /><input type="hidden" name="_wpcf7_recaptcha_response" value="" />
</fieldset>
<p>Nombre completo (requerido)
</p>
<p><span class="wpcf7-form-control-wrap" data-name="your-name"><input size="40" maxlength="400" class="wpcf7-form-control wpcf7-text wpcf7-validates-as-required" aria-required="true" aria-invalid="false" value="" type="text" name="your-name" /></span>
</p>
<p>Correo electrónico (requerido)
</p>
<p><span class="wpcf7-form-control-wrap" data-name="your-email"><input size="40" maxlength="400" class="wpcf7-form-control wpcf7-email wpcf7-validates-as-required wpcf7-text wpcf7-validates-as-email" aria-required="true" aria-invalid="false" value="" type="email" name="your-email" /></span>
</p>
<p>Teléfono (requerido)
</p>
<p><span class="wpcf7-form-control-wrap" data-name="Telefono"><input size="13" maxlength="400" class="wpcf7-form-control wpcf7-tel wpcf7-validates-as-required wpcf7-text wpcf7-validates-as-tel" aria-required="true" aria-invalid="false" placeholder="09 12345678 - 32 2205100" value="" type="tel" name="Telefono" /></span>
</p>
<p>Asunto
</p>
<p><span class="wpcf7-form-control-wrap" data-name="your-subject"><input size="40" maxlength="400" class="wpcf7-form-control wpcf7-text" aria-invalid="false" value="" type="text" name="your-subject" /></span>
</p>
<p>Mensaje
</p>
<p><span class="wpcf7-form-control-wrap" data-name="your-message"><textarea cols="40" rows="10" maxlength="2000" class="wpcf7-form-control wpcf7-textarea" aria-invalid="false" name="your-message"></textarea></span>
</p>
<p><input class="wpcf7-form-control wpcf7-submit has-spinner" type="submit" value="Enviar" />
</p><div class="wpcf7-response-output" aria-hidden="true"></div>
</form>
</div>
[/et_pb_code][/et_pb_column][/et_pb_row][/et_pb_section]</p>

<p>La Comisión de Buenas Prácticas Laborales inició formalmente su trabajo el 5 de noviembre de 2012, con la misión de desarrollar gestiones específicas destinadas a impulsar en la Universidad acciones contra la discriminación, promover la igualdad de oportunidades y el buen ambiente laboral, fomentar la sana conciliación de las responsabilidades laborales y familiares, y en [&hellip;]</p>

[et_pb_section][et_pb_row][et_pb_column type="4_4"][et_pb_text]

La Comisión de Buenas Prácticas Laborales inició formalmente su trabajo el 5 de noviembre de 2012, con la misión de desarrollar gestiones específicas destinadas a impulsar en la Universidad acciones contra la discriminación, promover la igualdad de oportunidades y el buen ambiente laboral, fomentar la sana conciliación de las responsabilidades laborales y familiares, y en definitiva, propender hacia el mejoramiento de la calidad de vida en el trabajo.

Lo anterior en el marco de la expresa voluntad del Estado, y los principios rectores de la Universidad de Playa Ancha.

La Comisión de Buenas Prácticas Laborales está constituida por los siguientes funcionarios:
<ul>
 	<li>Nelly Alonso Meneses, <strong>directora de Administración de Recursos Humanos;</strong></li>
 	<li>Marcela Prado Traverso, <strong>directora  de la Comisión Interdisciplinaria de Estudios de Género;</strong></li>
 	<li>Miriam Ortiz Adones, <strong>representante de la Asociación de Funcionarios de la Universidad de Playa Ancha, AFUP Nuevo Milenio;</strong></li>
 	<li>Rodrigo Esparza Gutiérrez, <strong>representante de la Asociación de Funcionarios de la Universidad de Playa Ancha, AFUPLA;</strong></li>
 	<li>Bernardo Soria Ibacache, <strong>representante de la Asociación de Funcionarios Académicos, AFA;</strong></li>
 	<li>Alejandro Zamora Sepúlveda, <strong>Presidente de la Comisión.</strong></li>
</ul>
<a href="https://www.upla.cl/buenaspracticas/wp-content/uploads/2014/12/CBPL-con-Rector.jpg"><img class="size-full wp-image-21 aligncenter" src="https://www.upla.cl/buenaspracticas/wp-content/uploads/2014/12/CBPL-con-Rector.jpg" alt="Universidad de Playa Ancha - Comité de Buenas Prácticas Laborales" width="640" height="322" /></a>

[/et_pb_text][/et_pb_column][/et_pb_row][/et_pb_section]
