{"id":100718,"date":"2024-04-12T10:56:23","date_gmt":"2024-04-12T14:56:23","guid":{"rendered":"https:\/\/www.upla.cl\/bibliotecas\/?post_type=project&#038;p=100718"},"modified":"2024-04-23T10:29:35","modified_gmt":"2024-04-23T14:29:35","slug":"las-bases-de-big-data-y-de-la-inteligencia-artificial-rafael-caballero-enrique-martin-autores","status":"publish","type":"project","link":"https:\/\/www.upla.cl\/bibliotecas\/project\/las-bases-de-big-data-y-de-la-inteligencia-artificial-rafael-caballero-enrique-martin-autores\/","title":{"rendered":"Las bases de big data y de la inteligencia artificial, Rafael Caballero, Enrique Mart\u00edn, autores."},"content":{"rendered":"<p>[et_pb_section fb_built=\u00bb1&#8243; admin_label=\u00bbHeader\u00bb _builder_version=\u00bb4.16&#8243; background_color=\u00bb#f7f7f7&#8243; use_background_color_gradient=\u00bbon\u00bb background_color_gradient_direction=\u00bb90deg\u00bb background_color_gradient_stops=\u00bb#f7f7f7 66%|#ffffff 66%\u00bb background_color_gradient_start=\u00bb#f7f7f7&#8243; background_color_gradient_start_position=\u00bb66%\u00bb background_color_gradient_end=\u00bb#ffffff\u00bb background_color_gradient_end_position=\u00bb0%\u00bb custom_margin=\u00bb|||||\u00bb custom_padding=\u00bb||0px|||\u00bb background_last_edited=\u00bbon|tablet\u00bb use_background_color_gradient_tablet=\u00bbon\u00bb background_color_gradient_stops_tablet=\u00bb#f7f7f7 100%|#ffffff 100%\u00bb background_color_gradient_start_position_tablet=\u00bb100%\u00bb locked=\u00bboff\u00bb global_colors_info=\u00bb{}\u00bb][et_pb_row column_structure=\u00bb1_3,1_3,1_3&#8243; custom_padding_last_edited=\u00bbon|phone\u00bb padding_left_right_link_1=\u00bbfalse\u00bb _builder_version=\u00bb4.24.3&#8243; background_enable_image=\u00bboff\u00bb background_size=\u00bbinitial\u00bb background_position=\u00bbtop_left\u00bb custom_margin=\u00bb||\u00bb custom_padding=\u00bb100px||100px|20px||\u00bb custom_padding_tablet=\u00bb\u00bb custom_padding_phone=\u00bb|||0px\u00bb global_colors_info=\u00bb{}\u00bb][et_pb_column type=\u00bb1_3&#8243; _builder_version=\u00bb4.16&#8243; background_repeat=\u00bbrepeat\u00bb custom_padding=\u00bb|||\u00bb custom_padding_phone=\u00bb|||0px\u00bb custom_padding_last_edited=\u00bboff|phone\u00bb global_colors_info=\u00bb{}\u00bb custom_padding__hover=\u00bb|||\u00bb][et_pb_image src=\u00bbhttps:\/\/www.upla.cl\/bibliotecas\/wp-content\/uploads\/20240412_bigdata.jpg\u00bb alt=\u00bbPortada del libro Las bases de Big data\u00bb title_text=\u00bbLas bases de Big data\u00bb _builder_version=\u00bb4.24.3&#8243; _module_preset=\u00bbdefault\u00bb width=\u00bb94%\u00bb module_alignment=\u00bbcenter\u00bb global_colors_info=\u00bb{}\u00bb][\/et_pb_image][\/et_pb_column][et_pb_column type=\u00bb1_3&#8243; _builder_version=\u00bb4.16&#8243; custom_padding=\u00bb|||\u00bb global_colors_info=\u00bb{}\u00bb custom_padding__hover=\u00bb|||\u00bb][et_pb_text _builder_version=\u00bb4.24.3&#8243; text_font=\u00bbLato||||||||\u00bb header_font=\u00bbLato||||||||\u00bb header_text_color=\u00bb#565656&#8243; header_font_size=\u00bb40px\u00bb header_line_height=\u00bb1.3em\u00bb custom_margin=\u00bb||\u00bb hover_enabled=\u00bb0&#8243; text_font_size_tablet=\u00bb\u00bb text_font_size_phone=\u00bb14px\u00bb text_font_size_last_edited=\u00bbon|desktop\u00bb header_font_size_tablet=\u00bb50px\u00bb header_font_size_phone=\u00bb30px\u00bb header_font_size_last_edited=\u00bbon|phone\u00bb global_colors_info=\u00bb{}\u00bb sticky_enabled=\u00bb0&#8243;]<\/p>\n<h1><span style=\"color: #009bdb;\">Las bases de big data y de la inteligencia artificial, <\/span>Rafael Caballero, Enrique Mart\u00edn, autores.<\/h1>\n<p>Cada clic en Internet es un dato que, bien aprovechado, puede servir, por ejemplo, para adecuar las p\u00e1ginas a nuestras preferencias, pero tambi\u00e9n para ofrecer publicidad personalizada. Los tel\u00e9fonos m\u00f3viles emiten constantemente datos sobre nuestra ubicaci\u00f3n o el uso de aplicaciones. Al viajar en transporte p\u00fablico y validar un billete, contribuimos a una base de datos que decide qu\u00e9 l\u00edneas de transporte se utilizan m\u00e1s y a qu\u00e9 horas. Al pagar con tarjeta, aportamos a nuestro banco informaci\u00f3n sobre nuestros h\u00e1bitos y tambi\u00e9n a la tienda sobre los productos que hemos comprado. Estos ejemplos muestran que cada vez vivimos en un mundo m\u00e1s repleto de datos, a menudo producidos por nosotros mismos sin darnos cuenta. Este inmenso trasiego solo se convierte en informaci\u00f3n \u00fatil cuando se procesa y analiza, es entonces cuando se vislumbra su potencial. Este libro pretende ser un viaje por el mundo big data, mostrando sus bondades pero tambi\u00e9n los retos que plantea, por ejemplo, para nuestro concepto de privacidad. Tambi\u00e9n se adentra en c\u00f3mo la inteligencia artificial permite extraer nueva informaci\u00f3n y conocimiento a partir de los datos en bruto, lo que tiene un amplio abanico de aplicaciones: predecir los gustos cinematogr\u00e1ficos, anticipar la aparici\u00f3n de dolencias bas\u00e1ndose en h\u00e1bitos alimenticios, detectar caras de manera autom\u00e1tica en fotos\u2026 El fin \u00faltimo de este libro no solo es presentar datos curiosos e interesantes, sino lograr que el lector obtenga una mejor comprensi\u00f3n del fen\u00f3meno big data y su impacto en el mundo que nos rodea.<\/p>\n<p>[\/et_pb_text][\/et_pb_column][et_pb_column type=\u00bb1_3&#8243; _builder_version=\u00bb4.16&#8243; custom_padding=\u00bb|||\u00bb global_colors_info=\u00bb{}\u00bb custom_padding__hover=\u00bb|||\u00bb][et_pb_text _builder_version=\u00bb4.24.3&#8243; _module_preset=\u00bbdefault\u00bb header_2_text_color=\u00bb#565656&#8243; header_2_font_size=\u00bb30px\u00bb custom_padding=\u00bb15px|||59px||\u00bb global_colors_info=\u00bb{}\u00bb]<\/p>\n<h2><strong>M\u00e1s colecciones<\/strong><\/h2>\n<p>[\/et_pb_text][et_pb_sidebar area=\u00bbet_pb_widget_area_5&#8243; _builder_version=\u00bb4.24.3&#8243; _module_preset=\u00bbdefault\u00bb custom_padding=\u00bb|||61px||\u00bb global_colors_info=\u00bb{}\u00bb][\/et_pb_sidebar][\/et_pb_column][\/et_pb_row][\/et_pb_section][et_pb_section fb_built=\u00bb1&#8243; _builder_version=\u00bb4.22.0&#8243; _module_preset=\u00bbdefault\u00bb custom_padding=\u00bb3%||3%||true|false\u00bb border_color_top=\u00bbRGBA(255,255,255,0)\u00bb border_style_top=\u00bboutset\u00bb global_module=\u00bb100590&#8243; saved_tabs=\u00bball\u00bb global_colors_info=\u00bb{}\u00bb][et_pb_row column_structure=\u00bb1_2,1_4,1_4&#8243; use_custom_gutter=\u00bbon\u00bb make_equal=\u00bbon\u00bb _builder_version=\u00bb4.22.0&#8243; _module_preset=\u00bbdefault\u00bb global_colors_info=\u00bb{}\u00bb][et_pb_column type=\u00bb1_2&#8243; _builder_version=\u00bb4.22.0&#8243; _module_preset=\u00bbdefault\u00bb global_colors_info=\u00bb{}\u00bb][et_pb_image src=\u00bbhttps:\/\/www.upla.cl\/bibliotecas\/wp-content\/uploads\/2016_1025_sistemadebibliotecas_header.png\u00bb title_text=\u00bb2016_1025_sistemadebibliotecas_header\u00bb _builder_version=\u00bb4.22.0&#8243; _module_preset=\u00bbdefault\u00bb width=\u00bb70%\u00bb global_colors_info=\u00bb{}\u00bb][\/et_pb_image][et_pb_text _builder_version=\u00bb4.22.0&#8243; _module_preset=\u00bbdefault\u00bb global_colors_info=\u00bb{}\u00bb]Av. Guillermo Gonz\u00e1lez de Hontaneda 855, Playa Ancha, Valpara\u00edso. (2\u00ba piso)<br \/>\n<a href=\"mailto:biblioteca@upla.cl\">biblioteca@upla.cl<\/a><br \/>\nTel\u00e9fono:\u00a0<a href=\"tel:+56322205900\">+56 32 2205900<\/a>[\/et_pb_text][\/et_pb_column][et_pb_column type=\u00bb1_4&#8243; _builder_version=\u00bb4.22.0&#8243; _module_preset=\u00bbdefault\u00bb global_colors_info=\u00bb{}\u00bb][et_pb_image src=\u00bbhttps:\/\/www.upla.cl\/bibliotecas\/wp-content\/uploads\/20230713_upla-acreditada.png\u00bb title_text=\u00bb20230713_upla-acreditada\u00bb align=\u00bbcenter\u00bb _builder_version=\u00bb4.22.0&#8243; _module_preset=\u00bbdefault\u00bb width=\u00bb100%\u00bb global_colors_info=\u00bb{}\u00bb][\/et_pb_image][\/et_pb_column][et_pb_column type=\u00bb1_4&#8243; _builder_version=\u00bb4.22.0&#8243; _module_preset=\u00bbdefault\u00bb global_colors_info=\u00bb{}\u00bb][et_pb_text _builder_version=\u00bb4.22.0&#8243; _module_preset=\u00bbdefault\u00bb global_colors_info=\u00bb{}\u00bb]Enlaces de inter\u00e9s:<br \/>\n<a href=\"https:\/\/www.upla.cl\/portada\/\" target=\"_blank\" rel=\"noopener\">UPLA.cl<\/a><br \/>\n<a title=\"Sistema integrado Institucional\" href=\"https:\/\/acceso.upla.cl\/sinte\/Login.aspx?ReturnUrl=%2fsinte%2f\" target=\"_blank\" rel=\"noopener\">Sistema Integrado Institucional<\/a><br \/>\n<a title=\"Secretar\u00eda de Estudios\" href=\"https:\/\/www.upla.cl\/secretariadeestudios\/\" target=\"_blank\" rel=\"noopener\">Secretar\u00eda de Estudios<\/a><br \/>\n<a title=\"T\u00edtulos y grados\" href=\"https:\/\/www.upla.cl\/titulosygrados\/\" target=\"_blank\" rel=\"noopener\">T\u00edtulos y Grados<\/a><br \/>\n<a title=\"Aranceles\" href=\"https:\/\/sitios.upla.cl\/aranceles\/\" target=\"_blank\" rel=\"noopener\">Aranceles<\/a><br \/>\n<a title=\"Bibliotecas UPLA\" href=\"https:\/\/www.upla.cl\/bibliotecas\/\" target=\"_blank\" rel=\"noopener\">Bibliotecas UPLA<\/a>[\/et_pb_text][\/et_pb_column][\/et_pb_row][\/et_pb_section]<\/p>\n","protected":false},"excerpt":{"rendered":"<p>Las bases de big data y de la inteligencia artificial, Rafael Caballero, Enrique Mart\u00edn, autores. Cada clic en Internet es un dato que, bien aprovechado, puede servir, por ejemplo, para adecuar las p\u00e1ginas a nuestras preferencias, pero tambi\u00e9n para ofrecer publicidad personalizada. Los tel\u00e9fonos m\u00f3viles emiten constantemente datos sobre nuestra ubicaci\u00f3n o el uso de [&hellip;]<\/p>\n","protected":false},"author":13,"featured_media":100722,"comment_status":"closed","ping_status":"closed","template":"","meta":{"_et_pb_use_builder":"on","_et_pb_old_content":"","_et_gb_content_width":"","_uf_show_specific_survey":0,"_uf_disable_surveys":false,"footnotes":""},"project_category":[83,79],"project_tag":[],"class_list":["post-100718","project","type-project","status-publish","has-post-thumbnail","hentry","project_category-sede-casa-central","project_category-colecciones"],"_links":{"self":[{"href":"https:\/\/www.upla.cl\/bibliotecas\/wp-json\/wp\/v2\/project\/100718","targetHints":{"allow":["GET"]}}],"collection":[{"href":"https:\/\/www.upla.cl\/bibliotecas\/wp-json\/wp\/v2\/project"}],"about":[{"href":"https:\/\/www.upla.cl\/bibliotecas\/wp-json\/wp\/v2\/types\/project"}],"author":[{"embeddable":true,"href":"https:\/\/www.upla.cl\/bibliotecas\/wp-json\/wp\/v2\/users\/13"}],"replies":[{"embeddable":true,"href":"https:\/\/www.upla.cl\/bibliotecas\/wp-json\/wp\/v2\/comments?post=100718"}],"version-history":[{"count":4,"href":"https:\/\/www.upla.cl\/bibliotecas\/wp-json\/wp\/v2\/project\/100718\/revisions"}],"predecessor-version":[{"id":100740,"href":"https:\/\/www.upla.cl\/bibliotecas\/wp-json\/wp\/v2\/project\/100718\/revisions\/100740"}],"wp:featuredmedia":[{"embeddable":true,"href":"https:\/\/www.upla.cl\/bibliotecas\/wp-json\/wp\/v2\/media\/100722"}],"wp:attachment":[{"href":"https:\/\/www.upla.cl\/bibliotecas\/wp-json\/wp\/v2\/media?parent=100718"}],"wp:term":[{"taxonomy":"project_category","embeddable":true,"href":"https:\/\/www.upla.cl\/bibliotecas\/wp-json\/wp\/v2\/project_category?post=100718"},{"taxonomy":"project_tag","embeddable":true,"href":"https:\/\/www.upla.cl\/bibliotecas\/wp-json\/wp\/v2\/project_tag?post=100718"}],"curies":[{"name":"wp","href":"https:\/\/api.w.org\/{rel}","templated":true}]}}

Las bases de big data y de la inteligencia artificial, Rafael Caballero, Enrique Martín, autores.

<p>[et_pb_section fb_built=»1&#8243; admin_label=»Header» _builder_version=»4.16&#8243; background_color=»#f7f7f7&#8243; use_background_color_gradient=»on» background_color_gradient_direction=»90deg» background_color_gradient_stops=»#f7f7f7 66%|#ffffff 66%» background_color_gradient_start=»#f7f7f7&#8243; background_color_gradient_start_position=»66%» background_color_gradient_end=»#ffffff» background_color_gradient_end_position=»0%» custom_margin=»|||||» custom_padding=»||0px|||» background_last_edited=»on|tablet» use_background_color_gradient_tablet=»on» background_color_gradient_stops_tablet=»#f7f7f7 100%|#ffffff 100%» background_color_gradient_start_position_tablet=»100%» locked=»off» global_colors_info=»{}»][et_pb_row column_structure=»1_3,1_3,1_3&#8243; custom_padding_last_edited=»on|phone» padding_left_right_link_1=»false» _builder_version=»4.24.3&#8243; background_enable_image=»off» background_size=»initial» background_position=»top_left» custom_margin=»||» custom_padding=»100px||100px|20px||» custom_padding_tablet=»» custom_padding_phone=»|||0px» global_colors_info=»{}»][et_pb_column type=»1_3&#8243; _builder_version=»4.16&#8243; background_repeat=»repeat» custom_padding=»|||» custom_padding_phone=»|||0px» custom_padding_last_edited=»off|phone» global_colors_info=»{}» custom_padding__hover=»|||»][et_pb_image src=»https://www.upla.cl/bibliotecas/wp-content/uploads/20240412_bigdata.jpg» alt=»Portada del libro Las bases de Big data» title_text=»Las bases de Big data» _builder_version=»4.24.3&#8243; _module_preset=»default» width=»94%» module_alignment=»center» global_colors_info=»{}»][/et_pb_image][/et_pb_column][et_pb_column type=»1_3&#8243; _builder_version=»4.16&#8243; custom_padding=»|||» global_colors_info=»{}» custom_padding__hover=»|||»][et_pb_text _builder_version=»4.24.3&#8243; text_font=»Lato||||||||» header_font=»Lato||||||||» header_text_color=»#565656&#8243; header_font_size=»40px» header_line_height=»1.3em» custom_margin=»||» hover_enabled=»0&#8243; text_font_size_tablet=»» text_font_size_phone=»14px» text_font_size_last_edited=»on|desktop» header_font_size_tablet=»50px» header_font_size_phone=»30px» header_font_size_last_edited=»on|phone» global_colors_info=»{}» sticky_enabled=»0&#8243;]</p>
<h1><span style="color: #009bdb;">Las bases de big data y de la inteligencia artificial, </span>Rafael Caballero, Enrique Martín, autores.</h1>
<p>Cada clic en Internet es un dato que, bien aprovechado, puede servir, por ejemplo, para adecuar las páginas a nuestras preferencias, pero también para ofrecer publicidad personalizada. Los teléfonos móviles emiten constantemente datos sobre nuestra ubicación o el uso de aplicaciones. Al viajar en transporte público y validar un billete, contribuimos a una base de datos que decide qué líneas de transporte se utilizan más y a qué horas. Al pagar con tarjeta, aportamos a nuestro banco información sobre nuestros hábitos y también a la tienda sobre los productos que hemos comprado. Estos ejemplos muestran que cada vez vivimos en un mundo más repleto de datos, a menudo producidos por nosotros mismos sin darnos cuenta. Este inmenso trasiego solo se convierte en información útil cuando se procesa y analiza, es entonces cuando se vislumbra su potencial. Este libro pretende ser un viaje por el mundo big data, mostrando sus bondades pero también los retos que plantea, por ejemplo, para nuestro concepto de privacidad. También se adentra en cómo la inteligencia artificial permite extraer nueva información y conocimiento a partir de los datos en bruto, lo que tiene un amplio abanico de aplicaciones: predecir los gustos cinematográficos, anticipar la aparición de dolencias basándose en hábitos alimenticios, detectar caras de manera automática en fotos… El fin último de este libro no solo es presentar datos curiosos e interesantes, sino lograr que el lector obtenga una mejor comprensión del fenómeno big data y su impacto en el mundo que nos rodea.</p>
<p>[/et_pb_text][/et_pb_column][et_pb_column type=»1_3&#8243; _builder_version=»4.16&#8243; custom_padding=»|||» global_colors_info=»{}» custom_padding__hover=»|||»][et_pb_text _builder_version=»4.24.3&#8243; _module_preset=»default» header_2_text_color=»#565656&#8243; header_2_font_size=»30px» custom_padding=»15px|||59px||» global_colors_info=»{}»]</p>
<h2><strong>Más colecciones</strong></h2>
<p>[/et_pb_text][et_pb_sidebar area=»et_pb_widget_area_5&#8243; _builder_version=»4.24.3&#8243; _module_preset=»default» custom_padding=»|||61px||» global_colors_info=»{}»][/et_pb_sidebar][/et_pb_column][/et_pb_row][/et_pb_section][et_pb_section fb_built=»1&#8243; _builder_version=»4.22.0&#8243; _module_preset=»default» custom_padding=»3%||3%||true|false» border_color_top=»RGBA(255,255,255,0)» border_style_top=»outset» global_module=»100590&#8243; saved_tabs=»all» global_colors_info=»{}»][et_pb_row column_structure=»1_2,1_4,1_4&#8243; use_custom_gutter=»on» make_equal=»on» _builder_version=»4.22.0&#8243; _module_preset=»default» global_colors_info=»{}»][et_pb_column type=»1_2&#8243; _builder_version=»4.22.0&#8243; _module_preset=»default» global_colors_info=»{}»][et_pb_image src=»https://www.upla.cl/bibliotecas/wp-content/uploads/2016_1025_sistemadebibliotecas_header.png» title_text=»2016_1025_sistemadebibliotecas_header» _builder_version=»4.22.0&#8243; _module_preset=»default» width=»70%» global_colors_info=»{}»][/et_pb_image][et_pb_text _builder_version=»4.22.0&#8243; _module_preset=»default» global_colors_info=»{}»]Av. Guillermo González de Hontaneda 855, Playa Ancha, Valparaíso. (2º piso)<br />
<a href="mailto:biblioteca@upla.cl">biblioteca@upla.cl</a><br />
Teléfono: <a href="tel:+56322205900">+56 32 2205900</a>[/et_pb_text][/et_pb_column][et_pb_column type=»1_4&#8243; _builder_version=»4.22.0&#8243; _module_preset=»default» global_colors_info=»{}»][et_pb_image src=»https://www.upla.cl/bibliotecas/wp-content/uploads/20230713_upla-acreditada.png» title_text=»20230713_upla-acreditada» align=»center» _builder_version=»4.22.0&#8243; _module_preset=»default» width=»100%» global_colors_info=»{}»][/et_pb_image][/et_pb_column][et_pb_column type=»1_4&#8243; _builder_version=»4.22.0&#8243; _module_preset=»default» global_colors_info=»{}»][et_pb_text _builder_version=»4.22.0&#8243; _module_preset=»default» global_colors_info=»{}»]Enlaces de interés:<br />
<a href="https://www.upla.cl/portada/" target="_blank" rel="noopener">UPLA.cl</a><br />
<a title="Sistema integrado Institucional" href="https://acceso.upla.cl/sinte/Login.aspx?ReturnUrl=%2fsinte%2f" target="_blank" rel="noopener">Sistema Integrado Institucional</a><br />
<a title="Secretaría de Estudios" href="https://www.upla.cl/secretariadeestudios/" target="_blank" rel="noopener">Secretaría de Estudios</a><br />
<a title="Títulos y grados" href="https://www.upla.cl/titulosygrados/" target="_blank" rel="noopener">Títulos y Grados</a><br />
<a title="Aranceles" href="https://sitios.upla.cl/aranceles/" target="_blank" rel="noopener">Aranceles</a><br />
<a title="Bibliotecas UPLA" href="https://www.upla.cl/bibliotecas/" target="_blank" rel="noopener">Bibliotecas UPLA</a>[/et_pb_text][/et_pb_column][/et_pb_row][/et_pb_section]</p>

<p>Las bases de big data y de la inteligencia artificial, Rafael Caballero, Enrique Martín, autores. Cada clic en Internet es un dato que, bien aprovechado, puede servir, por ejemplo, para adecuar las páginas a nuestras preferencias, pero también para ofrecer publicidad personalizada. Los teléfonos móviles emiten constantemente datos sobre nuestra ubicación o el uso de [&hellip;]</p>
